-- Table structure for table `coupons`
--

CREATE TABLE `coupons` (
  `id` bigint(20) UNSIGNED NOT NULL,
  `code` varchar(255) NOT NULL,
  `type` enum('amount','percentage') NOT NULL,
  `amount` int(10) UNSIGNED DEFAULT NULL,
  `percentage` int(10) UNSIGNED DEFAULT NULL,
  `max_percentage_amount` bigint(20) UNSIGNED DEFAULT NULL,
  `times` varchar(255) NOT NULL DEFAULT '1',
  `user_id` bigint(20) UNSIGNED DEFAULT NULL,
  `expired_at` timestamp NULL DEFAULT NULL,
  `created_at` timestamp NULL DEFAULT NULL,
  `updated_at` timestamp NULL DEFAULT NULL,
  `deleted_at` timestamp NULL DEFAULT NULL
) ENGINE=InnoDB DEFAULT CHARSET=utf8mb4 COLLATE=utf8mb4_general_ci;

--
-- Dumping data for table `coupons`
--

INSERT INTO `coupons` (`id`, `code`, `type`, `amount`, `percentage`, `max_percentage_amount`, `times`, `user_id`, `expired_at`, `created_at`, `updated_at`, `deleted_at`) VALUES
(3, 'MAXEN.SHIRAZ', 'percentage', NULL, 10, 300000000, '1', NULL, '2025-03-20 12:45:13', '2024-09-17 12:45:54', '2025-06-28 08:25:07', '2025-06-28 08:25:07'),
(4, 'nik040312', 'percentage', NULL, 6, 10000000, '1', NULL, '2025-06-03 06:20:18', '2025-06-02 06:36:31', '2025-06-02 13:18:28', '2025-06-02 13:18:28'),
(5, 'nik0403120', 'percentage', NULL, 3, 10000000, '1', NULL, '2025-06-03 06:59:49', '2025-06-02 06:59:12', '2025-06-02 13:56:58', '2025-06-02 13:56:58'),
(7, 'avatarcode', 'percentage', NULL, 6, 500000000, '5', NULL, '2025-06-19 07:12:11', '2025-06-02 07:12:45', '2025-06-28 08:25:43', '2025-06-28 08:25:43'),
(10, 'nik040312-cash', 'percentage', NULL, 6, 10000000, '2', NULL, '2025-06-03 09:33:30', '2025-06-02 09:32:56', '2025-06-02 13:18:19', '2025-06-02 13:18:19'),
(11, 'niksun04.03.12', 'percentage', NULL, 6, 1000000000, '1', NULL, '2025-06-03 13:10:58', '2025-06-02 13:11:07', '2025-06-02 13:56:50', '2025-06-02 13:56:50'),
(12, 'niksun03.12', 'percentage', NULL, 6, 1000000000, '5', NULL, '2025-06-03 13:19:31', '2025-06-02 13:19:05', '2025-06-02 13:56:38', '2025-06-02 13:56:38'),
(13, 'nik0312', 'percentage', NULL, 6, 1000000000, '2', NULL, '2025-06-03 13:48:03', '2025-06-02 13:47:32', '2025-06-02 14:12:42', '2025-06-02 14:12:42'),
(14, 'sahraei040312', 'percentage', NULL, 6, 1000000000, '2', NULL, '2025-06-03 14:14:30', '2025-06-02 14:14:24', '2025-06-28 08:24:58', '2025-06-28 08:24:58');

-- --------------------------------------------------------

--
-- Table structure for table `cronjobs`
--

CREATE TABLE `cronjobs` (
  `id` int(11) NOT NULL,
  `job` varchar(255) NOT NULL,
  `status` varchar(255) NOT NULL,
  `created_at` timestamp NOT NULL DEFAULT current_timestamp(),
  `updated_at` timestamp NULL DEFAULT NULL,
  `deleted_at` timestamp NULL DEFAULT NULL
) ENGINE=InnoDB DEFAULT CHARSET=utf8mb4 COLLATE=utf8mb4_general_ci;

--
-- Dumping data for table `cronjobs`
--

INSERT INTO `cronjobs` (`id`, `job`, `status`, `created_at`, `updated_at`, `deleted_at`) VALUES
(1, 'site_visit_insurance_daily', 'success', '2023-09-23 20:50:04', '2023-09-23 20:50:04', NULL),
(2, 'site_visit_insurance_daily', 'success', '2023-09-24 20:50:04', '2023-09-24 20:50:04', NULL),
(3, 'site_visit_insurance_daily', 'success', '2023-09-25 20:50:05', '2023-09-25 20:50:05', NULL),
(4, 'site_visit_insurance_daily', 'success', '2023-09-26 20:50:04', '2023-09-26 20:50:04', NULL),
(5, 'site_visit_insurance_daily', 'success', '2023-09-27 20:50:06', '2023-09-27 20:50:06', NULL),
(6, 'site_visit_insurance_daily', 'success', '2023-09-28 20:50:03', '2023-09-28 20:50:03', NULL),
(7, 'site_visit_insurance_daily', 'success', '2023-09-29 20:50:03', '2023-09-29 20:50:03', NULL),
(8, 'site_visit_insurance_daily', 'success', '2023-09-30 20:50:05', '2023-09-30 20:50:05', NULL),
(9, 'site_visit_insurance_daily', 'success', '2023-10-01 20:50:03', '2023-10-01 20:50:03', NULL),
(10, 'site_visit_insurance_daily', 'success', '2023-10-02 20:50:04', '2023-10-02 20:50:04', NULL),
(11, 'site_visit_insurance_daily', 'success', '2023-10-03 20:50:05', '2023-10-03 20:50:05', NULL),
(12, 'site_visit_insurance_daily', 'success', '2023-10-05 20:50:04', '2023-10-05 20:50:04', NULL),
(13, 'site_visit_insurance_daily', 'success', '2023-10-06 20:50:04', '2023-10-06 20:50:04', NULL),
(14, 'site_visit_insurance_daily', 'success', '2023-10-07 20:50:03', '2023-10-07 20:50:03', NULL),
(15, 'site_visit_insurance_daily', 'success', '2023-10-08 20:50:04', '2023-10-08 20:50:04', NULL),
(16, 'site_visit_insurance_daily', 'success', '2023-10-09 20:50:04', '2023-10-09 20:50:04', NULL),
(17, 'site_visit_insurance_daily', 'success', '2023-10-10 20:50:05', '2023-10-10 20:50:05', NULL),
(18, 'site_visit_insurance_daily', 'success', '2023-10-11 20:50:04', '2023-10-11 20:50:04', NULL),
(19, 'site_visit_insurance_daily', 'success', '2023-10-12 20:50:03', '2023-10-12 20:50:03', NULL),
(20, 'site_visit_insurance_daily', 'success', '2023-10-13 20:50:04', '2023-10-13 20:50:04', NULL),
(21, 'site_visit_insurance_daily', 'success', '2023-10-14 20:50:03', '2023-10-14 20:50:03', NULL),
(22, 'site_visit_insurance_daily', 'success', '2023-10-15 20:50:03', '2023-10-15 20:50:03', NULL),
(23, 'site_visit_insurance_daily', 'success', '2023-10-16 20:50:04', '2023-10-16 20:50:04', NULL),
(24, 'site_visit_insurance_daily', 'success', '2023-10-17 20:50:04', '2023-10-17 20:50:04', NULL),
(25, 'site_visit_insurance_daily', 'success', '2023-10-18 20:50:04', '2023-10-18 20:50:04', NULL),
(26, 'site_visit_insurance_daily', 'success', '2023-10-19 20:50:04', '2023-10-19 20:50:04', NULL),
(27, 'site_visit_insurance_daily', 'success', '2023-10-20 20:50:03', '2023-10-20 20:50:03', NULL),
(28, 'site_visit_insurance_daily', 'success', '2023-10-21 20:50:04', '2023-10-21 20:50:04', NULL),
(29, 'site_visit_insurance_daily', 'success', '2023-10-22 20:50:04', '2023-10-22 20:50:04', NULL),
(30, 'site_visit_insurance_daily', 'success', '2023-10-23 20:50:06', '2023-10-23 20:50:06', NULL),
(31, 'site_visit_insurance_daily', 'success', '2023-10-24 20:50:04', '2023-10-24 20:50:04', NULL),
(32, 'site_visit_insurance_daily', 'success', '2023-10-25 20:50:05', '2023-10-25 20:50:05', NULL),
(33, 'site_visit_insurance_daily', 'success', '2023-10-26 20:50:04', '2023-10-26 20:50:04', NULL),
(34, 'site_visit_insurance_daily', 'success', '2023-10-27 20:50:04', '2023-10-27 20:50:04', NULL),
(35, 'site_visit_insurance_daily', 'success', '2023-10-28 20:50:04', '2023-10-28 20:50:04', NULL),
(36, 'site_visit_insurance_daily', 'success', '2023-10-29 20:50:03', '2023-10-29 20:50:03', NULL),
(37, 'site_visit_insurance_daily', 'success', '2023-10-30 20:50:04', '2023-10-30 20:50:04', NULL),
(38, 'site_visit_insurance_daily', 'success', '2023-10-31 04:20:03', '2023-10-31 04:20:03', NULL),
(39, 'site_visit_insurance_daily', 'success', '2023-10-31 20:50:03', '2023-10-31 20:50:03', NULL),
(40, 'site_visit_insurance_daily', 'success', '2023-11-01 20:50:03', '2023-11-01 20:50:03', NULL),
(41, 'site_visit_insurance_daily', 'success', '2023-11-08 13:50:06', '2023-11-08 13:50:06', NULL),
(42, 'site_visit_insurance_daily', 'success', '2023-11-09 13:50:04', '2023-11-09 13:50:04', NULL),
(43, 'site_visit_insurance_daily', 'success', '2023-11-11 13:50:04', '2023-11-11 13:50:04', NULL),
(44, 'site_visit_insurance_daily', 'success', '2023-11-12 13:50:03', '2023-11-12 13:50:03', NULL),
(45, 'site_visit_insurance_daily', 'success', '2023-11-13 13:50:04', '2023-11-13 13:50:04', NULL),
(46, 'site_visit_insurance_daily', 'success', '2023-11-14 13:50:02', '2023-11-14 13:50:02', NULL),
(47, 'site_visit_insurance_daily', 'success', '2023-11-15 13:50:03', '2023-11-15 13:50:03', NULL),
(48, 'site_visit_insurance_daily', 'success', '2023-11-16 13:50:03', '2023-11-16 13:50:03', NULL),
(49, 'site_visit_insurance_daily', 'success', '2023-11-17 13:50:04', '2023-11-17 13:50:04', NULL),
(50, 'site_visit_insurance_daily', 'success', '2023-11-18 13:50:03', '2023-11-18 13:50:03', NULL),
(51, 'site_visit_insurance_daily', 'success', '2023-11-19 13:50:03', '2023-11-19 13:50:03', NULL),
(52, 'site_visit_insurance_daily', 'success', '2023-11-20 13:50:03', '2023-11-20 13:50:03', NULL),
(53, 'site_visit_insurance_daily', 'success', '2023-11-21 13:50:03', '2023-11-21 13:50:03', NULL),
(54, 'site_visit_insurance_daily', 'success', '2023-11-22 13:50:03', '2023-11-22 13:50:03', NULL),
(55, 'site_visit_insurance_daily', 'success', '2023-11-23 13:50:04', '2023-11-23 13:50:04', NULL),
(56, 'site_visit_insurance_daily', 'success', '2023-11-24 13:50:03', '2023-11-24 13:50:03', NULL),
(57, 'site_visit_insurance_daily', 'success', '2023-11-25 13:50:03', '2023-11-25 13:50:03', NULL),
(58, 'site_visit_insurance_daily', 'success', '2023-11-26 13:50:03', '2023-11-26 13:50:03', NULL),
(59, 'site_visit_insurance_daily', 'success', '2023-11-27 13:50:03', '2023-11-27 13:50:03', NULL),
(60, 'site_visit_insurance_daily', 'success', '2023-11-28 13:50:04', '2023-11-28 13:50:04', NULL),
(61, 'site_visit_insurance_daily', 'success', '2023-11-29 05:27:41', '2023-11-29 05:27:41', NULL),
(62, 'site_visit_insurance_daily', 'success', '2023-11-29 20:50:03', '2023-11-29 20:50:03', NULL),
(63, 'site_visit_insurance_daily', 'success', '2023-11-30 20:50:03', '2023-11-30 20:50:03', NULL),
(64, 'site_visit_insurance_daily', 'success', '2023-12-01 20:50:03', '2023-12-01 20:50:03', NULL),
(65, 'site_visit_insurance_daily', 'success', '2023-12-02 20:50:04', '2023-12-02 20:50:04', NULL),
(66, 'site_visit_insurance_daily', 'success', '2023-12-03 20:50:03', '2023-12-03 20:50:03', NULL),
(67, 'site_visit_insurance_daily', 'success', '2023-12-04 20:50:04', '2023-12-04 20:50:04', NULL),
(68, 'site_visit_insurance_daily', 'success', '2023-12-05 20:50:04', '2023-12-05 20:50:04', NULL),
(69, 'site_visit_insurance_daily', 'success', '2023-12-06 20:50:04', '2023-12-06 20:50:04', NULL),
(70, 'site_visit_insurance_daily', 'success', '2023-12-07 20:50:05', '2023-12-07 20:50:05', NULL),
(71, 'site_visit_insurance_daily', 'success', '2023-12-09 20:50:06', '2023-12-09 20:50:06', NULL),
(72, 'site_visit_insurance_daily', 'success', '2023-12-10 20:50:11', '2023-12-10 20:50:11', NULL),
(73, 'site_visit_insurance_daily', 'success', '2023-12-11 20:50:05', '2023-12-11 20:50:05', NULL),
(74, 'site_visit_insurance_daily', 'success', '2023-12-12 20:50:03', '2023-12-12 20:50:03', NULL),
(75, 'site_visit_insurance_daily', 'success', '2023-12-13 20:50:03', '2023-12-13 20:50:03', NULL);

-- --------------------------------------------------------

--
-- Table structure for table `delivery_method`
--

CREATE TABLE `delivery_method` (
  `id` int(11) NOT NULL,
  `name` varchar(255) NOT NULL,
  `payment_type` varchar(255) DEFAULT NULL,
  `image` varchar(255) DEFAULT NULL,
  `description` varchar(1000) NOT NULL,
  `slug` varchar(255) DEFAULT NULL,
  `is_active` tinyint(1) NOT NULL DEFAULT 1,
  `updated_at` timestamp NULL DEFAULT NULL,
  `deleted_at` timestamp NULL DEFAULT NULL
) ENGINE=InnoDB DEFAULT CHARSET=utf8mb4 COLLATE=utf8mb4_general_ci;

--
-- Dumping data for table `delivery_method`
--

INSERT INTO `delivery_method` (`id`, `name`, `payment_type`, `image`, `description`, `slug`, `is_active`, `updated_at`, `deleted_at`) VALUES
(1, 'پست پیشتاز', '-', 'pishtaz.png', 'توضیحات', 'post', 0, '2025-06-28 06:24:22', NULL),
(2, 'پیک فروشگاه', '-', '2023_4_1_19_26_8_809681_OVE7LQ01.jpg', 'تحویل کالا، درب منزل (مجاور خیابان) می باشد', 'peyk', 0, '2025-04-13 07:45:51', NULL),
(3, 'الوپیک', 'انتخاب کنید', 'alopeyk.png', 'توضیحات در مورد الو پیک', 'AloPeyk', 0, '2023-01-01 21:16:54', NULL),
(4, 'تیپاکس (پس کرایه)', 'پس کرایه', '2023_4_1_19_22_33_810594_Tipax.gif', 'زمان ارسال: 3 تا 5 روز کاری', 'tipox', 0, '2025-04-13 07:39:10', NULL),
(5, 'تحویل حضوری', '0', '2023_4_1_19_34_22_317242_In-Place.jpg', 'آدرس انبار: با واحد فروش هماهنگ شود', NULL, 0, '2024-01-23 11:15:25', NULL),
(6, 'حمل و نقل', '-', '2023_4_1_19_26_21_279406_1299.jpg', 'هزینه حمل از انبار تا باربری مبدا (هزینه بین شهری پس کرایه می شود)', 'truck', 0, '2025-04-19 06:34:37', NULL),
(7, 'تعاونی اتوبوسرانی', '-', '2023_4_1_19_28_48_467649_Bus.png', 'هزینه حمل از انبار تا باربری مبدا (هزینه بین شهری پس کرایه می شود)', 'bus', 0, '2025-04-13 07:39:25', NULL),
(8, 'باربری نوع B', NULL, '2023_9_13_13_44_30_803732_2023_4_1_19_26_21_279406_1299.jpg', 'هزینه حمل از انبار تا باربری مبدا (هزینه بین شهری پس کرایه می شود)', NULL, 0, '2025-04-13 07:39:17', NULL),
(9, 'ارسال سفارشات', NULL, '2025_4_13_12_36_24_300065_delivery.png', 'هزینه ارسال', NULL, 1, '2025-06-03 09:36:53', NULL);

-- --------------------------------------------------------

--
-- Table structure for table `delivery_method_amount`
--

CREATE TABLE `delivery_method_amount` (
  `id` int(11) NOT NULL,
  `method_id` int(11) NOT NULL,
  `province_id` bigint(20) UNSIGNED NOT NULL,
  `price` varchar(255) NOT NULL,
  `price_B` int(11) NOT NULL DEFAULT 0,
  `created_at` timestamp NOT NULL DEFAULT current_timestamp(),
  `updated_at` timestamp NULL DEFAULT NULL,
  `deleted_at` timestamp NULL DEFAULT NULL
) ENGINE=InnoDB DEFAULT CHARSET=utf8mb4 COLLATE=utf8mb4_general_ci;

--
-- Dumping data for table `delivery_method_amount`
--

INSERT INTO `delivery_method_amount` (`id`, `method_id`, `province_id`, `price`, `price_B`, `created_at`, `updated_at`, `deleted_at`) VALUES
(1, 6, 1, '290000', 190000, '2023-04-11 20:05:00', '2023-11-17 15:34:50', NULL),
(2, 6, 2, '290000', 190000, '2023-04-11 20:05:00', '2023-11-17 15:34:50', NULL),
(3, 6, 4, '290000', 190000, '2023-04-11 20:05:00', '2023-11-17 15:34:50', NULL),
(4, 6, 5, '290000', 190000, '2023-04-11 20:05:00', '2023-11-17 15:34:50', NULL),
(5, 6, 6, '290000', 190000, '2023-04-11 20:05:00', '2023-11-17 15:34:50', NULL),
(6, 6, 7, '290000', 190000, '2023-04-11 20:05:00', '2023-11-17 15:34:50', NULL),
(7, 6, 9, '290000', 190000, '2023-04-11 20:05:00', '2023-11-17 15:34:50', NULL),
(8, 6, 10, '290000', 190000, '2023-04-11 20:05:00', '2023-11-17 15:34:50', NULL),
(9, 6, 11, '290000', 190000, '2023-04-11 20:05:00', '2023-11-17 15:34:50', NULL),
(10, 6, 12, '290000', 190000, '2023-04-11 20:05:00', '2023-11-17 15:34:50', NULL),
(11, 6, 13, '290000', 190000, '2023-04-11 20:05:00', '2023-11-17 15:34:50', NULL),
(12, 6, 14, '290000', 190000, '2023-04-11 20:05:00', '2023-11-17 15:34:50', NULL),
(13, 6, 15, '290000', 190000, '2023-04-11 20:05:00', '2023-11-17 15:34:50', NULL),
(14, 6, 16, '290000', 190000, '2023-04-11 20:05:00', '2023-11-17 15:34:50', NULL),
(15, 6, 17, '290000', 190000, '2023-04-11 20:05:00', '2023-11-17 15:34:50', NULL),
(16, 6, 18, '290000', 190000, '2023-04-11 20:05:00', '2023-11-17 15:34:50', NULL),
(17, 6, 19, '290000', 190000, '2023-04-11 20:05:00', '2023-11-17 15:34:50', NULL),
(18, 6, 20, '290000', 190000, '2023-04-11 20:05:00', '2023-11-17 15:34:50', NULL),
(19, 6, 21, '290000', 190000, '2023-04-11 20:05:00', '2023-11-17 15:34:50', NULL),
(20, 6, 22, '290000', 190000, '2023-04-11 20:05:00', '2023-11-17 15:34:50', NULL),
(21, 6, 23, '290000', 190000, '2023-04-11 20:05:00', '2023-11-17 15:34:50', NULL),
(22, 6, 24, '290000', 190000, '2023-04-11 20:05:00', '2023-11-17 15:34:50', NULL),
(23, 6, 25, '290000', 190000, '2023-04-11 20:05:00', '2023-11-17 15:34:50', NULL),
(24, 6, 26, '290000', 190000, '2023-04-11 20:05:00', '2023-11-17 15:34:50', NULL),
(25, 6, 27, '290000', 190000, '2023-04-11 20:05:00', '2023-11-17 15:34:50', NULL),
(26, 6, 28, '290000', 190000, '2023-04-11 20:05:00', '2023-11-17 15:34:50', NULL),
(27, 6, 29, '290000', 190000, '2023-04-11 20:05:00', '2023-11-17 15:34:50', NULL),
(28, 6, 30, '290000', 190000, '2023-04-11 20:05:00', '2023-11-17 15:34:51', NULL),
(29, 6, 31, '290000', 190000, '2023-04-11 20:05:00', '2023-11-17 15:34:51', NULL),
(30, 7, 1, '150000', 0, '2023-04-11 20:05:00', '2023-09-01 14:41:03', NULL),
(31, 7, 2, '150000', 0, '2023-04-11 20:05:00', '2023-09-01 14:41:03', NULL),
(32, 7, 4, '150000', 0, '2023-04-11 20:05:00', '2023-09-01 14:41:03', NULL),
(33, 7, 5, '150000', 0, '2023-04-11 20:05:00', '2023-09-01 14:41:03', NULL),
(34, 7, 6, '150000', 0, '2023-04-11 20:05:00', '2023-09-01 14:41:03', NULL),
(35, 7, 7, '150000', 0, '2023-04-11 20:05:00', '2023-09-01 14:41:03', NULL),
(36, 7, 9, '150000', 0, '2023-04-11 20:05:00', '2023-09-01 14:41:03', NULL),
(37, 7, 10, '150000', 0, '2023-04-11 20:05:00', '2023-09-01 14:41:03', NULL),
(38, 7, 11, '150000', 0, '2023-04-11 20:05:00', '2023-09-01 14:41:03', NULL),
(39, 7, 12, '150000', 0, '2023-04-11 20:05:00', '2023-09-01 14:41:03', NULL),
(40, 7, 13, '150000', 0, '2023-04-11 20:05:00', '2023-09-01 14:41:03', NULL),
(41, 7, 14, '150000', 0, '2023-04-11 20:05:00', '2023-09-01 14:41:03', NULL),
(42, 7, 15, '150000', 0, '2023-04-11 20:05:00', '2023-09-01 14:41:03', NULL),
(43, 7, 16, '150000', 0, '2023-04-11 20:05:00', '2023-09-01 14:41:03', NULL),
(44, 7, 17, '150000', 0, '2023-04-11 20:05:00', '2023-09-01 14:41:03', NULL),
(45, 7, 18, '150000', 0, '2023-04-11 20:05:00', '2023-09-01 14:41:03', NULL),
(46, 7, 19, '150000', 0, '2023-04-11 20:05:00', '2023-09-01 14:41:03', NULL),
(47, 7, 20, '150000', 0, '2023-04-11 20:05:00', '2023-09-01 14:41:03', NULL),
(48, 7, 21, '150000', 0, '2023-04-11 20:05:00', '2023-09-01 14:41:03', NULL),
(49, 7, 22, '150000', 0, '2023-04-11 20:05:00', '2023-09-01 14:41:03', NULL),
(50, 7, 23, '150000', 0, '2023-04-11 20:05:00', '2023-09-01 14:41:03', NULL),
(51, 7, 24, '150000', 0, '2023-04-11 20:05:00', '2023-09-01 14:41:03', NULL),
(52, 7, 25, '150000', 0, '2023-04-11 20:05:01', '2023-09-01 14:41:03', NULL),
(53, 7, 26, '150000', 0, '2023-04-11 20:05:01', '2023-09-01 14:41:03', NULL),
(54, 7, 27, '150000', 0, '2023-04-11 20:05:01', '2023-09-01 14:41:03', NULL),
(55, 7, 28, '150000', 0, '2023-04-11 20:05:01', '2023-09-01 14:41:03', NULL),
(56, 7, 29, '150000', 0, '2023-04-11 20:05:01', '2023-09-01 14:41:03', NULL),
(57, 7, 30, '150000', 0, '2023-04-11 20:05:01', '2023-09-01 14:41:03', NULL),
(58, 7, 31, '150000', 0, '2023-04-11 20:05:01', '2023-09-01 14:41:03', NULL),
(59, 6, 3, '80000', 0, '2024-08-10 10:27:14', '2024-08-10 11:13:16', NULL),
(60, 6, 8, '0', 0, '2024-09-07 12:24:59', '2024-10-14 12:49:07', NULL);

-- --------------------------------------------------------

--
-- Table structure for table `delivery_method_config`
--

CREATE TABLE `delivery_method_config` (
  `id` int(11) NOT NULL,
  `holidays` varchar(255) DEFAULT NULL,
  `methods_id` varchar(255) DEFAULT NULL,
  `sent_times` varchar(255) DEFAULT NULL,
  `order_send_after` varchar(255) DEFAULT NULL,
  `days_count` varchar(255) DEFAULT NULL,
  `free_delivery` varchar(255) DEFAULT NULL,
  `free_delivery_for` varchar(255) NOT NULL,
  `created_at` timestamp NOT NULL DEFAULT current_timestamp(),
  `updated_at` timestamp NULL DEFAULT NULL,
  `deleted_at` timestamp NULL DEFAULT NULL
) ENGINE=InnoDB DEFAULT CHARSET=utf8mb4 COLLATE=utf8mb4_general_ci;

--
-- Dumping data for table `delivery_method_config`
--

INSERT INTO `delivery_method_config` (`id`, `holidays`, `methods_id`, `sent_times`, `order_send_after`, `days_count`, `free_delivery`, `free_delivery_for`, `created_at`, `updated_at`, `deleted_at`) VALUES
(1, '5,6', '3', '10-14,14-18', '3', '3', '1000000000', '1', '2021-11-21 10:11:06', '2025-04-13 07:45:15', NULL);

-- --------------------------------------------------------

--
-- Table structure for table `document_fields`
--

CREATE TABLE `document_fields` (
  `id` int(11) NOT NULL,
  `name` varchar(255) NOT NULL,
  `description` varchar(255) DEFAULT NULL,
  `user_type_id` int(11) NOT NULL,
  `created_at` timestamp NOT NULL DEFAULT current_timestamp() ON UPDATE current_timestamp(),
  `updated_at` timestamp NOT NULL DEFAULT current_timestamp() ON UPDATE current_timestamp()
) ENGINE=InnoDB DEFAULT CHARSET=utf8mb4 COLLATE=utf8mb4_general_ci;

--
-- Dumping data for table `document_fields`
--

INSERT INTO `document_fields` (`id`, `name`, `description`, `user_type_id`, `created_at`, `updated_at`) VALUES
(2, 'فیش حقوقی', NULL, 1, '2024-09-06 12:18:49', '2024-09-06 12:18:49'),
(6, 'فیش حقوقی', 'فیش حقوقی خود را اپلود کنید', 2, '2024-09-07 06:14:29', '2024-09-07 06:14:29'),
(7, 'تصویر دسته چک', 'کامل پر شده باشد', 2, '2024-09-07 06:14:48', '2024-09-07 06:14:48'),
(8, 'گواهی اشتغال به کار', 'در گواهی حتما مهر شرکت ذکر شده باشد', 2, '2024-09-07 06:15:17', '2024-09-07 06:15:17');

-- --------------------------------------------------------

--
-- Table structure for table `education`
--

CREATE TABLE `education` (
  `id` int(11) NOT NULL,
  `title` varchar(255) DEFAULT NULL,
  `description` text DEFAULT NULL,
  `embed` text DEFAULT NULL,
  `image` varchar(255) DEFAULT NULL,
  `position` int(11) NOT NULL DEFAULT 0,
  `created_at` timestamp NOT NULL DEFAULT current_timestamp() ON UPDATE current_timestamp(),
  `updated_at` timestamp NOT NULL DEFAULT current_timestamp() ON UPDATE current_timestamp()
) ENGINE=InnoDB DEFAULT CHARSET=utf8mb4 COLLATE=utf8mb4_general_ci;

--
-- Dumping data for table `education`
--

INSERT INTO `education` (`id`, `title`, `description`, `embed`, `image`, `position`, `created_at`, `updated_at`) VALUES
(4, 'آموزش ثبت نام نمایندگان شرکت نیکسان', NULL, '<style>.h_iframe-aparat_embed_frame{position:relative;}.h_iframe-aparat_embed_frame .ratio{display:block;width:100%;height:auto;}.h_iframe-aparat_embed_frame iframe{position:absolute;top:0;left:0;width:100%;height:100%;}</style><div class=\"h_iframe-aparat_embed_frame\"><span style=\"display: block;padding-top: 57%\"></span><iframe src=\"https://www.aparat.com/video/video/embed/videohash/ccrpz21/vt/frame\"  allowFullScreen=\"true\" webkitallowfullscreen=\"true\" mozallowfullscreen=\"true\"></iframe></div>', '1747815849682d8da99e38a.webp', 1, '2025-05-21 13:05:20', '2025-05-21 13:05:20'),
(5, 'آموزش پنل نمایندگان و ثبت سفارش سایت نیکسان', NULL, '<style>.h_iframe-aparat_embed_frame{position:relative;}.h_iframe-aparat_embed_frame .ratio{display:block;width:100%;height:auto;}.h_iframe-aparat_embed_frame iframe{position:absolute;top:0;left:0;width:100%;height:100%;}</style><div class=\"h_iframe-aparat_embed_frame\"><span style=\"display: block;padding-top: 57%\"></span><iframe src=\"https://www.aparat.com/video/video/embed/videohash/tqj1l6a/vt/frame\"  allowFullScreen=\"true\" webkitallowfullscreen=\"true\" mozallowfullscreen=\"true\"></iframe></div>', '17475744966829dee0b5657.webp', 0, '2025-05-19 07:46:34', '2025-05-19 07:46:34');

-- --------------------------------------------------------

--
-- Table structure for table `expert_brands`
--

CREATE TABLE `expert_brands` (
  `id` bigint(20) UNSIGNED NOT NULL,
  `name` varchar(255) NOT NULL,
  `created_at` timestamp NULL DEFAULT NULL,
  `updated_at` timestamp NULL DEFAULT NULL,
  `deleted_at` timestamp NULL DEFAULT NULL
) ENGINE=InnoDB DEFAULT CHARSET=utf8mb4 COLLATE=utf8mb4_general_ci;

--
-- Dumping data for table `expert_brands`
--

INSERT INTO `expert_brands` (`id`, `name`, `created_at`, `updated_at`, `deleted_at`) VALUES
(1, 't', NULL, NULL, NULL);

-- --------------------------------------------------------

--
-- Table structure for table `failed_jobs`
--

CREATE TABLE `failed_jobs` (
  `id` bigint(20) UNSIGNED NOT NULL,
  `uuid` varchar(255) NOT NULL,
  `connection` text NOT NULL,
  `queue` text NOT NULL,
  `payload` longtext NOT NULL,
  `exception` longtext NOT NULL,
  `failed_at` timestamp NOT NULL DEFAULT current_timestamp(),
  `deleted_at` timestamp NULL DEFAULT NULL
) ENGINE=InnoDB DEFAULT CHARSET=utf8mb4 COLLATE=utf8mb4_general_ci;

-- --------------------------------------------------------

--
-- Table structure for table `faqs`
--

CREATE TABLE `faqs` (
  `id` int(11) NOT NULL,
  `title` varchar(255) DEFAULT NULL,
  `text` mediumtext DEFAULT NULL,
  `created_at` timestamp NOT NULL DEFAULT current_timestamp() ON UPDATE current_timestamp(),
  `updated_at` timestamp NOT NULL DEFAULT current_timestamp() ON UPDATE current_timestamp()
) ENGINE=InnoDB DEFAULT CHARSET=utf8mb4 COLLATE=utf8mb4_general_ci;

--
-- Dumping data for table `faqs`
--

INSERT INTO `faqs` (`id`, `title`, `text`, `created_at`, `updated_at`) VALUES
(1, 'test', 'test2', '2024-07-07 12:40:40', '2024-07-07 12:40:40');

-- --------------------------------------------------------

--
-- Table structure for table `functional_product`
--

CREATE TABLE `functional_product` (
  `type_id` bigint(20) UNSIGNED NOT NULL,
  `product_id` bigint(20) UNSIGNED NOT NULL,
  `created_at` timestamp NULL DEFAULT NULL,
  `updated_at` timestamp NULL DEFAULT NULL
) ENGINE=InnoDB DEFAULT CHARSET=utf8mb4 COLLATE=utf8mb4_general_ci;

-- --------------------------------------------------------

--
-- Table structure for table `functional_types`
--

CREATE TABLE `functional_types` (
  `id` bigint(20) UNSIGNED NOT NULL,
  `title` varchar(255) NOT NULL,
  `image` varchar(255) DEFAULT NULL,
  `banner_image` varchar(255) DEFAULT NULL,
  `priority` int(11) NOT NULL DEFAULT 999999,
  `created_at` timestamp NULL DEFAULT NULL,
  `updated_at` timestamp NULL DEFAULT NULL
) ENGINE=InnoDB DEFAULT CHARSET=utf8mb4 COLLATE=utf8mb4_general_ci;

-- --------------------------------------------------------

--
-- Table structure for table `gift`
--

CREATE TABLE `gift` (
  `id` int(11) NOT NULL,
  `transaction` varchar(255) NOT NULL,
  `gift` varchar(255) NOT NULL,
  `created_at` timestamp NOT NULL DEFAULT current_timestamp(),
  `updated_at` timestamp NOT NULL DEFAULT current_timestamp(),
  `deleted_at` timestamp NULL DEFAULT NULL
) ENGINE=InnoDB DEFAULT CHARSET=utf8mb4 COLLATE=utf8mb4_general_ci;

-- --------------------------------------------------------

--
-- Table structure for table `group_cities`
--

CREATE TABLE `group_cities` (
  `id` int(11) NOT NULL,
  `title` varchar(255) DEFAULT NULL,
  `price` int(11) NOT NULL DEFAULT 0,
  `created_at` timestamp NULL DEFAULT NULL,
  `updated_at` timestamp NULL DEFAULT NULL
) ENGINE=InnoDB DEFAULT CHARSET=utf8mb4 COLLATE=utf8mb4_general_ci;

--
-- Dumping data for table `group_cities`
--

INSERT INTO `group_cities` (`id`, `title`, `price`, `created_at`, `updated_at`) VALUES
(0, 'بدون گروه بندی', 0, NULL, NULL),
(5, 'گروه 1', 290000, '2023-07-17 13:04:39', '2023-09-05 05:33:40'),
(7, 'گروه 2', 490000, '2023-07-20 04:53:37', '2023-09-05 05:33:48'),
(8, 'گروه 3', 550000, '2023-07-20 04:54:39', '2023-09-05 05:33:56'),
(9, 'گروه 4', 450000, '2023-07-26 07:13:38', '2023-09-05 05:01:51'),
(10, 'گروه 5', 600000, '2023-07-26 07:13:46', '2023-09-05 05:34:12'),
(11, 'گروه 6', 750000, '2023-07-26 07:13:54', '2023-09-05 05:34:20'),
(12, 'گروه 7', 890000, '2023-07-26 07:14:02', '2023-09-05 05:34:28'),
(13, 'گروه 8', 990000, '2023-07-26 07:14:09', '2023-09-05 05:34:39'),
(14, 'گروه 9', 1900000, '2023-09-04 17:32:31', '2023-09-05 04:52:20'),
(15, 'گروه 10', 590000, '2023-09-04 17:32:39', '2023-09-05 05:34:56');

-- --------------------------------------------------------

--
-- Table structure for table `has_discounts`
--

CREATE TABLE `has_discounts` (
  `id` int(11) NOT NULL,
  `status` int(11) DEFAULT 0,
  `start` timestamp NULL DEFAULT NULL,
  `stop` timestamp NULL DEFAULT NULL,
  `product_id` text DEFAULT NULL,
  `created_at` timestamp NOT NULL DEFAULT current_timestamp() ON UPDATE current_timestamp(),
  `updated_at` timestamp NULL DEFAULT current_timestamp() ON UPDATE current_timestamp()
) ENGINE=InnoDB DEFAULT CHARSET=utf8mb4 COLLATE=utf8mb4_general_ci;

--
-- Dumping data for table `has_discounts`
--

INSERT INTO `has_discounts` (`id`, `status`, `start`, `stop`, `product_id`, `created_at`, `updated_at`) VALUES
(1, 0, '2024-03-04 08:00:14', '2024-03-11 08:00:15', '[\"112\",\"42\"]', '2024-03-07 08:00:37', '2024-03-07 08:00:37');

-- --------------------------------------------------------

--
-- Table structure for table `inform_me`
--

CREATE TABLE `inform_me` (
  `id` int(11) NOT NULL,
  `user_id` bigint(20) UNSIGNED NOT NULL,
  `product_id` bigint(20) UNSIGNED NOT NULL,
  `created_at` timestamp NOT NULL DEFAULT current_timestamp(),
  `updated_at` timestamp NOT NULL DEFAULT current_timestamp(),
  `deleted_at` timestamp NULL DEFAULT NULL
) ENGINE=InnoDB DEFAULT CHARSET=utf8mb4 COLLATE=utf8mb4_general_ci;

--
-- Dumping data for table `inform_me`
--

INSERT INTO `inform_me` (`id`, `user_id`, `product_id`, `created_at`, `updated_at`, `deleted_at`) VALUES
(1, 354, 241, '2024-01-12 20:29:36', '2024-01-12 20:29:36', NULL),
(2, 457, 334, '2024-02-08 10:51:19', '2024-02-08 10:51:19', NULL),
(3, 37, 26, '2024-02-15 07:03:33', '2024-04-07 07:03:09', '2024-04-07 07:03:09'),
(4, 27, 73, '2024-02-19 08:30:58', '2024-02-19 08:34:19', '2024-02-19 08:34:19'),
(5, 37, 445, '2024-02-20 06:12:52', '2024-04-07 07:05:24', '2024-04-07 07:05:24'),
(6, 543, 427, '2024-02-25 19:41:48', '2024-02-25 19:41:48', NULL),
(7, 66, 17, '2025-03-12 19:17:48', '2025-03-12 19:17:48', NULL),
(8, 34, 34, '2025-04-06 11:30:40', '2025-04-06 11:30:40', NULL),
(9, 40, 27, '2025-04-08 06:23:48', '2025-04-08 06:23:48', NULL),
(10, 129, 15, '2025-04-28 14:29:46', '2025-04-28 14:29:46', NULL),
(11, 165, 18, '2025-05-03 07:04:37', '2025-05-03 07:04:37', NULL),
(12, 170, 32, '2025-05-07 21:58:22', '2025-05-07 21:58:22', NULL),
(13, 178, 32, '2025-05-12 07:56:12', '2025-05-12 07:56:12', NULL),
(14, 187, 32, '2025-05-13 08:56:18', '2025-05-13 08:56:18', NULL),
(15, 190, 17, '2025-05-13 12:58:58', '2025-05-13 12:58:58', NULL),
(16, 204, 32, '2025-05-15 08:27:21', '2025-05-15 08:27:21', NULL),
(17, 219, 15, '2025-05-18 05:50:06', '2025-05-18 05:50:06', NULL),
(18, 220, 32, '2025-05-19 13:10:48', '2025-05-19 13:10:48', NULL),
(19, 251, 32, '2025-05-22 18:44:13', '2025-05-22 18:44:13', NULL),
(20, 269, 32, '2025-05-26 01:49:51', '2025-05-26 01:49:51', NULL),
(21, 306, 19, '2025-05-28 21:20:42', '2025-05-28 21:20:42', NULL),
(22, 190, 32, '2025-05-30 09:14:03', '2025-05-30 09:14:03', NULL),
(23, 325, 32, '2025-05-30 20:08:08', '2025-05-30 20:08:08', NULL),
(24, 326, 15, '2025-05-30 20:35:21', '2025-05-30 20:35:21', NULL),
(25, 190, 15, '2025-05-31 09:50:47', '2025-05-31 09:50:47', NULL),
(26, 190, 18, '2025-05-31 09:51:14', '2025-05-31 09:51:14', NULL),
(27, 364, 32, '2025-06-03 09:43:35', '2025-06-03 09:43:35', NULL),
(28, 384, 32, '2025-06-06 14:02:02', '2025-06-06 14:02:02', NULL),
(29, 165, 17, '2025-06-09 13:56:24', '2025-06-09 13:56:24', NULL),
(30, 451, 16, '2025-06-12 00:01:08', '2025-06-12 00:01:08', NULL),
(31, 451, 15, '2025-06-12 00:05:44', '2025-06-12 00:05:44', NULL),
(32, 455, 32, '2025-06-12 13:25:06', '2025-06-12 13:25:06', NULL),
(33, 379, 32, '2025-06-17 07:36:13', '2025-06-17 07:36:13', NULL),
(34, 496, 14, '2025-06-25 12:13:57', '2025-06-25 12:13:57', NULL),
(35, 503, 15, '2025-06-26 11:24:55', '2025-06-26 11:24:55', NULL),
(36, 545, 14, '2025-07-01 23:02:45', '2025-07-01 23:02:45', NULL),
(37, 598, 32, '2025-07-08 21:12:53', '2025-07-08 21:12:53', NULL),
(38, 553, 67, '2025-07-08 23:47:36', '2025-07-08 23:47:36', NULL),
(39, 626, 16, '2025-07-12 13:01:58', '2025-07-12 13:01:58', NULL),
(40, 626, 14, '2025-07-12 13:04:09', '2025-07-12 13:04:09', NULL),
(41, 626, 18, '2025-07-12 13:12:51', '2025-07-12 13:12:51', NULL),
(42, 626, 15, '2025-07-12 13:14:20', '2025-07-12 13:14:20', NULL),
(43, 626, 17, '2025-07-12 13:14:29', '2025-07-12 13:14:29', NULL),
(44, 626, 19, '2025-07-12 13:14:55', '2025-07-12 13:14:55', NULL),
(45, 667, 32, '2025-07-16 16:02:08', '2025-07-16 16:02:08', NULL);

-- --------------------------------------------------------

--
-- Table structure for table `instagram`
--

CREATE TABLE `instagram` (
  `id` int(11) NOT NULL,
  `image` varchar(255) NOT NULL,
  `link` varchar(255) NOT NULL,
  `created_at` timestamp NOT NULL DEFAULT current_timestamp() ON UPDATE current_timestamp(),
  `updated_at` timestamp NOT NULL DEFAULT current_timestamp() ON UPDATE current_timestamp()
) ENGINE=InnoDB DEFAULT CHARSET=utf8mb4 COLLATE=utf8mb4_general_ci;

--
-- Dumping data for table `instagram`
--

INSERT INTO `instagram` (`id`, `image`, `link`, `created_at`, `updated_at`) VALUES
(1, '2024_7_7_15_5_27_168187_6.jpg', 'https://www.instagram.com/p/C6EW556o83o/?img_index=1', '2024-07-07 11:35:27', '2024-07-07 11:35:27'),
(2, '2024_7_7_15_4_48_410028_5.jpg', 'https://www.instagram.com/p/C6B8c1rI0Fu/', '2024-07-07 11:34:48', '2024-07-07 11:34:48'),
(3, '2024_7_7_15_4_34_612644_4.jpg', 'https://www.instagram.com/p/C5-4m_xIwZs/?img_index=1', '2024-07-07 11:34:34', '2024-07-07 11:34:34'),
(4, '2024_7_7_15_4_5_930297_3.jpg', 'https://www.instagram.com/p/C50xhmRozDD/', '2024-07-07 11:34:05', '2024-07-07 11:34:05'),
(5, '2024_7_7_14_40_23_787410_2.jpg', 'https://www.instagram.com/p/C5veV2pIFiJ/?img_index=1', '2024-07-07 11:10:23', '2024-07-07 11:10:23'),
(6, '2024_7_7_14_40_1_502801_1.jpg', 'https://www.instagram.com/p/C5lqMqCoIrt/', '2024-07-07 11:10:01', '2024-07-07 11:10:01'),
(7, '2024_7_7_15_5_45_47204_7.jpg', 'https://www.instagram.com/p/C6HFGsGoBdB/?img_index=1', '2024-07-07 11:35:45', '2024-07-07 11:35:45'),
(8, '2024_7_7_15_6_20_51173_9.jpg', 'https://www.instagram.com/p/C6Tf0F3oxoy/?img_index=1', '2024-07-07 11:36:20', '2024-07-07 11:36:20'),
(9, '2024_7_7_15_6_32_645262_8.jpg', 'https://www.instagram.com/p/C7hE9ywI5EK/', '2024-07-07 11:36:32', '2024-07-07 11:36:32');

-- --------------------------------------------------------

--
-- Table structure for table `installment`
--

CREATE TABLE `installment` (
  `id` int(11) NOT NULL,
  `request_id` int(11) NOT NULL,
  `due_date` date NOT NULL,
  `amount` int(11) NOT NULL,
  `status` int(11) NOT NULL DEFAULT 0,
  `created_at` timestamp NOT NULL DEFAULT current_timestamp() ON UPDATE current_timestamp(),
  `updated_at` timestamp NOT NULL DEFAULT current_timestamp() ON UPDATE current_timestamp()
) ENGINE=InnoDB DEFAULT CHARSET=utf8mb4 COLLATE=utf8mb4_general_ci;

-- --------------------------------------------------------

--
-- Table structure for table `installments`
--

CREATE TABLE `installments` (
  `id` int(11) NOT NULL,
  `request_id` int(11) NOT NULL,
  `image` varchar(255) DEFAULT NULL,
  `due_date` varchar(255) NOT NULL,
  `amount` int(11) NOT NULL,
  `ref_id` varchar(255) DEFAULT NULL,
  `status` int(11) NOT NULL DEFAULT 0,
  `created_at` timestamp NOT NULL DEFAULT current_timestamp() ON UPDATE current_timestamp(),
  `updated_at` timestamp NOT NULL DEFAULT current_timestamp() ON UPDATE current_timestamp()
) ENGINE=InnoDB DEFAULT CHARSET=utf8mb4 COLLATE=utf8mb4_general_ci;

--
-- Dumping data for table `installments`
--

INSERT INTO `installments` (`id`, `request_id`, `image`, `due_date`, `amount`, `ref_id`, `status`, `created_at`, `updated_at`) VALUES
(1, 1, NULL, '1403/10/22', 8714498, NULL, 0, '2024-11-27 13:14:30', '2024-11-27 13:14:30'),
(2, 1, NULL, '1404/01/22', 8714498, NULL, 0, '2024-11-27 13:14:30', '2024-11-27 13:14:30'),
(3, 1, NULL, '1404/04/22', 8714498, NULL, 0, '2024-11-27 13:14:30', '2024-11-27 13:14:30'),
(4, 1, NULL, '1404/07/22', 8714498, NULL, 0, '2024-11-27 13:14:30', '2024-11-27 13:14:30'),
(5, 2, NULL, '1403/10/22', 21949750, NULL, 0, '2024-11-27 13:30:01', '2024-11-27 13:30:01'),
(6, 2, NULL, '1404/01/22', 21949750, NULL, 0, '2024-11-27 13:30:01', '2024-11-27 13:30:01'),
(7, 2, NULL, '1404/04/22', 21949750, NULL, 0, '2024-11-27 13:30:01', '2024-11-27 13:30:01'),
(8, 2, NULL, '1404/07/22', 21949750, NULL, 0, '2024-11-27 13:30:01', '2024-11-27 13:30:01'),
(9, 4, NULL, '1403/10/26', 19505498, NULL, 0, '2024-12-01 12:11:38', '2024-12-01 12:11:38'),
(10, 4, NULL, '1404/01/26', 19505498, NULL, 0, '2024-12-01 12:11:38', '2024-12-01 12:11:38'),
(11, 4, NULL, '1404/04/26', 19505498, NULL, 0, '2024-12-01 12:11:38', '2024-12-01 12:11:38'),
(12, 4, NULL, '1404/07/26', 19505498, NULL, 0, '2024-12-01 12:11:38', '2024-12-01 12:11:38'),
(13, 7, NULL, '1403/10/26', 2500000, NULL, 2, '2024-12-01 13:11:24', '2024-12-01 16:41:24'),
(14, 7, NULL, '1404/01/26', 2500000, NULL, 0, '2024-12-01 14:08:44', '2024-12-01 14:08:44'),
(15, 7, NULL, '1404/04/26', 2500000, NULL, 0, '2024-12-01 14:08:44', '2024-12-01 14:08:44'),
(16, 7, NULL, '1404/07/26', 2500000, NULL, 0, '2024-12-01 14:08:44', '2024-12-01 14:08:44'),
(17, 8, NULL, '1403/10/27', 30307500, NULL, 0, '2024-12-02 14:12:18', '2024-12-02 14:12:18'),
(18, 8, NULL, '1404/01/27', 30307500, NULL, 0, '2024-12-02 14:12:18', '2024-12-02 14:12:18'),
(19, 8, NULL, '1404/04/27', 30307500, NULL, 0, '2024-12-02 14:12:18', '2024-12-02 14:12:18'),
(20, 8, NULL, '1404/07/27', 30307500, NULL, 0, '2024-12-02 14:12:18', '2024-12-02 14:12:18'),
(21, 9, NULL, '1403/10/23', 5858000, NULL, 0, '2024-12-13 23:02:17', '2024-12-13 23:02:17'),
(22, 9, NULL, '1403/12/23', 5858000, NULL, 0, '2024-12-13 23:02:17', '2024-12-13 23:02:17'),
(23, 9, NULL, '1404/02/23', 5858000, NULL, 0, '2024-12-13 23:02:17', '2024-12-13 23:02:17'),
(24, 9, NULL, '1404/04/23', 5858000, NULL, 0, '2024-12-13 23:02:17', '2024-12-13 23:02:17'),
(25, 9, NULL, '1404/06/23', 5858000, NULL, 0, '2024-12-13 23:02:17', '2024-12-13 23:02:17'),
(26, 9, NULL, '1404/08/23', 5858000, NULL, 0, '2024-12-13 23:02:17', '2024-12-13 23:02:17'),
(27, 10, NULL, '1403/10/24', 5858000, NULL, 0, '2024-12-14 23:27:03', '2024-12-14 23:27:03'),
(28, 10, NULL, '1403/12/24', 5858000, NULL, 0, '2024-12-14 23:27:03', '2024-12-14 23:27:03'),
(29, 10, NULL, '1404/02/24', 5858000, NULL, 0, '2024-12-14 23:27:03', '2024-12-14 23:27:03'),
(30, 10, NULL, '1404/04/24', 5858000, NULL, 0, '2024-12-14 23:27:03', '2024-12-14 23:27:03'),
(31, 10, NULL, '1404/06/24', 5858000, NULL, 0, '2024-12-14 23:27:03', '2024-12-14 23:27:03'),
(32, 10, NULL, '1404/08/24', 5858000, NULL, 0, '2024-12-14 23:27:03', '2024-12-14 23:27:03'),
(33, 11, NULL, '1403/10/26', 15141000, NULL, 1, '2024-12-16 08:25:02', '2024-12-16 11:55:02'),
(34, 12, NULL, '1403/10/26', 2523500, NULL, 0, '2024-12-16 11:57:01', '2024-12-16 11:57:01'),
(35, 12, NULL, '1403/12/26', 2523500, NULL, 0, '2024-12-16 11:57:01', '2024-12-16 11:57:01'),
(36, 12, NULL, '1404/02/26', 2523500, NULL, 0, '2024-12-16 11:57:01', '2024-12-16 11:57:01'),
(37, 12, NULL, '1404/04/26', 2523500, NULL, 0, '2024-12-16 11:57:01', '2024-12-16 11:57:01'),
(38, 12, NULL, '1404/06/26', 2523500, NULL, 0, '2024-12-16 11:57:01', '2024-12-16 11:57:01'),
(39, 12, NULL, '1404/08/26', 2523500, NULL, 0, '2024-12-16 11:57:01', '2024-12-16 11:57:01'),
(40, 14, NULL, '1403/12/28', 4658500, NULL, 0, '2025-02-16 10:49:52', '2025-02-16 10:49:52'),
(41, 14, NULL, '1404/02/28', 4658500, NULL, 0, '2025-02-16 10:49:52', '2025-02-16 10:49:52'),
(42, 14, NULL, '1404/04/28', 4658500, NULL, 0, '2025-02-16 10:49:52', '2025-02-16 10:49:52'),
(43, 14, NULL, '1404/06/28', 4658500, NULL, 0, '2025-02-16 10:49:52', '2025-02-16 10:49:52'),
(44, 14, NULL, '1404/08/28', 4658500, NULL, 0, '2025-02-16 10:49:52', '2025-02-16 10:49:52'),
(45, 14, NULL, '1404/10/28', 4658500, NULL, 0, '2025-02-16 10:49:52', '2025-02-16 10:49:52'),
(46, 15, NULL, '1403/12/28', 4658500, NULL, 0, '2025-02-16 10:53:49', '2025-02-16 10:53:49'),
(47, 15, NULL, '1404/02/28', 4658500, NULL, 0, '2025-02-16 10:53:49', '2025-02-16 10:53:49'),
(48, 15, NULL, '1404/04/28', 4658500, NULL, 0, '2025-02-16 10:53:49', '2025-02-16 10:53:49'),
(49, 15, NULL, '1404/06/28', 4658500, NULL, 0, '2025-02-16 10:53:49', '2025-02-16 10:53:49'),
(50, 15, NULL, '1404/08/28', 4658500, NULL, 0, '2025-02-16 10:53:49', '2025-02-16 10:53:49'),
(51, 15, NULL, '1404/10/28', 4658500, NULL, 0, '2025-02-16 10:53:49', '2025-02-16 10:53:49'),
(52, 16, NULL, '1403/12/28', 4557000, NULL, 0, '2025-02-16 11:50:57', '2025-02-16 11:50:57'),
(53, 16, NULL, '1404/02/28', 4557000, NULL, 0, '2025-02-16 11:50:57', '2025-02-16 11:50:57'),
(54, 16, NULL, '1404/04/28', 4557000, NULL, 0, '2025-02-16 11:50:57', '2025-02-16 11:50:57'),
(55, 16, NULL, '1404/06/28', 4557000, NULL, 0, '2025-02-16 11:50:57', '2025-02-16 11:50:57'),
(56, 16, NULL, '1404/08/28', 4557000, NULL, 0, '2025-02-16 11:50:57', '2025-02-16 11:50:57'),
(57, 16, NULL, '1404/10/28', 4557000, NULL, 0, '2025-02-16 11:50:57', '2025-02-16 11:50:57'),
(58, 17, NULL, '1404/01/13', 25000000, NULL, 0, '2025-02-16 13:17:16', '2025-02-16 13:17:16'),
(59, 17, NULL, '1404/04/13', 25000000, NULL, 0, '2025-02-16 13:17:16', '2025-02-16 13:17:16'),
(60, 17, NULL, '1404/07/13', 25000000, NULL, 0, '2025-02-16 13:17:16', '2025-02-16 13:17:16'),
(61, 17, NULL, '1404/10/13', 25000000, NULL, 0, '2025-02-16 13:17:16', '2025-02-16 13:17:16'),
(62, 18, NULL, '1403/12/29', 15881167, NULL, 0, '2025-02-17 08:58:15', '2025-02-17 08:58:15'),
(63, 18, NULL, '1404/02/29', 15881167, NULL, 0, '2025-02-17 08:58:15', '2025-02-17 08:58:15'),
(64, 18, NULL, '1404/04/29', 15881167, NULL, 0, '2025-02-17 08:58:15', '2025-02-17 08:58:15'),
(65, 18, NULL, '1404/06/29', 15881167, NULL, 0, '2025-02-17 08:58:15', '2025-02-17 08:58:15'),
(66, 18, NULL, '1404/08/29', 15881167, NULL, 0, '2025-02-17 08:58:15', '2025-02-17 08:58:15'),
(67, 18, NULL, '1404/10/29', 15881167, NULL, 0, '2025-02-17 08:58:15', '2025-02-17 08:58:15'),
(68, 19, NULL, '1404/02/06', 5922550, NULL, 0, '2025-03-12 18:42:26', '2025-03-12 18:42:26'),
(69, 19, NULL, '1404/05/06', 5922550, NULL, 0, '2025-03-12 18:42:26', '2025-03-12 18:42:26'),
(70, 19, NULL, '1404/08/06', 5922550, NULL, 0, '2025-03-12 18:42:26', '2025-03-12 18:42:26'),
(71, 19, NULL, '1404/11/06', 5922550, NULL, 0, '2025-03-12 18:42:26', '2025-03-12 18:42:26'),
(72, 20, NULL, '1404/02/06', 13565300, NULL, 0, '2025-03-12 18:52:22', '2025-03-12 18:52:22'),
(73, 20, NULL, '1404/05/06', 13565300, NULL, 0, '2025-03-12 18:52:22', '2025-03-12 18:52:22'),
(74, 20, NULL, '1404/08/06', 13565300, NULL, 0, '2025-03-12 18:52:22', '2025-03-12 18:52:22'),
(75, 20, NULL, '1404/11/06', 13565300, NULL, 0, '2025-03-12 18:52:22', '2025-03-12 18:52:22'),
(76, 21, NULL, '1404/01/25', 2726533, NULL, 0, '2025-03-14 20:44:53', '2025-03-14 20:44:53'),
(77, 21, NULL, '1404/02/25', 2726533, NULL, 0, '2025-03-14 20:44:53', '2025-03-14 20:44:53'),
(78, 21, NULL, '1404/03/25', 2726533, NULL, 0, '2025-03-14 20:44:53', '2025-03-14 20:44:53'),
(79, 21, NULL, '1404/04/25', 2726533, NULL, 0, '2025-03-14 20:44:53', '2025-03-14 20:44:53'),
(80, 21, NULL, '1404/05/25', 2726533, NULL, 0, '2025-03-14 20:44:53', '2025-03-14 20:44:53'),
(81, 21, NULL, '1404/06/25', 2726533, NULL, 0, '2025-03-14 20:44:53', '2025-03-14 20:44:53'),
(82, 21, NULL, '1404/07/25', 2726533, NULL, 0, '2025-03-14 20:44:53', '2025-03-14 20:44:53'),
(83, 21, NULL, '1404/08/25', 2726533, NULL, 0, '2025-03-14 20:44:53', '2025-03-14 20:44:53'),
(84, 21, NULL, '1404/09/25', 2726533, NULL, 0, '2025-03-14 20:44:53', '2025-03-14 20:44:53'),
(85, 21, NULL, '1404/10/25', 2726533, NULL, 0, '2025-03-14 20:44:53', '2025-03-14 20:44:53'),
(86, 21, NULL, '1404/11/25', 2726533, NULL, 0, '2025-03-14 20:44:53', '2025-03-14 20:44:53'),
(87, 21, NULL, '1404/12/25', 2726533, NULL, 0, '2025-03-14 20:44:53', '2025-03-14 20:44:53'),
(88, 22, NULL, '1404/01/25', 5453067, NULL, 0, '2025-03-14 21:05:52', '2025-03-14 21:05:52'),
(89, 22, NULL, '1404/03/25', 5453067, NULL, 0, '2025-03-14 21:05:52', '2025-03-14 21:05:52'),
(90, 22, NULL, '1404/05/25', 5453067, NULL, 0, '2025-03-14 21:05:52', '2025-03-14 21:05:52'),
(91, 22, NULL, '1404/07/25', 5453067, NULL, 0, '2025-03-14 21:05:52', '2025-03-14 21:05:52'),
(92, 22, NULL, '1404/09/25', 5453067, NULL, 0, '2025-03-14 21:05:52', '2025-03-14 21:05:52'),
(93, 22, NULL, '1404/11/25', 5453067, NULL, 0, '2025-03-14 21:05:52', '2025-03-14 21:05:52'),
(94, 23, NULL, '1404/01/25', 5453067, NULL, 0, '2025-03-15 11:16:25', '2025-03-15 11:16:25'),
(95, 23, NULL, '1404/03/25', 5453067, NULL, 0, '2025-03-15 11:16:25', '2025-03-15 11:16:25'),
(96, 23, NULL, '1404/05/25', 5453067, NULL, 0, '2025-03-15 11:16:25', '2025-03-15 11:16:25'),
(97, 23, NULL, '1404/07/25', 5453067, NULL, 0, '2025-03-15 11:16:25', '2025-03-15 11:16:25'),
(98, 23, NULL, '1404/09/25', 5453067, NULL, 0, '2025-03-15 11:16:25', '2025-03-15 11:16:25'),
(99, 23, NULL, '1404/11/25', 5453067, NULL, 0, '2025-03-15 11:16:25', '2025-03-15 11:16:25'),
(100, 24, NULL, '1404/01/25', 32718400, NULL, 0, '2025-03-15 11:23:45', '2025-03-15 11:23:45'),
(101, 25, NULL, '1404/01/26', 2904825, NULL, 0, '2025-03-15 20:32:01', '2025-03-15 20:32:01'),
(102, 25, NULL, '1404/02/26', 2904825, NULL, 0, '2025-03-15 20:32:01', '2025-03-15 20:32:01'),
(103, 25, NULL, '1404/03/26', 2904825, NULL, 0, '2025-03-15 20:32:01', '2025-03-15 20:32:01'),
(104, 25, NULL, '1404/04/26', 2904825, NULL, 0, '2025-03-15 20:32:01', '2025-03-15 20:32:01'),
(105, 25, NULL, '1404/05/26', 2904825, NULL, 0, '2025-03-15 20:32:01', '2025-03-15 20:32:01'),
(106, 25, NULL, '1404/06/26', 2904825, NULL, 0, '2025-03-15 20:32:01', '2025-03-15 20:32:01'),
(107, 25, NULL, '1404/07/26', 2904825, NULL, 0, '2025-03-15 20:32:01', '2025-03-15 20:32:01'),
(108, 25, NULL, '1404/08/26', 2904825, NULL, 0, '2025-03-15 20:32:01', '2025-03-15 20:32:01'),
(109, 25, NULL, '1404/09/26', 2904825, NULL, 0, '2025-03-15 20:32:01', '2025-03-15 20:32:01'),
(110, 25, NULL, '1404/10/26', 2904825, NULL, 0, '2025-03-15 20:32:02', '2025-03-15 20:32:02'),
(111, 25, NULL, '1404/11/26', 2904825, NULL, 0, '2025-03-15 20:32:02', '2025-03-15 20:32:02'),
(112, 25, NULL, '1404/12/26', 2904825, NULL, 0, '2025-03-15 20:32:02', '2025-03-15 20:32:02'),
(113, 26, NULL, '1404/01/26', 2904825, NULL, 0, '2025-03-15 20:48:40', '2025-03-15 20:48:40'),
(114, 26, NULL, '1404/02/26', 2904825, NULL, 0, '2025-03-15 20:48:40', '2025-03-15 20:48:40'),
(115, 26, NULL, '1404/03/26', 2904825, NULL, 0, '2025-03-15 20:48:40', '2025-03-15 20:48:40'),
(116, 26, NULL, '1404/04/26', 2904825, NULL, 0, '2025-03-15 20:48:40', '2025-03-15 20:48:40'),
(117, 26, NULL, '1404/05/26', 2904825, NULL, 0, '2025-03-15 20:48:40', '2025-03-15 20:48:40'),
(118, 26, NULL, '1404/06/26', 2904825, NULL, 0, '2025-03-15 20:48:40', '2025-03-15 20:48:40'),
(119, 26, NULL, '1404/07/26', 2904825, NULL, 0, '2025-03-15 20:48:41', '2025-03-15 20:48:41'),
(120, 26, NULL, '1404/08/26', 2904825, NULL, 0, '2025-03-15 20:48:41', '2025-03-15 20:48:41'),
(121, 26, NULL, '1404/09/26', 2904825, NULL, 0, '2025-03-15 20:48:41', '2025-03-15 20:48:41'),
(122, 26, NULL, '1404/10/26', 2904825, NULL, 0, '2025-03-15 20:48:41', '2025-03-15 20:48:41'),
(123, 26, NULL, '1404/11/26', 2904825, NULL, 0, '2025-03-15 20:48:41', '2025-03-15 20:48:41'),
(124, 26, NULL, '1404/12/26', 2904825, NULL, 0, '2025-03-15 20:48:41', '2025-03-15 20:48:41'),
(125, 27, NULL, '1404/01/26', 2904825, NULL, 0, '2025-03-15 21:32:35', '2025-03-15 21:32:35'),
(126, 27, NULL, '1404/02/26', 2904825, NULL, 0, '2025-03-15 21:32:35', '2025-03-15 21:32:35'),
(127, 27, NULL, '1404/03/26', 2904825, NULL, 0, '2025-03-15 21:32:35', '2025-03-15 21:32:35'),
(128, 27, NULL, '1404/04/26', 2904825, NULL, 0, '2025-03-15 21:32:35', '2025-03-15 21:32:35'),
(129, 27, NULL, '1404/05/26', 2904825, NULL, 0, '2025-03-15 21:32:35', '2025-03-15 21:32:35'),
(130, 27, NULL, '1404/06/26', 2904825, NULL, 0, '2025-03-15 21:32:35', '2025-03-15 21:32:35'),
(131, 27, NULL, '1404/07/26', 2904825, NULL, 0, '2025-03-15 21:32:35', '2025-03-15 21:32:35'),
(132, 27, NULL, '1404/08/26', 2904825, NULL, 0, '2025-03-15 21:32:35', '2025-03-15 21:32:35'),
(133, 27, NULL, '1404/09/26', 2904825, NULL, 0, '2025-03-15 21:32:35', '2025-03-15 21:32:35'),
(134, 27, NULL, '1404/10/26', 2904825, NULL, 0, '2025-03-15 21:32:35', '2025-03-15 21:32:35'),
(135, 27, NULL, '1404/11/26', 2904825, NULL, 0, '2025-03-15 21:32:35', '2025-03-15 21:32:35'),
(136, 27, NULL, '1404/12/26', 2904825, NULL, 0, '2025-03-15 21:32:35', '2025-03-15 21:32:35'),
(137, 28, NULL, '1404/01/26', 2904825, NULL, 0, '2025-03-15 21:39:08', '2025-03-15 21:39:08'),
(138, 28, NULL, '1404/02/26', 2904825, NULL, 0, '2025-03-15 21:39:08', '2025-03-15 21:39:08'),
(139, 28, NULL, '1404/03/26', 2904825, NULL, 0, '2025-03-15 21:39:08', '2025-03-15 21:39:08'),
(140, 28, NULL, '1404/04/26', 2904825, NULL, 0, '2025-03-15 21:39:08', '2025-03-15 21:39:08'),
(141, 28, NULL, '1404/05/26', 2904825, NULL, 0, '2025-03-15 21:39:08', '2025-03-15 21:39:08'),
(142, 28, NULL, '1404/06/26', 2904825, NULL, 0, '2025-03-15 21:39:08', '2025-03-15 21:39:08'),
(143, 28, NULL, '1404/07/26', 2904825, NULL, 0, '2025-03-15 21:39:08', '2025-03-15 21:39:08'),
(144, 28, NULL, '1404/08/26', 2904825, NULL, 0, '2025-03-15 21:39:08', '2025-03-15 21:39:08'),
(145, 28, NULL, '1404/09/26', 2904825, NULL, 0, '2025-03-15 21:39:08', '2025-03-15 21:39:08'),
(146, 28, NULL, '1404/10/26', 2904825, NULL, 0, '2025-03-15 21:39:08', '2025-03-15 21:39:08'),
(147, 28, NULL, '1404/11/26', 2904825, NULL, 0, '2025-03-15 21:39:08', '2025-03-15 21:39:08'),
(148, 28, NULL, '1404/12/26', 2904825, NULL, 0, '2025-03-15 21:39:08', '2025-03-15 21:39:08'),
(149, 29, NULL, '1404/01/26', 2904825, NULL, 0, '2025-03-15 21:43:31', '2025-03-15 21:43:31'),
(150, 29, NULL, '1404/02/26', 2904825, NULL, 0, '2025-03-15 21:43:31', '2025-03-15 21:43:31'),
(151, 29, NULL, '1404/03/26', 2904825, NULL, 0, '2025-03-15 21:43:31', '2025-03-15 21:43:31'),
(152, 29, NULL, '1404/04/26', 2904825, NULL, 0, '2025-03-15 21:43:31', '2025-03-15 21:43:31'),
(153, 29, NULL, '1404/05/26', 2904825, NULL, 0, '2025-03-15 21:43:31', '2025-03-15 21:43:31'),
(154, 29, NULL, '1404/06/26', 2904825, NULL, 0, '2025-03-15 21:43:31', '2025-03-15 21:43:31'),
(155, 29, NULL, '1404/07/26', 2904825, NULL, 0, '2025-03-15 21:43:31', '2025-03-15 21:43:31'),
(156, 29, NULL, '1404/08/26', 2904825, NULL, 0, '2025-03-15 21:43:31', '2025-03-15 21:43:31'),
(157, 29, NULL, '1404/09/26', 2904825, NULL, 0, '2025-03-15 21:43:31', '2025-03-15 21:43:31'),
(158, 29, NULL, '1404/10/26', 2904825, NULL, 0, '2025-03-15 21:43:32', '2025-03-15 21:43:32'),
(159, 29, NULL, '1404/11/26', 2904825, NULL, 0, '2025-03-15 21:43:32', '2025-03-15 21:43:32'),
(160, 29, NULL, '1404/12/26', 2904825, NULL, 0, '2025-03-15 21:43:32', '2025-03-15 21:43:32'),
(161, 30, NULL, '1404/01/26', 2904825, NULL, 0, '2025-03-15 21:59:21', '2025-03-15 21:59:21'),
(162, 30, NULL, '1404/02/26', 2904825, NULL, 0, '2025-03-15 21:59:21', '2025-03-15 21:59:21'),
(163, 30, NULL, '1404/03/26', 2904825, NULL, 0, '2025-03-15 21:59:21', '2025-03-15 21:59:21'),
(164, 30, NULL, '1404/04/26', 2904825, NULL, 0, '2025-03-15 21:59:21', '2025-03-15 21:59:21'),
(165, 30, NULL, '1404/05/26', 2904825, NULL, 0, '2025-03-15 21:59:21', '2025-03-15 21:59:21'),
(166, 30, NULL, '1404/06/26', 2904825, NULL, 0, '2025-03-15 21:59:21', '2025-03-15 21:59:21'),
(167, 30, NULL, '1404/07/26', 2904825, NULL, 0, '2025-03-15 21:59:21', '2025-03-15 21:59:21'),
(168, 30, NULL, '1404/08/26', 2904825, NULL, 0, '2025-03-15 21:59:21', '2025-03-15 21:59:21'),
(169, 30, NULL, '1404/09/26', 2904825, NULL, 0, '2025-03-15 21:59:21', '2025-03-15 21:59:21'),
(170, 30, NULL, '1404/10/26', 2904825, NULL, 0, '2025-03-15 21:59:21', '2025-03-15 21:59:21'),
(171, 30, NULL, '1404/11/26', 2904825, NULL, 0, '2025-03-15 21:59:21', '2025-03-15 21:59:21'),
(172, 30, NULL, '1404/12/26', 2904825, NULL, 0, '2025-03-15 21:59:21', '2025-03-15 21:59:21'),
(173, 31, NULL, '1404/01/26', 2904825, NULL, 0, '2025-03-16 13:21:28', '2025-03-16 13:21:28'),
(174, 31, NULL, '1404/02/26', 2904825, NULL, 0, '2025-03-16 13:21:28', '2025-03-16 13:21:28'),
(175, 31, NULL, '1404/03/26', 2904825, NULL, 0, '2025-03-16 13:21:28', '2025-03-16 13:21:28'),
(176, 31, NULL, '1404/04/26', 2904825, NULL, 0, '2025-03-16 13:21:28', '2025-03-16 13:21:28'),
(177, 31, NULL, '1404/05/26', 2904825, NULL, 0, '2025-03-16 13:21:28', '2025-03-16 13:21:28'),
(178, 31, NULL, '1404/06/26', 2904825, NULL, 0, '2025-03-16 13:21:28', '2025-03-16 13:21:28'),
(179, 31, NULL, '1404/07/26', 2904825, NULL, 0, '2025-03-16 13:21:28', '2025-03-16 13:21:28'),
(180, 31, NULL, '1404/08/26', 2904825, NULL, 0, '2025-03-16 13:21:28', '2025-03-16 13:21:28'),
(181, 31, NULL, '1404/09/26', 2904825, NULL, 0, '2025-03-16 13:21:28', '2025-03-16 13:21:28'),
(182, 31, NULL, '1404/10/26', 2904825, NULL, 0, '2025-03-16 13:21:28', '2025-03-16 13:21:28'),
(183, 31, NULL, '1404/11/26', 2904825, NULL, 0, '2025-03-16 13:21:28', '2025-03-16 13:21:28'),
(184, 31, NULL, '1404/12/26', 2904825, NULL, 0, '2025-03-16 13:21:28', '2025-03-16 13:21:28'),
(185, 32, NULL, '1404/01/26', 2904825, NULL, 0, '2025-03-16 13:24:57', '2025-03-16 13:24:57'),
(186, 32, NULL, '1404/02/26', 2904825, NULL, 0, '2025-03-16 13:24:57', '2025-03-16 13:24:57'),
(187, 32, NULL, '1404/03/26', 2904825, NULL, 0, '2025-03-16 13:24:57', '2025-03-16 13:24:57'),
(188, 32, NULL, '1404/04/26', 2904825, NULL, 0, '2025-03-16 13:24:57', '2025-03-16 13:24:57'),
(189, 32, NULL, '1404/05/26', 2904825, NULL, 0, '2025-03-16 13:24:57', '2025-03-16 13:24:57'),
(190, 32, NULL, '1404/06/26', 2904825, NULL, 0, '2025-03-16 13:24:58', '2025-03-16 13:24:58'),
(191, 32, NULL, '1404/07/26', 2904825, NULL, 0, '2025-03-16 13:24:58', '2025-03-16 13:24:58'),
(192, 32, NULL, '1404/08/26', 2904825, NULL, 0, '2025-03-16 13:24:58', '2025-03-16 13:24:58'),
(193, 32, NULL, '1404/09/26', 2904825, NULL, 0, '2025-03-16 13:24:58', '2025-03-16 13:24:58'),
(194, 32, NULL, '1404/10/26', 2904825, NULL, 0, '2025-03-16 13:24:58', '2025-03-16 13:24:58'),
(195, 32, NULL, '1404/11/26', 2904825, NULL, 0, '2025-03-16 13:24:58', '2025-03-16 13:24:58'),
(196, 32, NULL, '1404/12/26', 2904825, NULL, 0, '2025-03-16 13:24:58', '2025-03-16 13:24:58'),
(197, 33, NULL, '1404/02/11', 68582800, NULL, 0, '2025-04-01 11:46:53', '2025-04-01 11:46:53'),
(198, 34, NULL, '1404/02/15', 56733300, NULL, 0, '2025-04-05 06:45:18', '2025-04-05 06:45:18'),
(199, 35, NULL, '1404/02/24', 45931600, NULL, 0, '2025-04-14 07:12:34', '2025-04-14 07:12:34'),
(200, 36, NULL, '1404/02/29', 11073883, NULL, 0, '2025-04-19 06:33:41', '2025-04-19 06:33:41'),
(201, 36, NULL, '1404/04/29', 11073883, NULL, 0, '2025-04-19 06:33:41', '2025-04-19 06:33:41'),
(202, 36, NULL, '1404/06/29', 11073883, NULL, 0, '2025-04-19 06:33:41', '2025-04-19 06:33:41'),
(203, 36, NULL, '1404/08/29', 11073883, NULL, 0, '2025-04-19 06:33:41', '2025-04-19 06:33:41'),
(204, 36, NULL, '1404/10/29', 11073883, NULL, 0, '2025-04-19 06:33:41', '2025-04-19 06:33:41'),
(205, 36, NULL, '1404/12/29', 11073883, NULL, 0, '2025-04-19 06:33:41', '2025-04-19 06:33:41'),
(206, 37, NULL, '1404/03/13', 27842100, NULL, 0, '2025-04-19 06:36:58', '2025-04-19 06:36:58'),
(207, 37, NULL, '1404/06/13', 27842100, NULL, 0, '2025-04-19 06:36:58', '2025-04-19 06:36:58'),
(208, 37, NULL, '1404/09/13', 27842100, NULL, 0, '2025-04-19 06:36:58', '2025-04-19 06:36:58'),
(209, 37, NULL, '1404/12/13', 27842100, NULL, 0, '2025-04-19 06:36:58', '2025-04-19 06:36:58'),
(210, 38, NULL, '1404/02/01', 14115017, NULL, 0, '2025-04-21 16:46:18', '2025-04-21 16:46:18'),
(211, 38, NULL, '1404/04/01', 14115017, NULL, 0, '2025-04-21 16:46:18', '2025-04-21 16:46:18'),
(212, 38, NULL, '1404/06/01', 14115017, NULL, 0, '2025-04-21 16:46:18', '2025-04-21 16:46:18'),
(213, 38, NULL, '1404/08/01', 14115017, NULL, 0, '2025-04-21 16:46:18', '2025-04-21 16:46:18'),
(214, 38, NULL, '1404/10/01', 14115017, NULL, 0, '2025-04-21 16:46:18', '2025-04-21 16:46:18'),
(215, 38, NULL, '1404/12/01', 14115017, NULL, 0, '2025-04-21 16:46:18', '2025-04-21 16:46:18'),
(216, 39, NULL, '1404/02/01', 84690100, NULL, 0, '2025-04-21 16:49:18', '2025-04-21 16:49:18'),
(217, 40, NULL, '1404/03/06', 14115017, NULL, 0, '2025-04-27 08:20:37', '2025-04-27 08:20:37'),
(218, 40, NULL, '1404/05/06', 14115017, NULL, 0, '2025-04-27 08:20:37', '2025-04-27 08:20:37'),
(219, 40, NULL, '1404/07/06', 14115017, NULL, 0, '2025-04-27 08:20:37', '2025-04-27 08:20:37'),
(220, 40, NULL, '1404/09/06', 14115017, NULL, 0, '2025-04-27 08:20:37', '2025-04-27 08:20:37'),
(221, 40, NULL, '1404/11/06', 14115017, NULL, 0, '2025-04-27 08:20:37', '2025-04-27 08:20:37'),
(222, 40, NULL, '1405/01/06', 14115017, NULL, 0, '2025-04-27 08:20:37', '2025-04-27 08:20:37'),
(223, 41, NULL, '1404/03/20', 37374700, NULL, 0, '2025-05-11 14:09:26', '2025-05-11 14:09:26'),
(224, 42, NULL, '1404/03/21', 24035550, NULL, 0, '2025-05-12 08:04:04', '2025-05-12 08:04:04'),
(225, 42, NULL, '1404/05/21', 24035550, NULL, 0, '2025-05-12 08:04:04', '2025-05-12 08:04:04'),
(226, 42, NULL, '1404/07/21', 24035550, NULL, 0, '2025-05-12 08:04:04', '2025-05-12 08:04:04'),
(227, 42, NULL, '1404/09/21', 24035550, NULL, 0, '2025-05-12 08:04:04', '2025-05-12 08:04:04'),
(228, 42, NULL, '1404/11/21', 24035550, NULL, 0, '2025-05-12 08:04:04', '2025-05-12 08:04:04'),
(229, 42, NULL, '1405/01/21', 24035550, NULL, 0, '2025-05-12 08:04:04', '2025-05-12 08:04:04'),
(230, 43, NULL, '1404/03/27', 46686200, NULL, 0, '2025-05-17 20:42:48', '2025-05-17 20:42:48'),
(231, 44, NULL, '1404/05/07', 34857680, NULL, 0, '2025-06-29 16:45:33', '2025-06-29 16:45:33'),
(232, 45, NULL, '1404/05/07', 34857680, NULL, 0, '2025-06-29 17:05:03', '2025-06-29 17:05:03'),
(233, 46, NULL, '1404/05/07', 34857680, NULL, 0, '2025-06-29 17:25:08', '2025-06-29 17:25:08'),
(234, 47, NULL, '1404/05/16', 13125133, NULL, 0, '2025-07-08 12:20:06', '2025-07-08 12:20:06'),
(235, 47, NULL, '1404/07/16', 13125133, NULL, 0, '2025-07-08 12:20:06', '2025-07-08 12:20:06'),
(236, 47, NULL, '1404/09/16', 13125133, NULL, 0, '2025-07-08 12:20:06', '2025-07-08 12:20:06'),
(237, 47, NULL, '1404/11/16', 13125133, NULL, 0, '2025-07-08 12:20:06', '2025-07-08 12:20:06'),
(238, 47, NULL, '1405/01/16', 13125133, NULL, 0, '2025-07-08 12:20:06', '2025-07-08 12:20:06'),
(239, 47, NULL, '1405/03/16', 13125133, NULL, 0, '2025-07-08 12:20:06', '2025-07-08 12:20:06'),
(240, 48, NULL, '1404/05/16', 38356160, NULL, 0, '2025-07-08 12:36:12', '2025-07-08 12:36:12'),
(241, 49, NULL, '1404/05/16', 38356160, NULL, 0, '2025-07-08 14:07:01', '2025-07-08 14:07:01'),
(242, 50, NULL, '1404/05/16', 85948720, NULL, 0, '2025-07-08 14:44:37', '2025-07-08 14:44:37'),
(243, 51, NULL, '1404/05/16', 38356160, NULL, 0, '2025-07-08 14:54:58', '2025-07-08 14:54:58'),
(244, 52, NULL, '1404/05/16', 38356160, NULL, 0, '2025-07-08 14:59:36', '2025-07-08 14:59:36'),
(245, 53, NULL, '1404/05/16', 38356160, NULL, 0, '2025-07-08 15:08:22', '2025-07-08 15:08:22'),
(246, 54, NULL, '1404/05/16', 38356160, NULL, 0, '2025-07-08 15:25:52', '2025-07-08 15:25:52'),
(247, 55, NULL, '1404/05/16', 38356160, NULL, 0, '2025-07-08 18:17:07', '2025-07-08 18:17:07'),
(248, 56, NULL, '1404/05/17', 38356160, NULL, 0, '2025-07-09 06:45:25', '2025-07-09 06:45:25'),
(249, 57, NULL, '1404/05/18', 44924880, NULL, 0, '2025-07-10 11:38:40', '2025-07-10 11:38:40'),
(250, 58, NULL, '1404/05/18', 44924880, NULL, 0, '2025-07-10 11:47:10', '2025-07-10 11:47:10'),
(251, 59, NULL, '1404/05/18', 44924880, NULL, 0, '2025-07-10 19:42:54', '2025-07-10 19:42:54'),
(252, 60, NULL, '1404/05/18', 44924880, NULL, 0, '2025-07-10 19:53:32', '2025-07-10 19:53:32'),
(253, 61, NULL, '1404/05/18', 44924880, NULL, 0, '2025-07-10 20:02:57', '2025-07-10 20:02:57'),
(254, 62, NULL, '1404/05/22', 14324787, NULL, 0, '2025-07-14 19:37:36', '2025-07-14 19:37:36'),
(255, 62, NULL, '1404/07/22', 14324787, NULL, 0, '2025-07-14 19:37:36', '2025-07-14 19:37:36'),
(256, 62, NULL, '1404/09/22', 14324787, NULL, 0, '2025-07-14 19:37:36', '2025-07-14 19:37:36'),
(257, 62, NULL, '1404/11/22', 14324787, NULL, 0, '2025-07-14 19:37:36', '2025-07-14 19:37:36'),
(258, 62, NULL, '1405/01/22', 14324787, NULL, 0, '2025-07-14 19:37:36', '2025-07-14 19:37:36'),
(259, 62, NULL, '1405/03/22', 14324787, NULL, 0, '2025-07-14 19:37:36', '2025-07-14 19:37:36'),
(260, 63, NULL, '1404/05/29', 85948720, NULL, 0, '2025-07-20 21:47:00', '2025-07-20 21:47:00');

-- --------------------------------------------------------

--
-- Table structure for table `installment_check`
--

CREATE TABLE `installment_check` (
  `id` int(11) NOT NULL,
  `installment_id` int(11) NOT NULL,
  `image` varchar(255) DEFAULT NULL,
  `number_of_sayyad` varchar(255) NOT NULL,
  `amount` varchar(255) NOT NULL,
  `ref_id` varchar(255) DEFAULT NULL,
  `created_at` timestamp NOT NULL DEFAULT current_timestamp() ON UPDATE current_timestamp(),
  `updated_at` timestamp NOT NULL DEFAULT current_timestamp() ON UPDATE current_timestamp()
) ENGINE=InnoDB DEFAULT CHARSET=utf8mb4 COLLATE=utf8mb4_general_ci;

--
-- Dumping data for table `installment_check`
--

INSERT INTO `installment_check` (`id`, `installment_id`, `image`, `number_of_sayyad`, `amount`, `ref_id`, `created_at`, `updated_at`) VALUES
(1, 13, '2024_12_1_15_47_34_541232_1733055454_apple-touch-icon.png', '1207030099397636', '2500000', NULL, '2024-12-01 15:47:34', '2024-12-01 15:47:34'),
(2, 13, '2024_12_1_16_5_40_24674_1733056540_2024-12-01_14-12-50.png', '1207030099397636', '2500000', NULL, '2024-12-01 16:05:40', '2024-12-01 16:05:40'),
(3, 33, '2024_12_16_11_55_2_505001_1734337502_2024-12-15_12-05-14.png', '5446030099397637', '15141000', NULL, '2024-12-16 11:55:02', '2024-12-16 11:55:02');

-- --------------------------------------------------------

--
-- Table structure for table `installment_conditions`
--

CREATE TABLE `installment_conditions` (
  `id` int(11) NOT NULL,
  `condition_installment` varchar(255) DEFAULT NULL,
  `user_type_id` int(11) NOT NULL,
  `created_at` timestamp NOT NULL DEFAULT current_timestamp() ON UPDATE current_timestamp(),
  `updated_at` timestamp NOT NULL DEFAULT current_timestamp() ON UPDATE current_timestamp()
) ENGINE=InnoDB DEFAULT CHARSET=utf8mb4 COLLATE=utf8mb4_general_ci;

--
-- Dumping data for table `installment_conditions`
--

INSERT INTO `installment_conditions` (`id`, `condition_installment`, `user_type_id`, `created_at`, `updated_at`) VALUES
(3, 'فیش حقوقی', 1, '2024-09-05 23:01:46', '2024-09-05 23:01:46');

-- --------------------------------------------------------

--
-- Table structure for table `installment_details_request`
--

CREATE TABLE `installment_details_request` (
  `id` int(11) NOT NULL,
  `first_name` varchar(255) NOT NULL,
  `last_name` varchar(255) NOT NULL,
  `father_name` varchar(255) NOT NULL,
  `national_code` varchar(255) NOT NULL,
  `identityNo` varchar(255) DEFAULT NULL,
  `birth_date` varchar(255) NOT NULL,
  `mobile` varchar(255) NOT NULL,
  `second_mobile` varchar(255) DEFAULT NULL,
  `request_id` int(11) NOT NULL,
  `created_at` timestamp NOT NULL DEFAULT current_timestamp() ON UPDATE current_timestamp(),
  `updated_at` timestamp NOT NULL DEFAULT current_timestamp() ON UPDATE current_timestamp()
) ENGINE=InnoDB DEFAULT CHARSET=utf8mb4 COLLATE=utf8mb4_general_ci;

--
-- Dumping data for table `installment_details_request`
--

INSERT INTO `installment_details_request` (`id`, `first_name`, `last_name`, `father_name`, `national_code`, `identityNo`, `birth_date`, `mobile`, `second_mobile`, `request_id`, `created_at`, `updated_at`) VALUES
(1, '4', '4', 'محمد حسن', '0492168857', '1835', '1357-12-05', '09129494182', '09129494182', 1, '2024-11-27 13:14:30', '2024-11-27 13:14:30'),
(2, '4', '4', 'قربان', '6259915276', '71', '1361-06-05', '09125102768', '09125102768', 2, '2024-11-27 13:30:01', '2024-11-27 13:30:01'),
(3, '4', '4', 'فرشاد', '0250055163', '0250055163', '1382-04-15', '09216547064', '09216547064', 4, '2024-12-01 12:11:38', '2024-12-01 12:11:38'),
(4, '4', '4', 'محمد حسن', '0492168857', '1835', '1357-12-05', '09129494182', '09129494182', 7, '2024-12-01 14:08:44', '2024-12-01 14:08:44'),
(5, '4', '4', 'حسین', '0011377712', '0011377712', '1368-10-09', '09125191498', '09125191498', 8, '2024-12-02 14:12:18', '2024-12-02 14:12:18'),
(6, '6', '6', 'حسن', '1738213196', '11303', '1359-10-09', '09332055331', '09336732813', 9, '2024-12-13 23:02:17', '2024-12-13 23:02:17'),
(7, '6', '6', 'حسن', '1738213196', '11303', '1359/10/09', '09332055331', '09336732813', 10, '2024-12-14 23:27:03', '2024-12-14 23:27:03'),
(8, '1', '1', 'محمد حسن', '0492168857', '1835', '1357-12-05', '09129494182', '09129494182', 11, '2024-12-16 11:49:55', '2024-12-16 11:49:55'),
(9, '6', '6', 'محمد حسن', '0492168857', '1835', '1357-12-05', '09129494182', '09129494182', 12, '2024-12-16 11:57:01', '2024-12-16 11:57:01'),
(10, '6', '6', 'فرشاد', '0250055163', '0250055163', '1382-04-15', '09216547064', '09216547064', 13, '2025-02-16 10:48:00', '2025-02-16 10:48:00'),
(11, '6', '6', 'فرشاد', '0250055163', '0250055163', '1382-04-15', '09216547064', '09216547064', 14, '2025-02-16 10:49:52', '2025-02-16 10:49:52'),
(12, '6', '6', 'فرشاد', '0250055163', '0250055163', '1382-04-15', '09216547064', '09216547064', 15, '2025-02-16 10:53:49', '2025-02-16 10:53:49'),
(13, '6', '6', 'فرشاد', '0250055163', '0250055163', '1382-04-15', '09216547064', '09216547064', 16, '2025-02-16 11:50:57', '2025-02-16 11:50:57'),
(14, '4', '4', 'رمضانعلی', '0250055163', '0250055163', '1368-10-26', '09216547064', '09216547064', 17, '2025-02-16 13:17:16', '2025-02-16 13:17:16'),
(15, '6', '6', 'فتح الله', '0250055163', '0021966125', '1378-01-04', '09216547064', '09216547064', 18, '2025-02-17 08:58:15', '2025-02-17 08:58:15'),
(16, '4', '4', 'محمدرضا', '0946212872', '21085', '1367-04-29', '09159085002', '09013085008', 19, '2025-03-12 18:42:26', '2025-03-12 18:42:26'),
(17, '4', '4', 'محمدرضا', '0946212872', '۲۱۰۸۵', '1367-04-29', '09159085002', '۰۹۰۱۳۰۸۵۰۰۸', 20, '2025-03-12 18:52:21', '2025-03-12 18:52:21'),
(18, '12', '12', 'باقر', '1530327598', '32987', '1358-11-01', '09227366487', '09141231114', 21, '2025-03-14 20:44:52', '2025-03-14 20:44:52'),
(19, '6', '6', 'باقر', '1530327598', '32987', '1358-11-01', '09227366487', '09141231114', 22, '2025-03-14 21:05:52', '2025-03-14 21:05:52'),
(20, '6', '6', 'باقر', '1530327598', '32987', '1358-11-01', '09227366487', '09141231114', 23, '2025-03-15 11:16:25', '2025-03-15 11:16:25'),
(21, '1', '1', 'باقر', '1530327598', '32987', '1358-11-01', '09227366487', '09141231114', 24, '2025-03-15 11:23:45', '2025-03-15 11:23:45'),
(22, '12', '12', 'باقر', '1530327598', '32987', '1358-11-01', '09227366487', '09141231114', 25, '2025-03-15 20:32:01', '2025-03-15 20:32:01'),
(23, '12', '12', 'باقر', '1530327598', '32987', '1358-11-01', '09227366487', '09141231114', 26, '2025-03-15 20:48:40', '2025-03-15 20:48:40'),
(24, '12', '12', 'باقر', '1530327598', '32987', '1358-11-01', '09227366487', '09141231114', 27, '2025-03-15 21:32:35', '2025-03-15 21:32:35'),
(25, '12', '12', 'باقر', '1530327598', '32987', '1358-11-01', '09227366487', '09141231114', 28, '2025-03-15 21:39:07', '2025-03-15 21:39:07'),
(26, '12', '12', 'باقر', '1530327598', '32987', '1358-11-01', '09227366487', '09141231114', 29, '2025-03-15 21:43:31', '2025-03-15 21:43:31'),
(27, '12', '12', 'باقر', '1530327598', '32987', '1358-11-01', '09227366487', '09141231114', 30, '2025-03-15 21:59:21', '2025-03-15 21:59:21'),
(28, '12', '12', 'باقر', '1530327598', '32987', '1358-11-01', '09227366487', '09141231114', 31, '2025-03-16 13:21:28', '2025-03-16 13:21:28'),
(29, '12', '12', 'باقر', '1530327598', '32987', '1358-11-01', '09227366487', '09144231655', 32, '2025-03-16 13:24:57', '2025-03-16 13:24:57'),
(30, '1', '1', 'عباس', '2297588135', '991', '1353-08-24', '09179860019', '09173398056', 33, '2025-04-01 11:46:52', '2025-04-01 11:46:52'),
(31, '1', '1', 'غلامرضا', '2140718402', '999132', '1362/12/03', '09369351296', '09111259152', 34, '2025-04-05 06:45:17', '2025-04-05 06:45:17'),
(32, '1', '1', 'مهران', '1940203368', '1940203368', '1369-12-26', '09920605725', '09013729980', 35, '2025-04-14 07:12:34', '2025-04-14 07:12:34'),
(33, '6', '6', 'فرشاد', '0250055163', '0250055163', '1382-04-15', '09216547064', '09216547064', 36, '2025-04-19 06:33:41', '2025-04-19 06:33:41'),
(34, '4', '4', 'فرشاد', '0250055163', '0250055163', '1382-04-15', '09216547064', '09216547064', 37, '2025-04-19 06:36:58', '2025-04-19 06:36:58'),
(35, '6', '6', 'ابوالفضل', '1050693213', '1050693213', '1375-10-12', '09013338515', '09013338515', 38, '2025-04-21 16:46:18', '2025-04-21 16:46:18'),
(36, '1', '1', 'ابوالفضل', '1050693213', '1050693213', '1375-10-12', '09013338515', '09013338515', 39, '2025-04-21 16:49:17', '2025-04-21 16:49:17'),
(37, '6', '6', 'مهدی', '0082115011', '22051', '1364/12/02', '09125992360', '09125992360', 40, '2025-04-27 08:20:37', '2025-04-27 08:20:37'),
(38, '1', '1', 'خداداد', '2110844701', '2110844701', '1379/01/20', '09154401094', '09154401094', 41, '2025-05-11 14:09:26', '2025-05-11 14:09:26'),
(39, '6', '6', 'قدیر', '0946556301', '8111', '1365-06-30', '09154749847', '09154749847', 42, '2025-05-12 08:04:03', '2025-05-12 08:04:03'),
(40, '1', '1', 'محمد', '0083976914', '۱۴۹۸۲', '1365-01-23', '09123036787', '09123036787', 43, '2025-05-17 20:42:48', '2025-05-17 20:42:48'),
(41, '1', '1', 'فرج اله', '2620257980', '۰', '1372-07-20', '09118830387', '۰۹۱۱۷۰۷۹۸۹۳', 44, '2025-06-29 16:45:33', '2025-06-29 16:45:33'),
(42, '1', '1', 'فرج اله', '2620257980', '0', '1372/07/20', '09118830387', '09117979893', 45, '2025-06-29 17:05:03', '2025-06-29 17:05:03'),
(43, '1', '1', 'فرج اله', '2620257980', '0', '1372/07/20', '09118830387', '09118830387', 46, '2025-06-29 17:25:08', '2025-06-29 17:25:08'),
(44, '6', '6', 'قربانعلی', '0323146880', '۱۴۳', '1360-03-10', '09126602808', '09306602808', 47, '2025-07-08 12:20:06', '2025-07-08 12:20:06'),
(45, '1', '1', 'حسن', '0016344553', '0016344553', '1372-09-11', '09391931903', '09125963284', 48, '2025-07-08 12:36:12', '2025-07-08 12:36:12'),
(46, '1', '1', 'حسن', '0016344553', '0016344553', '1372-09-11', '09391931903', '09125963284', 49, '2025-07-08 14:07:01', '2025-07-08 14:07:01'),
(47, '1', '1', 'زمان اله', '2550264649', '2550264649', '1382-06-23', '09170633522', '09170633522', 50, '2025-07-08 14:44:37', '2025-07-08 14:44:37'),
(48, '1', '1', 'حسن', '0016344553', '0016344553', '1372-09-11', '09391931903', '09125963284', 51, '2025-07-08 14:54:58', '2025-07-08 14:54:58'),
(49, '1', '1', 'حسن', '0016344553', '0016344553', '1372-09-11', '09391931903', '09125963284', 52, '2025-07-08 14:59:35', '2025-07-08 14:59:35'),
(50, '1', '1', 'حسن', '0016344553', '0016344553', '1372-09-11', '09391931903', '09125963284', 53, '2025-07-08 15:08:22', '2025-07-08 15:08:22'),
(51, '1', '1', 'حسن', '0016344553', '0016344553', '1372-09-11', '09391931903', '09125963284', 54, '2025-07-08 15:25:52', '2025-07-08 15:25:52'),
(52, '1', '1', 'حسن', '0016344553', '0016344553', '1372-09-11', '09391931903', '09125963284', 55, '2025-07-08 18:17:07', '2025-07-08 18:17:07'),
(53, '1', '1', 'حسن', '0016344553', '0016344553', '1372-09-11', '09391931903', '09125963284', 56, '2025-07-09 06:45:25', '2025-07-09 06:45:25'),
(54, '1', '1', 'پیری', '5860019378', '5860019378', '1369-09-11', '09177354007', '09177354007', 57, '2025-07-10 11:38:40', '2025-07-10 11:38:40'),
(55, '1', '1', 'پیری', '5860019378', '5860019378', '1369-09-11', '09177354007', '09177354007', 58, '2025-07-10 11:47:10', '2025-07-10 11:47:10'),
(56, '1', '1', 'پیری', '5860019378', '5860019378', '1369-09-11', '09177354007', '09177354007', 59, '2025-07-10 19:42:54', '2025-07-10 19:42:54'),
(57, '1', '1', 'پیری', '5860019378', '5860019378', '1369-09-11', '09177354007', '09177354007', 60, '2025-07-10 19:53:32', '2025-07-10 19:53:32'),
(58, '1', '1', 'پیری', '5860019378', '5860019378', '1369-09-11', '09177354007', '09177354007', 61, '2025-07-10 20:02:57', '2025-07-10 20:02:57'),
(59, '6', '6', 'غلام', '1710108381', '1710108381', '1370-09-15', '09142980602', '09142980602', 62, '2025-07-14 19:37:36', '2025-07-14 19:37:36'),
(60, '1', '1', 'غلام', '1710108381', '1710108381', '1370-09-15', '09142980602', '09142980602', 63, '2025-07-20 21:47:00', '2025-07-20 21:47:00');

-- --------------------------------------------------------

--
-- Table structure for table `installment_files_request`
--

CREATE TABLE `installment_files_request` (
  `id` int(11) NOT NULL,
  `file` mediumtext NOT NULL,
  `name` varchar(255) DEFAULT NULL,
  `request_id` int(11) NOT NULL,
  `created_at` timestamp NOT NULL DEFAULT current_timestamp() ON UPDATE current_timestamp(),
  `updated_at` timestamp NOT NULL DEFAULT current_timestamp() ON UPDATE current_timestamp()
) ENGINE=InnoDB DEFAULT CHARSET=utf8mb4 COLLATE=utf8mb4_general_ci;

--
-- Dumping data for table `installment_files_request`
--

INSERT INTO `installment_files_request` (`id`, `file`, `name`, `request_id`, `created_at`, `updated_at`) VALUES
(1, '2024_9_10_13_34_3_680136_1725962643_2017-02-25_12-46-58.png', 'فیش حقوقی', 2, '2024-09-10 10:04:03', '2024-09-10 10:04:03'),
(2, '2024_9_10_13_34_3_689858_1725962643_2017-02-25_12-46-58.png', 'تصویر دسته چک', 2, '2024-09-10 10:04:03', '2024-09-10 10:04:03'),
(3, '2024_9_10_13_34_3_698349_1725962643_2017-02-25_12-46-58.png', 'گواهی اشتغال به کار', 2, '2024-09-10 10:04:03', '2024-09-10 10:04:03'),
(4, '2024_9_14_13_20_31_912904_1726307431_MAXEN-Favicon(1).png', 'فیش حقوقی', 6, '2024-09-14 09:50:31', '2024-09-14 09:50:31');

-- --------------------------------------------------------

--
-- Table structure for table `installment_requests`
--

CREATE TABLE `installment_requests` (
  `id` int(11) NOT NULL,
  `user_id` int(11) NOT NULL,
  `seller_id` int(11) DEFAULT NULL,
  `delivery_method_selected_id` int(11) DEFAULT NULL,
  `address_id` int(11) DEFAULT NULL,
  `price_confirm` varchar(255) NOT NULL DEFAULT '0',
  `request_date` date NOT NULL,
  `number_of_months` int(11) NOT NULL,
  `start_date` varchar(255) DEFAULT '0',
  `installment_amount` decimal(10,0) NOT NULL,
  `number_of_check` varchar(255) DEFAULT NULL,
  `cancel_reason` text DEFAULT NULL,
  `rejection_message` text DEFAULT NULL,
  `status` enum('خوداظهاری','تایید شد','لغو شد','بارگذاری دسته چک','رد شده','اطلاعات هویتی','درحال بررسی','درحال بررسی چک','درانتظار ارسال چک','در انتظار پرداخت','درانتظار تایید') NOT NULL,
  `created_at` timestamp NOT NULL DEFAULT current_timestamp() ON UPDATE current_timestamp(),
  `updated_at` timestamp NOT NULL DEFAULT current_timestamp() ON UPDATE current_timestamp()
) ENGINE=InnoDB DEFAULT CHARSET=utf8mb4 COLLATE=utf8mb4_general_ci;

--
-- Dumping data for table `installment_requests`
--

INSERT INTO `installment_requests` (`id`, `user_id`, `seller_id`, `delivery_method_selected_id`, `address_id`, `price_confirm`, `request_date`, `number_of_months`, `start_date`, `installment_amount`, `number_of_check`, `cancel_reason`, `rejection_message`, `status`, `created_at`, `updated_at`) VALUES
(1, 12, 1, 6, 356, '4857990', '2024-11-27', 12, '45', 34857990, '4', NULL, NULL, 'بارگذاری دسته چک', '2024-11-27 13:14:30', '2024-11-27 13:14:30'),
(2, 13, 1, 6, 357, '7799000', '2024-11-27', 12, '45', 87799000, '4', NULL, NULL, 'بارگذاری دسته چک', '2024-11-27 13:30:01', '2024-11-27 13:30:01'),
(3, 12, 1, 6, 1, '0', '2024-12-01', 12, '30', 67254990, '6', NULL, NULL, 'بارگذاری دسته چک', '2024-12-01 11:43:28', '2024-12-01 11:43:28'),
(4, 4, 1, 6, 2, '0', '2024-12-01', 12, '45', 78021990, '4', NULL, NULL, 'بارگذاری دسته چک', '2024-12-01 12:11:38', '2024-12-01 12:11:38'),
(5, 12, 1, 6, 1, '5141000', '2024-12-01', 12, '45', 10000000, '4', NULL, NULL, 'بارگذاری دسته چک', '2024-12-01 12:59:36', '2024-12-01 12:59:36'),
(6, 12, 1, 6, 1, '5141000', '2024-12-01', 12, '45', 10000000, '4', NULL, NULL, 'بارگذاری دسته چک', '2024-12-01 13:00:23', '2024-12-01 13:00:23'),
(7, 12, 1, 6, 1, '5141000', '2024-12-01', 12, '45', 10000000, '4', NULL, NULL, 'درانتظار ارسال چک', '2024-12-01 12:17:34', '2024-12-01 15:47:34'),
(8, 18, 1, 6, 4, '0', '2024-12-02', 12, '45', 121230000, '4', NULL, NULL, 'بارگذاری دسته چک', '2024-12-02 14:12:18', '2024-12-02 14:12:18'),
(9, 28, NULL, 6, 6, '0', '2024-12-13', 12, '30', 35148000, '6', NULL, NULL, 'بارگذاری دسته چک', '2024-12-13 23:02:17', '2024-12-13 23:02:17'),
(10, 28, NULL, 6, 6, '0', '2024-12-14', 12, '30', 35148000, '6', NULL, NULL, 'بارگذاری دسته چک', '2024-12-14 23:27:03', '2024-12-14 23:27:03'),
(11, 12, 1, 6, 1, '0', '2024-12-16', 12, '30', 15141000, '1', NULL, NULL, 'بارگذاری دسته چک', '2024-12-16 11:49:55', '2024-12-16 11:49:55'),
(12, 12, 1, 6, 1, '0', '2024-12-16', 12, '30', 15141000, '6', NULL, NULL, 'بارگذاری دسته چک', '2024-12-16 11:57:01', '2024-12-16 11:57:01'),
(13, 34, 8, 6, 9, '0', '2025-02-16', 12, '30', 27951000, '6', NULL, NULL, 'بارگذاری دسته چک', '2025-02-16 10:48:00', '2025-02-16 10:48:00'),
(14, 34, 8, 6, 9, '0', '2025-02-16', 12, '30', 27951000, '6', NULL, NULL, 'بارگذاری دسته چک', '2025-02-16 10:49:52', '2025-02-16 10:49:52'),
(15, 34, 8, 6, 9, '0', '2025-02-16', 12, '30', 27951000, '6', NULL, NULL, 'بارگذاری دسته چک', '2025-02-16 10:53:49', '2025-02-16 10:53:49'),
(16, 34, NULL, 4, 9, '0', '2025-02-16', 12, '30', 27342000, '6', NULL, NULL, 'بارگذاری دسته چک', '2025-02-16 11:50:57', '2025-02-16 11:50:57'),
(17, 34, 8, 6, 9, '11247000', '2025-02-16', 12, '45', 100000000, '4', NULL, NULL, 'بارگذاری دسته چک', '2025-02-16 13:17:16', '2025-02-16 13:17:16'),
(18, 34, 8, 6, 9, '0', '2025-02-17', 12, '30', 95287000, '6', NULL, NULL, 'بارگذاری دسته چک', '2025-02-17 08:58:15', '2025-02-17 08:58:15'),
(19, 66, NULL, 7, 21, '20000000', '2025-03-12', 12, '45', 23690200, '4', NULL, NULL, 'بارگذاری دسته چک', '2025-03-12 18:42:26', '2025-03-12 18:42:26'),
(20, 66, NULL, 7, 21, '0', '2025-03-12', 12, '45', 54261200, '4', NULL, NULL, 'بارگذاری دسته چک', '2025-03-12 18:52:21', '2025-03-12 18:52:21'),
(21, 70, NULL, 4, 24, '0', '2025-03-15', 12, '30', 32718400, '12', NULL, NULL, 'بارگذاری دسته چک', '2025-03-14 20:44:52', '2025-03-14 20:44:52'),
(22, 70, NULL, 4, 24, '0', '2025-03-15', 12, '30', 32718400, '6', NULL, NULL, 'بارگذاری دسته چک', '2025-03-14 21:05:52', '2025-03-14 21:05:52'),
(23, 70, NULL, 4, 24, '0', '2025-03-15', 12, '30', 32718400, '6', NULL, NULL, 'بارگذاری دسته چک', '2025-03-15 11:16:25', '2025-03-15 11:16:25'),
(24, 70, NULL, 4, 24, '0', '2025-03-15', 12, '30', 32718400, '1', NULL, NULL, 'بارگذاری دسته چک', '2025-03-15 11:23:45', '2025-03-15 11:23:45'),
(25, 70, NULL, 4, 24, '0', '2025-03-16', 12, '30', 34857900, '12', NULL, NULL, 'بارگذاری دسته چک', '2025-03-15 20:32:01', '2025-03-15 20:32:01'),
(26, 70, NULL, 4, 24, '0', '2025-03-16', 12, '30', 34857900, '12', NULL, NULL, 'بارگذاری دسته چک', '2025-03-15 20:48:40', '2025-03-15 20:48:40'),
(27, 70, NULL, 4, 24, '0', '2025-03-16', 12, '30', 34857900, '12', NULL, NULL, 'بارگذاری دسته چک', '2025-03-15 21:32:35', '2025-03-15 21:32:35'),
(28, 70, NULL, 4, 24, '0', '2025-03-16', 12, '30', 34857900, '12', NULL, NULL, 'بارگذاری دسته چک', '2025-03-15 21:39:07', '2025-03-15 21:39:07'),
(29, 70, NULL, 4, 24, '0', '2025-03-16', 12, '30', 34857900, '12', NULL, NULL, 'بارگذاری دسته چک', '2025-03-15 21:43:31', '2025-03-15 21:43:31'),
(30, 70, NULL, 4, 24, '0', '2025-03-16', 12, '30', 34857900, '12', NULL, NULL, 'بارگذاری دسته چک', '2025-03-15 21:59:21', '2025-03-15 21:59:21'),
(31, 70, NULL, 4, 24, '0', '2025-03-16', 12, '30', 34857900, '12', NULL, NULL, 'بارگذاری دسته چک', '2025-03-16 13:21:28', '2025-03-16 13:21:28'),
(32, 70, NULL, 4, 24, '0', '2025-03-16', 12, '30', 34857900, '12', NULL, NULL, 'بارگذاری دسته چک', '2025-03-16 13:24:57', '2025-03-16 13:24:57'),
(33, 91, NULL, 4, 33, '0', '2025-04-01', 12, '30', 68582800, '1', NULL, NULL, 'بارگذاری دسته چک', '2025-04-01 11:46:52', '2025-04-01 11:46:52'),
(34, 88, NULL, 6, 34, '10000000', '2025-04-05', 12, '30', 56733300, '1', NULL, NULL, 'بارگذاری دسته چک', '2025-04-05 06:45:17', '2025-04-05 06:45:17'),
(35, 99, NULL, 9, 41, '0', '2025-04-14', 12, '30', 45931600, '1', NULL, NULL, 'بارگذاری دسته چک', '2025-04-14 07:12:34', '2025-04-14 07:12:34'),
(36, 34, 48, 6, 9, '0', '2025-04-19', 12, '30', 66443300, '6', NULL, NULL, 'بارگذاری دسته چک', '2025-04-19 06:33:40', '2025-04-19 06:33:40'),
(37, 34, 48, 6, 9, '0', '2025-04-19', 12, '45', 111368400, '4', NULL, NULL, 'بارگذاری دسته چک', '2025-04-19 06:36:58', '2025-04-19 06:36:58'),
(38, 143, 18, 6, 44, '0', '2025-04-21', 12, '30', 84690100, '6', NULL, NULL, 'بارگذاری دسته چک', '2025-04-21 16:46:18', '2025-04-21 16:46:18'),
(39, 143, 18, 6, 44, '0', '2025-04-21', 12, '30', 84690100, '1', NULL, NULL, 'بارگذاری دسته چک', '2025-04-21 16:49:17', '2025-04-21 16:49:17'),
(40, 156, 48, 6, 47, '0', '2025-04-27', 12, '30', 84690100, '6', NULL, NULL, 'بارگذاری دسته چک', '2025-04-27 08:20:37', '2025-04-27 08:20:37'),
(41, 175, 47, 6, 54, '0', '2025-05-11', 12, '30', 37374700, '1', NULL, NULL, 'بارگذاری دسته چک', '2025-05-11 14:09:26', '2025-05-11 14:09:26'),
(42, 177, 47, 6, 55, '0', '2025-05-12', 12, '30', 144213300, '6', NULL, NULL, 'بارگذاری دسته چک', '2025-05-12 08:04:03', '2025-05-12 08:04:03'),
(43, 218, NULL, 9, 66, '0', '2025-05-18', 12, '30', 46686200, '1', NULL, NULL, 'بارگذاری دسته چک', '2025-05-17 20:42:48', '2025-05-17 20:42:48'),
(44, 334, NULL, 9, 109, '0', '2025-06-29', 12, '30', 34857680, '1', NULL, NULL, 'بارگذاری دسته چک', '2025-06-29 16:45:33', '2025-06-29 16:45:33'),
(45, 334, NULL, 9, 109, '0', '2025-06-29', 12, '30', 34857680, '1', NULL, NULL, 'بارگذاری دسته چک', '2025-06-29 17:05:03', '2025-06-29 17:05:03'),
(46, 334, NULL, 9, 109, '0', '2025-06-29', 12, '30', 34857680, '1', NULL, NULL, 'بارگذاری دسته چک', '2025-06-29 17:25:08', '2025-06-29 17:25:08'),
(47, 573, NULL, 9, 233, '15000000', '2025-07-08', 12, '30', 78750800, '6', NULL, NULL, 'بارگذاری دسته چک', '2025-07-08 12:20:06', '2025-07-08 12:20:06'),
(48, 591, NULL, 9, 244, '15000000', '2025-07-08', 12, '30', 38356160, '1', NULL, NULL, 'بارگذاری دسته چک', '2025-07-08 12:36:12', '2025-07-08 12:36:12'),
(49, 591, NULL, 9, 244, '15000000', '2025-07-08', 12, '30', 38356160, '1', NULL, NULL, 'بارگذاری دسته چک', '2025-07-08 14:07:01', '2025-07-08 14:07:01'),
(50, 587, NULL, 9, 242, '0', '2025-07-08', 12, '30', 85948720, '1', NULL, NULL, 'بارگذاری دسته چک', '2025-07-08 14:44:37', '2025-07-08 14:44:37'),
(51, 591, NULL, 9, 244, '15000000', '2025-07-08', 12, '30', 38356160, '1', NULL, NULL, 'بارگذاری دسته چک', '2025-07-08 14:54:58', '2025-07-08 14:54:58'),
(52, 591, NULL, 9, 244, '15000000', '2025-07-08', 12, '30', 38356160, '1', NULL, NULL, 'بارگذاری دسته چک', '2025-07-08 14:59:35', '2025-07-08 14:59:35'),
(53, 591, NULL, 9, 244, '15000000', '2025-07-08', 12, '30', 38356160, '1', NULL, NULL, 'بارگذاری دسته چک', '2025-07-08 15:08:22', '2025-07-08 15:08:22'),
(54, 591, NULL, 9, 244, '15000000', '2025-07-08', 12, '30', 38356160, '1', NULL, NULL, 'بارگذاری دسته چک', '2025-07-08 15:25:52', '2025-07-08 15:25:52'),
(55, 591, NULL, 9, 244, '15000000', '2025-07-08', 12, '30', 38356160, '1', NULL, NULL, 'بارگذاری دسته چک', '2025-07-08 18:17:07', '2025-07-08 18:17:07'),
(56, 591, NULL, 9, 244, '15000000', '2025-07-09', 12, '30', 38356160, '1', NULL, NULL, 'بارگذاری دسته چک', '2025-07-09 06:45:25', '2025-07-09 06:45:25'),
(57, 611, NULL, 9, 255, '0', '2025-07-10', 12, '30', 44924880, '1', NULL, NULL, 'بارگذاری دسته چک', '2025-07-10 11:38:40', '2025-07-10 11:38:40'),
(58, 611, NULL, 9, 255, '0', '2025-07-10', 12, '30', 44924880, '1', NULL, NULL, 'بارگذاری دسته چک', '2025-07-10 11:47:10', '2025-07-10 11:47:10'),
(59, 611, NULL, 9, 255, '0', '2025-07-10', 12, '30', 44924880, '1', NULL, NULL, 'بارگذاری دسته چک', '2025-07-10 19:42:54', '2025-07-10 19:42:54'),
(60, 611, NULL, 9, 255, '0', '2025-07-10', 12, '30', 44924880, '1', NULL, NULL, 'بارگذاری دسته چک', '2025-07-10 19:53:32', '2025-07-10 19:53:32'),
(61, 611, NULL, 9, 255, '0', '2025-07-10', 12, '30', 44924880, '1', NULL, NULL, 'بارگذاری دسته چک', '2025-07-10 20:02:57', '2025-07-10 20:02:57'),
(62, 631, NULL, 9, 262, '0', '2025-07-14', 12, '30', 85948720, '6', NULL, NULL, 'بارگذاری دسته چک', '2025-07-14 19:37:36', '2025-07-14 19:37:36'),
(63, 631, NULL, 9, 262, '0', '2025-07-21', 12, '30', 85948720, '1', NULL, NULL, 'بارگذاری دسته چک', '2025-07-20 21:47:00', '2025-07-20 21:47:00');

-- --------------------------------------------------------

--
-- Table structure for table `insurances`
--

CREATE TABLE `insurances` (
  `id` int(11) NOT NULL,
  `total_visits` int(11) NOT NULL,
  `date` date DEFAULT NULL,
  `created_at` timestamp NOT NULL DEFAULT current_timestamp() ON UPDATE current_timestamp(),
  `updated_at` timestamp NULL DEFAULT NULL,
  `deleted_at` timestamp NULL DEFAULT NULL
) ENGINE=InnoDB DEFAULT CHARSET=utf8mb4 COLLATE=utf8mb4_general_ci;

--
-- Dumping data for table `insurances`
--

INSERT INTO `insurances` (`id`, `total_visits`, `date`, `created_at`, `updated_at`, `deleted_at`) VALUES
(4, 105, '2024-01-11', '2024-01-10 20:30:00', '2024-01-11 20:40:02', NULL),
(5, 196, '2024-01-12', '2024-01-11 20:30:00', '2024-01-12 20:40:03', NULL),
(6, 171, '2024-01-13', '2024-01-12 20:30:00', '2024-01-13 20:40:03', NULL),
(7, 110, '2024-01-14', '2024-01-13 20:30:00', '2024-01-14 20:40:02', NULL),
(8, 263, '2024-01-15', '2024-01-14 20:30:00', '2024-01-15 20:40:03', NULL),
(9, 270, '2024-01-16', '2024-01-15 20:30:00', '2024-01-16 20:40:02', NULL),
(10, 316, '2024-01-17', '2024-01-16 20:30:00', '2024-01-17 20:40:03', NULL),
(11, 316, '2024-01-18', '2024-01-17 20:30:00', '2024-01-18 20:40:03', NULL),
(12, 443, '2024-01-19', '2024-01-18 20:30:00', '2024-01-19 20:40:03', NULL),
(13, 543, '2024-01-20', '2024-01-19 20:30:00', '2024-01-20 20:40:03', NULL),
(14, 260, '2024-01-21', '2024-01-20 20:30:00', '2024-01-21 20:40:02', NULL),
(15, 293, '2024-01-22', '2024-01-21 20:30:00', '2024-01-22 20:40:02', NULL),
(16, 298, '2024-01-23', '2024-01-22 20:30:00', '2024-01-23 20:40:03', NULL),
(17, 257, '2024-01-24', '2024-01-23 20:30:00', '2024-01-24 20:40:03', NULL),
(18, 323, '2024-01-25', '2024-01-24 20:30:00', '2024-01-25 20:40:02', NULL),
(19, 355, '2024-01-26', '2024-01-25 20:30:00', '2024-01-26 20:40:03', NULL),
(20, 458, '2024-01-27', '2024-01-26 20:30:00', '2024-01-27 20:40:03', NULL),
(21, 434, '2024-01-28', '2024-01-27 20:30:00', '2024-01-28 20:40:02', NULL),
(22, 521, '2024-01-29', '2024-01-28 20:30:00', '2024-01-29 20:40:03', NULL),
(23, 340, '2024-01-30', '2024-01-29 20:30:00', '2024-01-30 20:40:02', NULL),
(24, 342, '2024-01-31', '2024-01-30 20:30:00', '2024-01-31 20:40:03', NULL),
(25, 615, '2024-02-01', '2024-01-31 20:30:00', '2024-02-01 20:40:03', NULL),
(26, 1184, '2024-02-02', '2024-02-01 20:30:00', '2024-02-02 20:40:03', NULL),
(27, 619, '2024-02-03', '2024-02-02 20:30:00', '2024-02-03 20:40:02', NULL),
(28, 633, '2024-02-04', '2024-02-03 20:30:00', '2024-02-04 20:40:02', NULL),
(29, 651, '2024-02-05', '2024-02-04 20:30:00', '2024-02-05 20:40:02', NULL),
(30, 333, '2024-02-06', '2024-02-05 20:30:00', '2024-02-06 20:40:02', NULL),
(31, 349, '2024-02-07', '2024-02-06 20:30:00', '2024-02-07 20:40:08', NULL),
(32, 315, '2024-02-08', '2024-02-07 20:30:00', '2024-02-08 20:40:03', NULL),
(33, 323, '2024-02-09', '2024-02-08 20:30:00', '2024-02-09 20:40:01', NULL),
(34, 326, '2024-02-10', '2024-02-09 20:30:00', '2024-02-10 20:40:02', NULL),
(35, 337, '2024-02-11', '2024-02-10 20:30:00', '2024-02-11 20:40:02', NULL),
(36, 358, '2024-02-12', '2024-02-11 20:30:00', '2024-02-12 20:40:04', NULL),
(37, 689, '2024-02-13', '2024-02-12 20:30:00', '2024-02-13 20:40:07', NULL),
(38, 326, '2024-02-14', '2024-02-13 20:30:00', '2024-02-14 20:40:02', NULL),
(39, 295, '2024-02-15', '2024-02-14 20:30:00', '2024-02-15 20:40:02', NULL),
(40, 282, '2024-02-16', '2024-02-15 20:30:00', '2024-02-16 20:40:02', NULL),
(41, 312, '2024-02-17', '2024-02-16 20:30:00', '2024-02-17 20:40:02', NULL),
(42, 244, '2024-02-18', '2024-02-17 20:30:00', '2024-02-18 20:40:02', NULL),
(43, 243, '2024-02-19', '2024-02-18 20:30:00', '2024-02-19 20:40:02', NULL),
(44, 286, '2024-02-20', '2024-02-19 20:30:00', '2024-02-20 20:40:04', NULL),
(45, 277, '2024-02-21', '2024-02-20 20:30:00', '2024-02-21 20:40:02', NULL),
(46, 255, '2024-02-22', '2024-02-21 20:30:00', '2024-02-22 20:40:02', NULL),
(47, 259, '2024-02-23', '2024-02-22 20:30:00', '2024-02-23 20:40:02', NULL),
(48, 293, '2024-02-24', '2024-02-23 20:30:00', '2024-02-24 20:40:02', NULL),
(49, 279, '2024-02-25', '2024-02-24 20:30:00', '2024-02-25 20:40:02', NULL),
(50, 264, '2024-02-26', '2024-02-25 20:30:00', '2024-02-26 20:40:02', NULL),
(51, 262, '2024-02-27', '2024-02-26 20:30:00', '2024-02-27 20:40:02', NULL),
(52, 280, '2024-02-28', '2024-02-27 20:30:00', '2024-02-28 20:40:03', NULL),
(53, 376, '2024-02-29', '2024-02-28 20:30:00', '2024-02-29 20:40:02', NULL),
(54, 333, '2024-03-01', '2024-02-29 20:30:00', '2024-03-01 20:40:04', NULL),
(55, 247, '2024-03-02', '2024-03-01 20:30:00', '2024-03-02 20:40:07', NULL),
(56, 286, '2024-03-03', '2024-03-02 20:30:00', '2024-03-03 20:40:08', NULL);

-- --------------------------------------------------------

--
-- Table structure for table `khabarname`
--

CREATE TABLE `khabarname` (
  `id` int(11) NOT NULL,
  `email` varchar(255) NOT NULL,
  `created_at` timestamp NOT NULL DEFAULT current_timestamp(),
  `updated_at` timestamp NULL DEFAULT NULL,
  `deleted_at` timestamp NULL DEFAULT NULL
) ENGINE=InnoDB DEFAULT CHARSET=utf8mb4 COLLATE=utf8mb4_general_ci;

-- --------------------------------------------------------

--
-- Table structure for table `labels`
--

CREATE TABLE `labels` (
  `id` int(11) NOT NULL,
  `name` varchar(255) NOT NULL,
  `color` varchar(255) NOT NULL,
  `created_at` timestamp NOT NULL DEFAULT current_timestamp(),
  `updated_at` timestamp NULL DEFAULT NULL,
  `deleted_at` timestamp NULL DEFAULT NULL
) ENGINE=InnoDB DEFAULT CHARSET=utf8mb4 COLLATE=utf8mb4_general_ci;

--
-- Dumping data for table `labels`
--

INSERT INTO `labels` (`id`, `name`, `color`, `created_at`, `updated_at`, `deleted_at`) VALUES
(3, 'پر فروش', '#ff0080', '2023-07-15 17:02:22', '2025-05-26 06:59:42', '2025-05-26 06:59:42'),
(4, 'ارسال رایگان', '#0080ff', '2023-10-17 07:33:39', '2023-10-17 08:42:39', NULL),
(5, 'توقف تولید', '#ff0000', '2023-10-29 05:59:51', '2023-10-29 05:59:51', NULL);

-- --------------------------------------------------------

--
-- Table structure for table `measures`
--

CREATE TABLE `measures` (
  `id` bigint(20) UNSIGNED NOT NULL,
  `title` varchar(255) NOT NULL,
  `created_at` timestamp NULL DEFAULT NULL,
  `updated_at` timestamp NULL DEFAULT NULL
) ENGINE=InnoDB DEFAULT CHARSET=utf8mb4 COLLATE=utf8mb4_general_ci;

-- --------------------------------------------------------

--
-- Table structure for table `mellat_logs`
--

CREATE TABLE `mellat_logs` (
  `id` int(10) UNSIGNED NOT NULL,
  `ref_id` varchar(255) NOT NULL,
  `amount` int(11) NOT NULL,
  `order_id` bigint(20) UNSIGNED NOT NULL,
  `payer_id` varchar(255) NOT NULL,
  `sale_order_id` varchar(255) DEFAULT NULL,
  `sale_reference_id` varchar(255) DEFAULT NULL,
  `message` varchar(255) DEFAULT NULL,
  `res_code` varchar(255) DEFAULT NULL,
  `status` enum('successful','unsuccessful','pending') NOT NULL DEFAULT 'pending',
  `created_at` timestamp NULL DEFAULT NULL,
  `updated_at` timestamp NULL DEFAULT NULL,
  `deleted_at` timestamp NULL DEFAULT NULL
) ENGINE=InnoDB DEFAULT CHARSET=utf8mb4 COLLATE=utf8mb4_general_ci;

-- --------------------------------------------------------

--
-- Table structure for table `menus`
--

CREATE TABLE `menus` (
  `id` bigint(20) UNSIGNED NOT NULL,
  `title` varchar(255) NOT NULL,
  `type` varchar(255) DEFAULT NULL,
  `parent` int(11) NOT NULL DEFAULT 0,
  `page_alias` varchar(255) DEFAULT NULL,
  `link` varchar(255) DEFAULT NULL,
  `created_at` timestamp NULL DEFAULT NULL,
  `updated_at` timestamp NULL DEFAULT NULL,
  `priority` int(11) NOT NULL DEFAULT 1
) ENGINE=InnoDB DEFAULT CHARSET=utf8mb4 COLLATE=utf8mb4_unicode_ci;

-- --------------------------------------------------------

--
-- Table structure for table `menus_drag`
--

CREATE TABLE `menus_drag` (
  `id` int(11) NOT NULL,
  `parent_id` int(11) DEFAULT NULL,
  `page_id` int(11) NOT NULL DEFAULT 0,
  `type` varchar(255) DEFAULT NULL,
  `sort` int(11) NOT NULL DEFAULT 0,
  `name` varchar(255) CHARACTER SET utf8mb4 COLLATE utf8mb4_persian_ci DEFAULT NULL,
  `link` varchar(255) DEFAULT NULL,
  `created_at` timestamp NOT NULL DEFAULT current_timestamp() ON UPDATE current_timestamp(),
  `updated_at` timestamp NOT NULL DEFAULT current_timestamp() ON UPDATE current_timestamp()
) ENGINE=InnoDB DEFAULT CHARSET=latin1 COLLATE=latin1_swedish_ci;

--
-- Dumping data for table `menus_drag`
--

INSERT INTO `menus_drag` (`id`, `parent_id`, `page_id`, `type`, `sort`, `name`, `link`, `created_at`, `updated_at`) VALUES
(25, NULL, 15, 'link', 0, 'آموزش', 'https://niksunco.com/shop/educations', '2025-05-19 06:31:30', '2025-05-19 06:31:30');

-- --------------------------------------------------------

--
-- Table structure for table `messages`
--

CREATE TABLE `messages` (
  `id` bigint(20) UNSIGNED NOT NULL,
  `message` text NOT NULL,
  `seller_id` bigint(20) UNSIGNED NOT NULL,
  `is_admin` tinyint(1) NOT NULL,
  `is_seen` int(11) NOT NULL DEFAULT 0,
  `created_at` timestamp NULL DEFAULT NULL,
  `updated_at` timestamp NULL DEFAULT NULL
) ENGINE=InnoDB DEFAULT CHARSET=utf8mb4 COLLATE=utf8mb4_general_ci;

--
-- Dumping data for table `messages`
--

INSERT INTO `messages` (`id`, `message`, `seller_id`, `is_admin`, `is_seen`, `created_at`, `updated_at`) VALUES
(67, 'sssssssssssssss', 14, 0, 1, '2024-10-28 12:13:10', '2024-10-28 12:13:43'),
(68, 'oooooooooo', 14, 1, 1, '2024-10-28 12:13:50', '2025-02-17 08:23:03'),
(70, 'ییی', 16, 0, 0, '2024-10-28 12:59:51', '2024-10-28 12:59:51'),
(71, 'تستست', 16, 0, 0, '2024-10-28 13:03:05', '2024-10-28 13:03:05'),
(72, 'سلام', 17, 1, 1, '2024-10-29 05:29:47', '2024-10-29 10:07:47'),
(73, 'لطفا جواز کسب ثبت شود', 17, 1, 1, '2024-10-29 05:30:01', '2024-10-29 10:07:47'),
(74, 'gfkyflgliukjh', 17, 0, 1, '2024-10-29 11:11:03', '2024-10-29 11:12:02'),
(75, 'سلام', 21, 0, 1, '2024-10-30 07:53:40', '2024-10-30 07:54:17'),
(76, 'علیک', 21, 1, 1, '2024-10-30 07:54:20', '2025-03-15 10:13:26'),
(77, 'سلام چطوری', 22, 0, 1, '2024-10-30 08:50:12', '2024-10-30 08:50:52'),
(78, 'من و تایید کن', 22, 0, 1, '2024-10-30 08:50:21', '2024-10-30 08:50:52'),
(79, 'امکانش نیست!', 22, 1, 1, '2024-10-30 08:51:08', '2024-10-30 08:51:22'),
(80, 'سلام. درخواست ثبت شد', 24, 0, 0, '2024-10-31 05:20:35', '2024-10-31 05:20:35'),
(81, 'سلام', 27, 0, 0, '2024-11-12 08:38:28', '2024-11-12 08:38:28'),
(82, 'سلام', 29, 0, 1, '2024-11-12 13:20:03', '2024-11-13 14:10:31'),
(83, 'درخواست نمایندگی ثبت شد', 29, 0, 1, '2024-11-12 13:20:16', '2024-11-13 14:10:31'),
(84, 'سلام. لطفا کد آیسیک را در قسمت کد جواز کسب وارد نمایید.', 24, 0, 0, '2025-04-05 06:22:25', '2025-04-05 06:22:25'),
(85, 'لطفا مراحل بعدی را جهت تکمیل نهایی ادامه دهید.', 24, 0, 0, '2025-04-06 05:32:58', '2025-04-06 05:32:58'),
(86, 'تایید شد.', 24, 0, 0, '2025-04-06 07:52:27', '2025-04-06 07:52:27'),
(87, 'سلام و عرص ادب', 27, 0, 0, '2025-04-07 12:21:20', '2025-04-07 12:21:20'),
(88, 'سلام صبحتون بخیر', 32, 0, 0, '2025-04-09 05:15:29', '2025-04-09 05:15:29'),
(89, 'تصویر سند ملکیت فروشگاه را بارگذاری نمایید.', 32, 0, 0, '2025-04-09 05:21:52', '2025-04-09 05:21:52'),
(90, 'سلام و عرض ادب', 33, 0, 0, '2025-04-09 05:52:28', '2025-04-09 05:52:28'),
(91, 'لطفا تصویر اجاره نامه را بارگذاری کنید.', 33, 0, 0, '2025-04-09 05:52:57', '2025-04-09 05:52:57'),
(92, 'لطفا تصویر اجاره نامه را بارگذاری کنید.', 33, 0, 0, '2025-04-09 05:52:57', '2025-04-09 05:52:57'),
(93, 'لطفا تصویر اجاره نامه را بارگذاری کنید.', 33, 0, 0, '2025-04-09 05:52:57', '2025-04-09 05:52:57'),
(94, 'لطفا تصویر اجاره نامه را بارگذاری کنید.', 33, 0, 0, '2025-04-09 05:52:57', '2025-04-09 05:52:57'),
(95, 'با سلام و عرض ادب', 43, 0, 0, '2025-04-14 05:40:36', '2025-04-14 05:40:36'),
(96, 'مواردی که خدمتتون عرض میکنم نیاز به ویرایش دارد. مالک فروشگاه آقای محمد سعید رضایی اردکانی می باشد ولی جواز کسب بنام خانم زبیده ملک نسب اردکانی، پس لطفا در قسمت سوال جواز کسب بنام خودتان است گزینه خیر را انتخاب و مشخصات صاحب جواز کسب را وارد فرمایید.تصویر کارت ملی و شناسنامه می بایست مربوط به مالک فروشگاه یعنی آقای محمدسعید رضایی اردکانی باشد. و در آخر تصویر اجاره نامه را بارگذاری نمایید.', 43, 0, 0, '2025-04-14 05:47:30', '2025-04-14 05:47:30'),
(97, 'سلام', 52, 0, 0, '2025-04-19 06:16:00', '2025-04-19 06:16:00'),
(98, 'لطفا تصویر سند مالکیت را بارگذاری نمایید', 52, 0, 0, '2025-04-19 06:16:47', '2025-04-19 06:16:47'),
(99, 'رلرضشثلبض', 48, 0, 0, '2025-04-28 13:20:40', '2025-04-28 13:20:40'),
(100, 'سلام', 89, 0, 0, '2025-05-18 09:20:13', '2025-05-18 09:20:13');

-- --------------------------------------------------------

--
-- Table structure for table `migrations`
--

CREATE TABLE `migrations` (
  `id` int(10) UNSIGNED NOT NULL,
  `migration` varchar(255) NOT NULL,
  `batch` int(11) NOT NULL,
  `deleted_at` timestamp NULL DEFAULT NULL
) ENGINE=InnoDB DEFAULT CHARSET=utf8mb4 COLLATE=utf8mb4_general_ci;

--
-- Dumping data for table `migrations`
--

INSERT INTO `migrations` (`id`, `migration`, `batch`, `deleted_at`) VALUES
(1, '2014_10_12_000000_create_users_table', 1, NULL),
(2, '2014_10_12_100000_create_password_resets_table', 1, NULL),
(3, '2019_08_19_000000_create_failed_jobs_table', 1, NULL),
(4, '2020_11_09_220548_create_categories_table', 1, NULL),
(5, '2020_11_09_220804_create_brands_table', 1, NULL),
(6, '2020_11_09_221214_create_products_table', 1, NULL),
(7, '2020_11_09_222039_create_product_images_table', 1, NULL),
(8, '2020_11_09_222339_create_tags_table', 1, NULL),
(9, '2020_11_09_222445_create_product_tag_table', 1, NULL),
(10, '2020_11_09_222702_create_comments_table', 1, NULL),
(11, '2020_11_09_222936_create_product_rates_table', 1, NULL),
(12, '2020_11_09_223804_create_attributes_table', 1, NULL),
(13, '2020_11_09_223859_create_attribute_category_table', 1, NULL),
(14, '2020_11_09_224450_create_product_attributes_table', 1, NULL),
(16, '2020_11_09_225344_create_provinces_table', 1, NULL),
(17, '2020_11_09_225443_create_cities_table', 1, NULL),
(18, '2020_11_09_225601_create_user_addresses_table', 1, NULL),
(19, '2020_11_09_230209_create_coupons_table', 1, NULL),
(20, '2020_11_09_230759_create_orders_table', 1, NULL),
(21, '2020_11_09_231450_create_order_items_table', 1, NULL),
(22, '2020_11_09_231708_create_transactions_table', 1, NULL),
(23, '2020_11_09_232304_create_wishlist_table', 1, NULL),
(24, '2020_11_09_232426_create_banners_table', 1, NULL),
(25, '2020_11_09_232647_create_contact_us_table', 1, NULL),
(26, '2020_11_09_232749_create_settings_table', 1, NULL),
(27, '2020_11_09_224628_create_product_variations_table', 2, NULL),
(28, '2014_10_12_200000_add_two_factor_columns_to_users_table', 3, NULL),
(29, '2021_04_20_150751_create_permission_tables', 3, NULL),
(30, '2021_12_05_120940_create_visits_table', 4, NULL),
(31, '2018_11_07_144503_create_mellat_logs_table', 5, NULL),
(32, '2022_11_08_124021_create_category_product_table', 6, NULL),
(33, '2022_11_15_162622_create_sections_table', 7, NULL),
(34, '2022_12_11_142549_create_category_offer_product_table', 8, NULL),
(35, '2022_12_11_145637_create_brand_offer_product_table', 9, NULL),
(36, '2022_12_11_150634_create_brand_product_table', 10, NULL),
(37, '2022_12_12_094949_create_measures_table', 11, NULL),
(38, '2022_12_12_115411_create_category_measure_table', 12, NULL);

-- --------------------------------------------------------

--
-- Table structure for table `model_has_permissions`
--

CREATE TABLE `model_has_permissions` (
  `permission_id` bigint(20) UNSIGNED NOT NULL,
  `model_type` varchar(255) NOT NULL,
  `model_id` bigint(20) UNSIGNED NOT NULL,
  `deleted_at` timestamp NULL DEFAULT NULL
) ENGINE=InnoDB DEFAULT CHARSET=utf8mb4 COLLATE=utf8mb4_general_ci;

--
-- Dumping data for table `model_has_permissions`
--

INSERT INTO `model_has_permissions` (`permission_id`, `model_type`, `model_id`, `deleted_at`) VALUES
(1, 'App\\Models\\Role', 2, NULL),
(1, 'App\\Models\\Role', 4, NULL),
(2, 'App\\Models\\Role', 1, NULL),
(2, 'App\\Models\\Role', 2, NULL),
(2, 'App\\Models\\Role', 4, NULL),
(3, 'App\\Models\\Role', 1, NULL),
(3, 'App\\Models\\Role', 3, NULL),
(3, 'App\\Models\\Role', 4, NULL),
(3, 'App\\Models\\User', 6, NULL),
(4, 'App\\Models\\Role', 1, NULL);

-- --------------------------------------------------------

--
-- Table structure for table `model_has_roles`
--

CREATE TABLE `model_has_roles` (
  `role_id` bigint(20) UNSIGNED NOT NULL,
  `model_type` varchar(255) NOT NULL,
  `model_id` bigint(20) UNSIGNED NOT NULL,
  `deleted_at` timestamp NULL DEFAULT NULL
) ENGINE=InnoDB DEFAULT CHARSET=utf8mb4 COLLATE=utf8mb4_general_ci;

--
-- Dumping data for table `model_has_roles`
--

INSERT INTO `model_has_roles` (`role_id`, `model_type`, `model_id`, `deleted_at`) VALUES
(1, 'App\\Models\\User', 2, NULL),
(1, 'App\\Models\\User', 10, NULL),
(1, 'App\\Models\\User', 34, NULL),
(1, 'App\\Models\\User', 41, NULL),
(1, 'App\\Models\\User', 109, NULL),
(1, 'App\\Models\\User', 282, NULL),
(1, 'App\\Models\\User', 593, NULL);

-- --------------------------------------------------------

--
-- Table structure for table `notifications`
--

CREATE TABLE `notifications` (
  `id` int(11) NOT NULL,
  `title` varchar(255) DEFAULT NULL,
  `description` text NOT NULL,
  `created_at` timestamp NOT NULL DEFAULT current_timestamp(),
  `updated_at` timestamp NOT NULL DEFAULT current_timestamp()
) ENGINE=InnoDB DEFAULT CHARSET=utf8mb4 COLLATE=utf8mb4_general_ci;

-- --------------------------------------------------------

--
-- Table structure for table `offers`
--

CREATE TABLE `offers` (
  `id` int(11) NOT NULL,
  `title` varchar(255) DEFAULT NULL,
  `type` int(11) NOT NULL DEFAULT 0,
  `product_image` varchar(255) DEFAULT NULL,
  `button_link` varchar(255) NOT NULL,
  `bg_image` varchar(255) DEFAULT NULL,
  `bg_color` varchar(255) DEFAULT NULL,
  `created_at` timestamp NOT NULL DEFAULT current_timestamp(),
  `updated_at` timestamp NULL DEFAULT NULL,
  `deleted_at` timestamp NULL DEFAULT NULL
) ENGINE=InnoDB DEFAULT CHARSET=utf8mb4 COLLATE=utf8mb4_general_ci;

-- --------------------------------------------------------

--
-- Table structure for table `orders`
--

CREATE TABLE `orders` (
  `id` bigint(20) UNSIGNED NOT NULL,
  `order_number` varchar(255) DEFAULT NULL,
  `organ_discount` varchar(255) NOT NULL DEFAULT '0',
  `ref_id_vibe` text DEFAULT NULL,
  `ticket_id` varchar(255) NOT NULL DEFAULT '0',
  `image` varchar(255) DEFAULT NULL,
  `request_id` int(11) NOT NULL DEFAULT 0,
  `user_id` bigint(20) UNSIGNED NOT NULL,
  `seller_id` int(11) DEFAULT NULL,
  `address_id` bigint(20) UNSIGNED NOT NULL,
  `coupon_id` bigint(20) UNSIGNED DEFAULT NULL,
  `return_status` int(11) NOT NULL DEFAULT 0,
  `status` tinyint(4) NOT NULL DEFAULT 0,
  `total_amount` int(10) UNSIGNED NOT NULL,
  `delivery_amount` int(10) UNSIGNED NOT NULL DEFAULT 0,
  `coupon_amount` int(10) UNSIGNED DEFAULT 0,
  `paying_amount` int(10) UNSIGNED NOT NULL,
  `deposit` int(11) DEFAULT 0,
  `payment_type` varchar(255) DEFAULT NULL,
  `payment_status` tinyint(4) NOT NULL DEFAULT 0,
  `description` text DEFAULT NULL,
  `delivery_date` varchar(255) DEFAULT NULL,
  `delivery_time` varchar(255) DEFAULT NULL,
  `delivery_method` int(11) NOT NULL,
  `TrackingCode` varchar(255) DEFAULT NULL,
  `wallet` varchar(255) DEFAULT NULL,
  `tax` int(11) NOT NULL DEFAULT 0,
  `discount_price_seller` varchar(255) DEFAULT NULL,
  `commission` int(11) NOT NULL DEFAULT 0,
  `delivery_status` varchar(255) NOT NULL DEFAULT '0',
  `active_sms` tinyint(1) NOT NULL DEFAULT 1,
  `customer_address` varchar(255) DEFAULT NULL,
  `is_pre_order` tinyint(4) NOT NULL DEFAULT 0,
  `created_at` timestamp NULL DEFAULT NULL,
  `updated_at` timestamp NULL DEFAULT NULL,
  `deleted_at` timestamp NULL DEFAULT NULL
) ENGINE=InnoDB DEFAULT CHARSET=utf8mb4 COLLATE=utf8mb4_general_ci;

--
-- Dumping data for table `orders`
--

INSERT INTO `orders` (`id`, `order_number`, `organ_discount`, `ref_id_vibe`, `ticket_id`, `image`, `request_id`, `user_id`, `seller_id`, `address_id`, `coupon_id`, `return_status`, `status`, `total_amount`, `delivery_amount`, `coupon_amount`, `paying_amount`, `deposit`, `payment_type`, `payment_status`, `description`, `delivery_date`, `delivery_time`, `delivery_method`, `TrackingCode`, `wallet`, `tax`, `discount_price_seller`, `commission`, `delivery_status`, `active_sms`, `customer_address`, `is_pre_order`, `created_at`, `updated_at`, `deleted_at`) VALUES
(1, NULL, '0', NULL, '0', NULL, 1, 12, 1, 356, NULL, 0, 2, 34857990, 0, 0, 34857990, 0, '9', 1, 'خرید اقساطی', NULL, NULL, 6, NULL, '0', 0, NULL, 0, '5', 1, NULL, 0, '2024-11-27 13:14:30', '2025-06-03 08:40:48', '2025-06-03 08:40:48'),
(2, NULL, '0', NULL, '0', NULL, 2, 13, 1, 357, NULL, 0, 2, 87799000, 0, 0, 87799000, 0, '9', 1, 'خرید اقساطی', NULL, NULL, 6, NULL, '0', 0, NULL, 0, '5', 1, NULL, 0, '2024-11-27 13:30:01', '2025-06-03 08:40:54', '2025-06-03 08:40:54'),
(3, NULL, '0', NULL, '0', NULL, 4, 4, 1, 2, NULL, 0, 2, 78021990, 0, 0, 78021990, 0, '9', 1, 'خرید اقساطی', NULL, NULL, 6, NULL, '0', 0, NULL, 0, '5', 1, NULL, 0, '2024-12-01 12:11:38', '2025-02-16 13:26:06', '2025-02-16 13:26:06'),
(4, NULL, '0', NULL, '0', NULL, 7, 12, 1, 1, NULL, 0, 2, 10000000, 0, 0, 10000000, 0, '9', 1, 'خرید اقساطی', NULL, NULL, 6, NULL, '0', 0, NULL, 0, '5', 1, NULL, 0, '2024-12-01 14:08:44', '2025-06-03 08:41:16', '2025-06-03 08:41:16'),
(5, '4514', '0', NULL, '0', NULL, 0, 1, 1, 3, NULL, 0, 0, 15141000, 0, NULL, 15141000, 0, '4', 0, NULL, NULL, NULL, 6, NULL, '0', 0, NULL, 20, '1', 1, NULL, 0, '2024-12-02 13:13:46', '2024-12-16 09:43:52', '2024-12-16 09:43:52'),
(6, NULL, '0', NULL, '0', NULL, 8, 18, 1, 4, NULL, 0, 2, 121230000, 0, 0, 121230000, 0, '9', 1, 'خرید اقساطی', NULL, NULL, 6, NULL, '0', 0, NULL, 0, '5', 1, NULL, 0, '2024-12-02 14:12:18', '2025-06-03 08:41:22', '2025-06-03 08:41:22'),
(7, '4516', '0', NULL, '0', NULL, 0, 1, 1, 3, NULL, 0, 0, 34857990, 0, NULL, 34857990, 0, '4', 0, NULL, NULL, NULL, 6, NULL, '0', 0, NULL, 20, '1', 1, NULL, 0, '2024-12-03 13:32:47', '2024-12-04 08:31:17', '2024-12-04 08:31:17'),
(8, '4517', '0', NULL, '0', NULL, 0, 1, 1, 3, NULL, 0, 0, 34857990, 0, NULL, 34857990, 0, '4', 0, NULL, NULL, NULL, 6, NULL, '0', 0, NULL, 20, '6', 1, NULL, 0, '2024-12-03 13:33:00', '2024-12-04 08:31:08', '2024-12-04 08:31:08'),
(9, NULL, '0', NULL, '0', NULL, 9, 28, NULL, 6, NULL, 0, 2, 35148000, 0, 0, 35148000, 0, '9', 1, 'خرید اقساطی', NULL, NULL, 6, NULL, '0', 0, NULL, 0, '5', 1, NULL, 0, '2024-12-13 23:02:17', '2025-06-03 08:41:43', '2025-06-03 08:41:43'),
(10, NULL, '0', NULL, '0', NULL, 10, 28, NULL, 6, NULL, 0, 2, 35148000, 0, 0, 35148000, 0, '9', 1, 'خرید اقساطی', NULL, NULL, 6, NULL, '0', 0, NULL, 0, '5', 1, NULL, 0, '2024-12-14 23:27:03', '2025-06-03 08:41:50', '2025-06-03 08:41:50'),
(11, '4520', '0', NULL, '0', NULL, 0, 1, 1, 3, NULL, 0, 0, 87800000, 0, NULL, 87800000, 0, '4', 0, NULL, NULL, NULL, 6, NULL, '0', 0, NULL, 20, '1', 1, NULL, 0, '2024-12-15 13:01:15', '2024-12-16 09:44:10', '2024-12-16 09:44:10'),
(12, NULL, '0', NULL, '0', NULL, 11, 12, 1, 1, NULL, 0, 2, 15141000, 0, 0, 15141000, 0, '9', 1, 'خرید اقساطی', NULL, NULL, 6, NULL, '0', 0, NULL, 0, '5', 1, NULL, 0, '2024-12-16 11:49:55', '2025-06-10 12:29:18', '2025-06-10 12:29:18'),
(13, NULL, '0', NULL, '0', NULL, 12, 12, 1, 1, NULL, 3, 2, 15141000, 0, 0, 15141000, 0, '9', 1, 'خرید اقساطی', NULL, NULL, 6, NULL, '0', 0, NULL, 0, '5', 1, NULL, 0, '2024-12-16 11:57:01', '2025-06-10 12:29:18', '2025-06-10 12:29:18'),
(14, '702992', '0', NULL, '0', NULL, 14, 34, 8, 9, NULL, 0, 2, 27951000, 0, 0, 27951000, 0, '9', 1, 'خرید اقساطی', NULL, NULL, 6, NULL, '0', 0, NULL, 20, '5', 1, NULL, 0, '2025-02-16 10:49:52', '2025-06-10 12:29:18', '2025-06-10 12:29:18'),
(15, '703229', '0', NULL, '0', NULL, 15, 34, 8, 9, NULL, 0, 2, 27951000, 0, 0, 27951000, 0, '9', 1, 'خرید اقساطی', NULL, NULL, 6, NULL, '0', 0, NULL, 20, '5', 1, NULL, 0, '2025-02-16 10:53:49', '2025-06-10 12:29:18', '2025-06-10 12:29:18'),
(16, '706657', '0', NULL, '0', NULL, 16, 34, NULL, 9, NULL, 0, 2, 27342000, 0, 0, 27342000, 0, '9', 1, 'خرید اقساطی', NULL, NULL, 4, NULL, '0', 0, NULL, 0, '5', 1, NULL, 0, '2025-02-16 11:50:57', '2025-06-10 12:29:18', '2025-06-10 12:29:18'),
(17, '711836', '0', NULL, '0', NULL, 17, 34, 8, 9, NULL, 0, 2, 100000000, 0, 0, 88753000, 0, '9', 1, 'خرید اقساطی', NULL, NULL, 6, NULL, '0', 0, NULL, 20, '5', 1, NULL, 0, '2025-02-16 13:17:16', '2025-06-10 12:29:18', '2025-06-10 12:29:18'),
(18, '782695', '0', NULL, '0', NULL, 18, 34, 8, 9, NULL, 0, 2, 95287000, 0, 0, 95287000, 0, '9', 1, 'خرید اقساطی', NULL, NULL, 6, NULL, '0', 0, NULL, 20, '5', 1, NULL, 0, '2025-02-17 08:58:15', '2025-06-10 12:29:18', '2025-06-10 12:29:18'),
(19, '4528', '0', NULL, '0', NULL, 0, 34, NULL, 9, NULL, 0, 0, 1000, 0, NULL, 1000, 0, '10', 0, NULL, NULL, '14 تا 18', 4, NULL, '0', 0, NULL, 20, '1', 1, NULL, 0, '2025-02-25 06:41:37', '2025-06-10 12:29:18', '2025-06-10 12:29:18'),
(20, '4529', '0', NULL, '0', NULL, 0, 34, NULL, 9, NULL, 0, 0, 1000, 0, NULL, 1000, 0, '10', 0, NULL, NULL, '14 تا 18', 4, NULL, '0', 0, NULL, 20, '1', 1, NULL, 0, '2025-02-25 06:42:53', '2025-06-10 12:29:18', '2025-06-10 12:29:18'),
(21, '4530', '0', NULL, '0', NULL, 0, 34, NULL, 9, NULL, 0, 0, 1000, 0, NULL, 1000, 0, '10', 0, NULL, NULL, '14 تا 18', 4, NULL, '0', 0, NULL, 20, '1', 1, NULL, 0, '2025-02-25 06:42:53', '2025-06-10 12:29:18', '2025-06-10 12:29:18'),
(22, '4531', '0', NULL, '0', NULL, 0, 34, NULL, 9, NULL, 0, 0, 1000, 0, NULL, 1000, 0, '10', 0, NULL, NULL, '14 تا 18', 4, NULL, '0', 0, NULL, 20, '1', 1, NULL, 0, '2025-02-25 06:44:28', '2025-06-10 12:29:18', '2025-06-10 12:29:18'),
(23, '4532', '0', NULL, '0', NULL, 0, 34, NULL, 9, NULL, 0, 0, 1000, 0, NULL, 1000, 0, '10', 0, NULL, NULL, '14 تا 18', 4, NULL, '0', 0, NULL, 20, '1', 1, NULL, 0, '2025-02-25 06:45:31', '2025-06-10 12:29:18', '2025-06-10 12:29:18'),
(24, '4533', '0', NULL, '0', NULL, 0, 34, NULL, 9, NULL, 0, 0, 1000, 0, NULL, 1000, 0, '10', 0, NULL, NULL, '14 تا 18', 4, NULL, '0', 0, NULL, 20, '1', 1, NULL, 0, '2025-02-25 06:46:57', '2025-06-10 12:29:18', '2025-06-10 12:29:18'),
(25, '4534', '0', NULL, '0', NULL, 0, 34, NULL, 9, NULL, 0, 0, 1000, 0, NULL, 1000, 0, '10', 0, NULL, NULL, '14 تا 18', 4, NULL, '0', 0, NULL, 20, '1', 1, NULL, 0, '2025-02-25 06:47:48', '2025-06-10 12:29:18', '2025-06-10 12:29:18'),
(26, '4535', '0', NULL, '0', NULL, 0, 34, NULL, 9, NULL, 0, 0, 1000, 0, NULL, 1000, 0, '10', 0, NULL, NULL, '14 تا 18', 4, NULL, '0', 0, NULL, 20, '1', 1, NULL, 0, '2025-02-25 06:49:38', '2025-06-10 12:29:18', '2025-06-10 12:29:18'),
(27, '4536', '0', NULL, '0', NULL, 0, 34, NULL, 9, NULL, 0, 2, 1000, 0, NULL, 1000, 0, '10', 1, NULL, NULL, '14 تا 18', 4, NULL, '0', 0, NULL, 20, '2', 1, NULL, 0, '2025-02-25 06:51:08', '2025-06-10 12:29:18', '2025-06-10 12:29:18'),
(28, '4537', '0', NULL, '0', NULL, 0, 43, NULL, 14, NULL, 0, 0, 67701700, 0, NULL, 67701700, 0, '10', 0, NULL, NULL, '14 تا 18', 4, NULL, '0', 0, NULL, 20, '1', 1, NULL, 0, '2025-02-25 12:15:36', '2025-06-10 12:29:18', '2025-06-10 12:29:18'),
(29, '4538', '0', NULL, '0', NULL, 0, 51, NULL, 16, NULL, 0, 0, 67701700, 0, NULL, 67701700, 0, '10', 0, NULL, NULL, '14 تا 18', 4, NULL, '0', 0, NULL, 20, '1', 1, NULL, 0, '2025-03-05 05:41:03', '2025-06-10 12:29:18', '2025-06-10 12:29:18'),
(30, '4539', '0', NULL, '0', NULL, 0, 34, NULL, 9, NULL, 0, 0, 85948500, 0, NULL, 85948500, 0, '11', 0, NULL, NULL, '14 تا 18', 4, NULL, '0', 0, NULL, 20, '1', 1, NULL, 0, '2025-03-10 11:58:16', '2025-06-10 12:29:18', '2025-06-10 12:29:18'),
(31, '4540', '0', NULL, '0', NULL, 0, 34, NULL, 9, NULL, 0, 0, 85948500, 0, NULL, 85948500, 0, '11', 0, NULL, NULL, '14 تا 18', 4, NULL, '0', 0, NULL, 20, '1', 1, NULL, 0, '2025-03-10 11:58:25', '2025-06-10 12:29:18', '2025-06-10 12:29:18'),
(32, '4541', '0', NULL, '0', NULL, 0, 34, NULL, 9, NULL, 1, 2, 85948500, 0, NULL, 85948500, 0, '11', 1, NULL, NULL, '14 تا 18', 4, NULL, '0', 0, NULL, 20, '2', 1, NULL, 0, '2025-03-10 12:06:56', '2025-06-10 12:29:18', '2025-06-10 12:29:18'),
(33, '804946', '0', NULL, '0', NULL, 19, 66, NULL, 21, NULL, 0, 2, 23690200, 0, 0, 3690200, 0, '9', 1, 'خرید اقساطی', NULL, NULL, 7, NULL, '0', 0, NULL, 0, '5', 1, NULL, 0, '2025-03-12 18:42:26', '2025-06-10 12:29:18', '2025-06-10 12:29:18'),
(34, '805541', '0', NULL, '0', NULL, 20, 66, NULL, 21, NULL, 0, 2, 54261200, 0, 0, 54261200, 0, '9', 1, 'خرید اقساطی', NULL, NULL, 7, NULL, '0', 0, NULL, 0, '5', 1, NULL, 0, '2025-03-12 18:52:21', '2025-06-10 12:29:18', '2025-06-10 12:29:18'),
(35, '4544', '0', NULL, '0', NULL, 0, 69, NULL, 23, NULL, 0, 0, 67991700, 290000, NULL, 67991700, 0, '10', 0, NULL, NULL, '14 تا 18', 6, NULL, '0', 0, NULL, 20, '1', 1, NULL, 0, '2025-03-14 19:01:31', '2025-06-10 12:29:18', '2025-06-10 12:29:18'),
(36, '4545', '0', NULL, '0', NULL, 0, 70, NULL, 24, NULL, 0, 0, 26884000, 0, NULL, 26884000, 0, '10', 0, NULL, NULL, '14 تا 18', 4, NULL, '0', 0, NULL, 20, '1', 1, NULL, 0, '2025-03-14 20:35:03', '2025-06-10 12:29:18', '2025-06-10 12:29:18'),
(37, '985092', '0', NULL, '0', NULL, 21, 70, NULL, 24, NULL, 0, 2, 32718400, 0, 0, 32718400, 0, '9', 1, 'خرید اقساطی', NULL, NULL, 4, NULL, '0', 0, NULL, 0, '5', 1, NULL, 0, '2025-03-14 20:44:52', '2025-06-10 12:29:18', '2025-06-10 12:29:18'),
(38, '986352', '0', NULL, '0', NULL, 22, 70, NULL, 24, NULL, 0, 2, 32718400, 0, 0, 32718400, 0, '9', 1, 'خرید اقساطی', NULL, NULL, 4, NULL, '0', 0, NULL, 0, '5', 1, NULL, 0, '2025-03-14 21:05:52', '2025-06-10 12:29:18', '2025-06-10 12:29:18'),
(39, '037385', '0', NULL, '0', NULL, 23, 70, NULL, 24, NULL, 0, 2, 32718400, 0, 0, 32718400, 0, '9', 1, 'خرید اقساطی', NULL, NULL, 4, NULL, '0', 0, NULL, 0, '5', 1, NULL, 0, '2025-03-15 11:16:25', '2025-06-10 12:29:18', '2025-06-10 12:29:18'),
(40, '037825', '0', NULL, '0', NULL, 24, 70, NULL, 24, NULL, 0, 2, 32718400, 0, 0, 32718400, 0, '9', 1, 'خرید اقساطی', NULL, NULL, 4, NULL, '0', 0, NULL, 0, '5', 1, NULL, 0, '2025-03-15 11:23:45', '2025-06-10 12:29:18', '2025-06-10 12:29:18'),
(41, '070721', '0', NULL, '0', NULL, 25, 70, NULL, 24, NULL, 0, 2, 34857900, 0, 0, 34857900, 0, '9', 1, 'خرید اقساطی', NULL, NULL, 4, NULL, '0', 0, NULL, 0, '5', 1, NULL, 0, '2025-03-15 20:32:01', '2025-06-10 12:29:19', '2025-06-10 12:29:19'),
(42, '071720', '0', NULL, '0', NULL, 26, 70, NULL, 24, NULL, 0, 2, 34857900, 0, 0, 34857900, 0, '9', 1, 'خرید اقساطی', NULL, NULL, 4, NULL, '0', 0, NULL, 0, '5', 1, NULL, 0, '2025-03-15 20:48:40', '2025-06-10 12:29:19', '2025-06-10 12:29:19'),
(43, '074355', '0', NULL, '0', NULL, 27, 70, NULL, 24, NULL, 0, 2, 34857900, 0, 0, 34857900, 0, '9', 1, 'خرید اقساطی', NULL, NULL, 4, NULL, '0', 0, NULL, 0, '5', 1, NULL, 0, '2025-03-15 21:32:35', '2025-06-10 12:29:19', '2025-06-10 12:29:19'),
(44, '074747', '0', NULL, '0', NULL, 28, 70, NULL, 24, NULL, 0, 2, 34857900, 0, 0, 34857900, 0, '9', 1, 'خرید اقساطی', NULL, NULL, 4, NULL, '0', 0, NULL, 0, '5', 1, NULL, 0, '2025-03-15 21:39:07', '2025-06-10 12:29:19', '2025-06-10 12:29:19'),
(45, '075011', '0', NULL, '0', NULL, 29, 70, NULL, 24, NULL, 0, 2, 34857900, 0, 0, 34857900, 0, '9', 1, 'خرید اقساطی', NULL, NULL, 4, NULL, '0', 0, NULL, 0, '5', 1, NULL, 0, '2025-03-15 21:43:31', '2025-06-10 12:29:19', '2025-06-10 12:29:19'),
(46, '075961', '0', NULL, '0', NULL, 30, 70, NULL, 24, NULL, 0, 2, 34857900, 0, 0, 34857900, 0, '9', 1, 'خرید اقساطی', NULL, NULL, 4, NULL, '0', 0, NULL, 0, '5', 1, NULL, 0, '2025-03-15 21:59:21', '2025-06-10 12:29:19', '2025-06-10 12:29:19'),
(47, '4556', '0', NULL, '0', NULL, 0, 38, NULL, 27, NULL, 0, 0, 32868400, 150000, NULL, 32868400, 0, '10', 0, NULL, NULL, '14 تا 18', 7, NULL, '0', 0, NULL, 20, '1', 1, NULL, 0, '2025-03-16 10:26:08', '2025-06-10 12:29:19', '2025-06-10 12:29:19'),
(48, '131288', '0', NULL, '0', NULL, 31, 70, NULL, 24, NULL, 0, 2, 34857900, 0, 0, 34857900, 0, '9', 1, 'خرید اقساطی', NULL, NULL, 4, NULL, '0', 0, NULL, 0, '5', 1, NULL, 0, '2025-03-16 13:21:28', '2025-06-10 12:29:19', '2025-06-10 12:29:19'),
(49, '131497', '0', NULL, '0', NULL, 32, 70, NULL, 24, NULL, 0, 2, 34857900, 0, 0, 34857900, 0, '9', 1, 'خرید اقساطی', NULL, NULL, 4, NULL, '0', 0, NULL, 0, '5', 1, NULL, 0, '2025-03-16 13:24:57', '2025-06-10 12:29:19', '2025-06-10 12:29:19'),
(50, '4559', '0', NULL, '0', NULL, 0, 76, NULL, 26, NULL, 0, 2, 150000, 150000, NULL, 150000, 0, '11', 1, NULL, NULL, '14 تا 18', 7, NULL, '0', 0, NULL, 20, '2', 1, NULL, 0, '2025-03-17 09:54:57', '2025-06-10 12:29:19', '2025-06-10 12:29:19'),
(51, '4560', '0', NULL, '0', NULL, 0, 82, NULL, 29, NULL, 0, 0, 34228700, 0, NULL, 34228700, 0, '10', 0, NULL, NULL, '14 تا 18', 4, NULL, '0', 0, NULL, 20, '1', 1, NULL, 0, '2025-03-25 12:34:53', '2025-06-10 12:29:19', '2025-06-10 12:29:19'),
(52, '4561', '0', NULL, '0', NULL, 0, 91, NULL, 33, NULL, 0, 0, 68582800, 0, NULL, 68582800, 0, '10', 0, NULL, NULL, '14 تا 18', 4, NULL, '0', 0, NULL, 20, '1', 1, NULL, 0, '2025-04-01 11:26:26', '2025-06-10 12:29:19', '2025-06-10 12:29:19'),
(53, '508013', '0', NULL, '0', NULL, 33, 91, NULL, 33, NULL, 0, 2, 68582800, 0, 0, 68582800, 0, '9', 1, 'خرید اقساطی', NULL, NULL, 4, NULL, '0', 0, NULL, 0, '5', 1, NULL, 0, '2025-04-01 11:46:53', '2025-06-10 12:29:19', '2025-06-10 12:29:19'),
(54, '835517', '0', NULL, '0', NULL, 34, 88, NULL, 34, NULL, 0, 2, 56733300, 0, 0, 46733300, 0, '9', 0, 'خرید اقساطی', NULL, NULL, 6, NULL, '0', 0, NULL, 0, '3', 1, NULL, 0, '2025-04-05 06:45:17', '2025-06-10 12:29:19', '2025-06-10 12:29:19'),
(55, '4564', '0', NULL, '0', NULL, 0, 95, NULL, 36, NULL, 0, 0, 23066600, 290000, NULL, 23066600, 0, '10', 0, NULL, NULL, '14 تا 18', 6, NULL, '0', 0, NULL, 20, '1', 1, NULL, 0, '2025-04-05 10:50:40', '2025-06-10 12:29:19', '2025-06-10 12:29:19'),
(56, '614754', '0', NULL, '0', NULL, 35, 99, NULL, 41, NULL, 0, 2, 45931600, 0, 0, 45931600, 0, '9', 1, 'خرید اقساطی', NULL, NULL, 9, NULL, '0', 0, NULL, 0, '5', 1, NULL, 0, '2025-04-14 07:12:34', '2025-06-10 12:29:19', '2025-06-10 12:29:19'),
(60, '253978', '0', NULL, '0', NULL, 38, 143, 18, 44, NULL, 0, 2, 84690100, 0, 0, 84690100, 0, '9', 1, 'خرید اقساطی', NULL, NULL, 6, NULL, '0', 0, NULL, 20, '5', 1, NULL, 0, '2025-04-21 16:46:18', '2025-04-21 16:46:18', NULL),
(61, '254158', '0', NULL, '0', NULL, 39, 143, 18, 44, NULL, 0, 2, 84690100, 0, 0, 84690100, 0, '9', 1, 'خرید اقساطی', NULL, NULL, 6, NULL, '0', 0, NULL, 20, '5', 1, NULL, 0, '2025-04-21 16:49:18', '2025-04-21 16:49:18', NULL),
(62, '4571', '0', NULL, '0', NULL, 0, 34, NULL, 9, NULL, 0, 0, 111368400, 0, NULL, 111368400, 0, '12', 0, NULL, NULL, '14 تا 18', 9, NULL, '0', 0, NULL, 20, '1', 1, NULL, 0, '2025-04-23 08:39:40', '2025-04-23 08:39:40', NULL),
(63, '4572', '0', NULL, '0', NULL, 0, 34, NULL, 9, NULL, 0, 0, 111368400, 0, NULL, 111368400, 0, '12', 0, NULL, NULL, '14 تا 18', 9, NULL, '0', 0, NULL, 20, '1', 1, NULL, 0, '2025-04-23 08:46:51', '2025-04-23 08:46:51', NULL),
(64, '4573', '0', NULL, '0', NULL, 0, 34, NULL, 9, NULL, 0, 0, 111368400, 0, NULL, 111368400, 0, '12', 0, NULL, NULL, '14 تا 18', 9, NULL, '0', 0, NULL, 20, '1', 1, NULL, 0, '2025-04-23 08:51:45', '2025-04-23 08:51:46', NULL),
(65, '4574', '0', NULL, '0', NULL, 0, 34, NULL, 9, NULL, 0, 0, 111368400, 0, NULL, 111368400, 0, '12', 0, NULL, NULL, '14 تا 18', 9, NULL, '0', 0, NULL, 20, '1', 1, NULL, 0, '2025-04-23 08:55:45', '2025-04-23 08:55:45', NULL),
(66, '4575', '0', NULL, '0', NULL, 0, 34, NULL, 9, NULL, 0, 0, 111368400, 0, NULL, 111368400, 0, '12', 0, NULL, NULL, '14 تا 18', 9, NULL, '0', 0, NULL, 20, '1', 1, NULL, 0, '2025-04-23 08:59:08', '2025-04-23 08:59:09', NULL),
(67, '4576', '0', NULL, '0', NULL, 0, 133, NULL, 45, NULL, 0, 0, 84690100, 0, NULL, 84690100, 0, '10', 0, NULL, NULL, '14 تا 18', 9, NULL, '0', 0, NULL, 20, '1', 1, NULL, 0, '2025-04-23 12:31:20', '2025-04-23 12:31:20', NULL),
(68, '4577', '0', NULL, '0', NULL, 0, 34, 40, 9, NULL, 0, 0, 0, 0, NULL, 111368400, 0, '12', 0, NULL, NULL, '14 تا 18', 9, NULL, '0', 0, NULL, 20, '1', 1, NULL, 0, '2025-04-26 11:56:10', '2025-04-26 11:56:10', NULL),
(69, '4578', '0', NULL, '0', NULL, 0, 99, 48, 41, NULL, 0, 0, 130621700, 0, NULL, 130621700, 0, '12', 0, NULL, NULL, '14 تا 18', 9, NULL, '0', 0, NULL, 20, '1', 1, NULL, 0, '2025-04-26 12:30:06', '2025-05-28 05:38:36', '2025-05-28 05:38:36'),
(70, '4579', '0', NULL, '0', NULL, 0, 34, 19, 9, NULL, 0, 0, 84690100, 0, NULL, 84690100, 0, '12', 0, NULL, NULL, NULL, 6, NULL, '0', 0, NULL, 20, '1', 1, NULL, 0, '2025-04-27 08:08:59', '2025-05-29 06:08:04', '2025-05-29 06:08:04'),
(71, '4580', '0', NULL, '0', NULL, 0, 34, 19, 9, NULL, 0, 0, 84690100, 0, NULL, 84690100, 0, '12', 0, NULL, NULL, NULL, 6, NULL, '0', 0, NULL, 20, '1', 1, NULL, 0, '2025-04-27 08:16:53', '2025-05-29 06:07:59', '2025-05-29 06:07:59'),
(72, '742037', '0', NULL, '0', NULL, 40, 156, 48, 47, NULL, 0, 2, 84690100, 0, 0, 84690100, 0, '9', 1, 'خرید اقساطی', NULL, NULL, 6, NULL, '0', 0, NULL, 20, '3', 1, NULL, 0, '2025-04-27 08:20:37', '2025-06-11 06:05:59', NULL),
(73, '4582', '0', NULL, '0', NULL, 0, 41, 48, 20, NULL, 0, 0, 46221600, 290000, NULL, 46221600, 0, '12', 0, NULL, NULL, NULL, 6, NULL, '0', 0, NULL, 20, '1', 1, NULL, 0, '2025-04-27 12:16:09', '2025-05-28 05:37:53', '2025-05-28 05:37:53'),
(74, '4583', '0', NULL, '0', NULL, 0, 41, 48, 20, NULL, 0, 0, 46221600, 290000, NULL, 46221600, 0, '12', 0, NULL, NULL, NULL, 6, NULL, '0', 0, NULL, 20, '1', 1, NULL, 0, '2025-04-27 12:34:16', '2025-05-28 05:37:47', '2025-05-28 05:37:47'),
(75, '4584', '0', NULL, '0', NULL, 0, 41, 48, 20, NULL, 0, 0, 46221600, 290000, NULL, 46221600, 0, '12', 0, NULL, NULL, NULL, 6, NULL, '0', 0, NULL, 20, '1', 1, NULL, 0, '2025-04-27 12:40:23', '2025-05-28 05:37:42', '2025-05-28 05:37:42'),
(76, '4585', '0', NULL, '0', NULL, 0, 76, NULL, 26, NULL, 0, 2, 0, 0, NULL, 0, 0, '12', 1, NULL, NULL, '14 تا 18', 9, NULL, '0', 0, NULL, 20, '2', 1, NULL, 0, '2025-04-28 08:51:40', '2025-04-28 08:54:12', NULL),
(77, '4586', '0', NULL, '0', NULL, 0, 106, NULL, 38, NULL, 0, 0, 69841200, 0, NULL, 69841200, 0, '10', 0, NULL, NULL, '14 تا 18', 9, NULL, '0', 0, NULL, 20, '1', 1, NULL, 0, '2025-04-28 11:48:34', '2025-04-28 11:48:34', NULL),
(78, '4587', '0', NULL, '0', NULL, 0, 160, NULL, 50, NULL, 0, 0, 67701700, 0, NULL, 67701700, 0, '10', 0, NULL, NULL, '14 تا 18', 9, NULL, '0', 0, NULL, 20, '1', 1, NULL, 0, '2025-04-29 15:17:45', '2025-04-29 15:17:45', NULL),
(79, '4588', '0', NULL, '0', NULL, 0, 163, 57, 51, NULL, 0, 0, 44925100, 0, NULL, 44925100, 0, '12', 0, NULL, NULL, NULL, 6, NULL, '0', 0, NULL, 20, '1', 1, NULL, 0, '2025-05-06 16:19:12', '2025-05-06 16:19:12', NULL),
(80, '4589', '0', NULL, '0', NULL, 0, 163, 57, 51, NULL, 0, 0, 44925100, 0, NULL, 44925100, 0, '12', 0, NULL, NULL, NULL, 6, NULL, '0', 0, NULL, 20, '1', 1, NULL, 0, '2025-05-06 16:19:24', '2025-05-06 16:19:24', NULL),
(81, '972566', '0', NULL, '0', NULL, 41, 175, 47, 54, NULL, 0, 2, 37374700, 0, 0, 37374700, 0, '9', 1, 'خرید اقساطی', NULL, NULL, 6, NULL, '0', 0, NULL, 20, '5', 1, NULL, 0, '2025-05-11 14:09:26', '2025-05-31 11:55:05', NULL),
(82, '4591', '0', NULL, '0', NULL, 0, 41, NULL, 13, NULL, 0, 0, 0, 0, NULL, 0, 0, '12', 0, NULL, NULL, '14 تا 18', 9, NULL, '0', 0, NULL, 20, '1', 1, NULL, 0, '2025-05-12 06:13:09', '2025-05-28 05:38:43', '2025-05-28 05:38:43'),
(83, '037043', '0', NULL, '0', NULL, 42, 177, 47, 55, NULL, 0, 2, 144213300, 0, 0, 144213300, 0, '9', 1, 'خرید اقساطی', NULL, NULL, 6, NULL, '0', 0, NULL, 20, '5', 1, NULL, 0, '2025-05-12 08:04:03', '2025-05-12 08:04:03', NULL),
(84, '4593', '0', NULL, '0', NULL, 0, 181, NULL, 58, NULL, 0, 0, 0, 0, NULL, 0, 0, '12', 0, NULL, NULL, '14 تا 18', 9, NULL, '0', 0, NULL, 20, '1', 1, NULL, 0, '2025-05-12 09:37:58', '2025-05-12 09:37:58', NULL),
(85, '4594', '0', NULL, '0', NULL, 0, 203, NULL, 62, NULL, 0, 0, 66443300, 0, NULL, 66443300, 0, '10', 0, NULL, NULL, '14 تا 18', 9, NULL, '0', 0, NULL, 20, '1', 1, NULL, 0, '2025-05-15 02:03:40', '2025-05-15 02:03:41', NULL),
(86, '4595', '0', NULL, '0', NULL, 0, 210, NULL, 63, NULL, 0, 0, 85948500, 0, NULL, 85948500, 0, '10', 0, NULL, NULL, '14 تا 18', 9, NULL, '0', 0, NULL, 20, '1', 1, NULL, 0, '2025-05-15 19:05:35', '2025-05-15 19:05:35', NULL),
(87, '514568', '0', NULL, '0', NULL, 43, 218, NULL, 66, NULL, 0, 2, 46686200, 0, 0, 46686200, 0, '9', 1, 'خرید اقساطی', NULL, NULL, 9, NULL, '0', 0, NULL, 0, '5', 1, NULL, 0, '2025-05-17 20:42:48', '2025-05-17 20:42:48', NULL),
(88, '4597', '0', NULL, '0', NULL, 0, 229, NULL, 70, NULL, 0, 0, 67701700, 0, NULL, 67701700, 0, '10', 0, NULL, NULL, '14 تا 18', 9, NULL, '0', 0, NULL, 20, '1', 1, NULL, 0, '2025-05-19 12:09:32', '2025-05-19 12:09:32', NULL),
(89, '4598', '0', NULL, '0', NULL, 0, 235, NULL, 72, NULL, 0, 0, 0, 0, NULL, 0, 0, '12', 0, NULL, NULL, '14 تا 18', 9, NULL, '0', 0, NULL, 20, '1', 1, NULL, 0, '2025-05-20 21:42:25', '2025-05-22 05:35:25', NULL),
(90, '4599', '0', NULL, '0', NULL, 0, 168, 71, 76, NULL, 0, 0, 0, 0, NULL, 0, 0, '12', 0, NULL, NULL, '14 تا 18', 9, NULL, '0', 0, NULL, 20, '1', 1, NULL, 0, '2025-05-24 18:33:34', '2025-05-24 18:33:34', NULL),
(91, '4600', '0', NULL, '0', NULL, 0, 279, NULL, 84, NULL, 0, 0, 0, 0, NULL, 0, 0, '12', 0, NULL, NULL, '14 تا 18', 9, NULL, '0', 0, NULL, 20, '1', 1, NULL, 0, '2025-05-26 10:35:40', '2025-05-26 10:35:40', NULL),
(92, '4601', '0', NULL, '0', NULL, 0, 263, 81, 79, NULL, 0, 0, 66443300, 0, NULL, 66443300, 0, '10', 0, NULL, NULL, NULL, 6, NULL, '0', 0, NULL, 20, '1', 1, NULL, 0, '2025-05-26 14:13:47', '2025-05-29 06:08:31', '2025-05-29 06:08:31'),
(93, '4602', '0', NULL, '0', NULL, 0, 34, 93, 79, NULL, 0, 0, 0, 0, NULL, 0, 0, '11', 0, NULL, NULL, NULL, 6, NULL, '0', 0, NULL, 20, '1', 1, NULL, 0, '2025-05-27 06:51:18', '2025-05-27 06:51:18', NULL),
(94, '4603', '0', NULL, '0', NULL, 0, 34, 93, 79, NULL, 0, 0, 0, 0, NULL, 0, 0, '11', 0, NULL, NULL, NULL, 6, NULL, '0', 0, NULL, 20, '1', 1, NULL, 0, '2025-05-27 06:52:16', '2025-05-27 06:52:16', NULL),
(95, '4604', '0', NULL, '0', NULL, 0, 34, 93, 79, NULL, 0, 0, 0, 0, NULL, 0, 0, '11', 0, NULL, NULL, NULL, 6, NULL, '0', 0, NULL, 20, '1', 1, NULL, 0, '2025-05-27 06:52:50', '2025-05-27 06:52:50', NULL),
(96, '4605', '0', NULL, '0', NULL, 0, 289, NULL, 88, NULL, 0, 0, 0, 0, NULL, 0, 0, '12', 0, NULL, NULL, '14 تا 18', 9, NULL, '0', 0, NULL, 20, '1', 1, NULL, 0, '2025-05-27 06:59:11', '2025-05-27 06:59:11', NULL),
(97, '4606', '0', NULL, '0', NULL, 0, 289, NULL, 88, NULL, 0, 0, 84690100, 0, NULL, 84690100, 0, '12', 0, NULL, NULL, '14 تا 18', 9, NULL, '0', 0, NULL, 20, '1', 1, NULL, 0, '2025-05-27 07:25:05', '2025-05-27 07:25:05', NULL),
(98, '4607', '0', NULL, '0', NULL, 0, 289, NULL, 88, NULL, 0, 0, 84690100, 0, NULL, 84690100, 0, '12', 0, NULL, NULL, '14 تا 18', 9, NULL, '0', 0, NULL, 20, '1', 1, NULL, 0, '2025-05-27 07:46:36', '2025-05-27 07:46:36', NULL),
(99, '4608', '0', NULL, '0', NULL, 0, 289, NULL, 88, NULL, 0, 0, 84690100, 0, NULL, 84690100, 0, '12', 0, NULL, NULL, '14 تا 18', 9, NULL, '0', 0, NULL, 20, '1', 1, NULL, 0, '2025-05-27 07:57:05', '2025-05-27 07:57:05', NULL),
(103, '4612', '0', NULL, '0', NULL, 0, 263, 93, 79, NULL, 0, 0, 66443300, 0, NULL, 66443300, 0, '11', 0, NULL, NULL, NULL, 6, NULL, '0', 0, NULL, 20, '1', 1, NULL, 0, '2025-05-27 09:42:50', '2025-05-27 09:42:50', NULL),
(104, '4613', '0', NULL, '0', NULL, 0, 263, 93, 79, NULL, 0, 0, 66443300, 0, NULL, 66443300, 0, '11', 1, NULL, NULL, NULL, 6, NULL, '0', 0, NULL, 20, '4', 1, NULL, 0, '2025-05-27 13:14:35', '2025-06-10 12:46:58', NULL),
(105, '4614', '0', NULL, '0', NULL, 0, 41, 48, 20, NULL, 0, 0, 43075600, 290000, NULL, 43075600, 0, '10', 0, NULL, NULL, NULL, 6, NULL, '0', 0, NULL, 20, '1', 1, NULL, 0, '2025-05-28 05:35:44', '2025-05-28 05:36:52', '2025-05-28 05:36:52'),
(106, '4615', '0', NULL, '0', NULL, 0, 231, 93, 92, NULL, 0, 0, 151133400, 0, NULL, 151133400, 0, '11', 1, NULL, NULL, NULL, 6, NULL, '0', 0, NULL, 20, '4', 1, NULL, 0, '2025-05-28 09:35:49', '2025-06-10 12:47:38', NULL),
(107, '4616', '0', NULL, '0', NULL, 0, 34, NULL, 9, NULL, 0, 0, 55490864, 2134264, NULL, 55490864, 0, '10', 0, NULL, NULL, '14 تا 18', 9, NULL, '0', 0, NULL, 20, '1', 1, NULL, 0, '2025-05-29 06:57:22', '2025-05-29 06:57:22', NULL),
(108, '4617', '0', NULL, '0', NULL, 0, 291, 57, 90, NULL, 0, 0, 0, 0, NULL, 0, 0, '12', 0, NULL, NULL, NULL, 6, NULL, '0', 0, NULL, 20, '1', 1, NULL, 0, '2025-05-30 15:47:39', '2025-05-30 15:47:39', NULL),
(109, '4618', '0', NULL, '0', NULL, 0, 323, NULL, 103, NULL, 0, 0, 0, 0, NULL, 0, 0, '12', 0, NULL, NULL, '14 تا 18', 9, NULL, '0', 0, NULL, 20, '1', 1, NULL, 0, '2025-05-30 18:02:45', '2025-05-30 18:02:45', NULL),
(110, '4619', '0', NULL, '0', NULL, 0, 314, 112, 104, NULL, 0, 0, 67701700, 0, NULL, 67701700, 0, '11', 1, NULL, NULL, NULL, 6, NULL, '0', 0, NULL, 20, '4', 1, NULL, 0, '2025-05-31 08:28:52', '2025-06-10 12:52:56', NULL),
(111, '4620', '0', NULL, '0', NULL, 0, 328, 50, 106, NULL, 0, 0, 68582800, 0, NULL, 68582800, 0, '11', 1, NULL, NULL, NULL, 6, NULL, '0', 0, NULL, 20, '4', 1, NULL, 0, '2025-05-31 10:07:34', '2025-06-10 12:51:34', NULL),
(112, '4621', '0', NULL, '0', NULL, 0, 296, 71, 91, NULL, 0, 0, 68582800, 0, NULL, 68582800, 0, '11', 0, NULL, NULL, NULL, 6, NULL, '0', 0, NULL, 20, '1', 1, NULL, 0, '2025-05-31 18:10:37', '2025-06-02 13:06:39', '2025-06-02 13:06:39'),
(113, '4622', '0', NULL, '0', NULL, 0, 296, 71, 91, NULL, 0, 0, 68582800, 0, NULL, 68582800, 0, '11', 1, NULL, NULL, NULL, 6, NULL, '0', 0, NULL, 20, '4', 1, NULL, 0, '2025-05-31 18:32:02', '2025-06-10 12:52:44', NULL),
(114, '4623', '0', NULL, '0', NULL, 0, 332, 24, 108, NULL, 0, 0, 0, 0, NULL, 0, 0, '12', 0, NULL, NULL, NULL, 6, NULL, '0', 0, NULL, 20, '1', 1, NULL, 0, '2025-06-01 07:04:45', '2025-06-01 07:04:45', NULL),
(115, '4624', '0', NULL, '0', NULL, 0, 334, NULL, 109, NULL, 0, 0, 93750800, 0, NULL, 93750800, 0, '10', 0, NULL, NULL, '14 تا 18', 9, NULL, '0', 0, NULL, 20, '1', 1, NULL, 0, '2025-06-01 07:27:29', '2025-06-01 07:27:29', NULL),
(116, '4625', '0', NULL, '0', NULL, 0, 345, 112, 122, NULL, 0, 0, 92030180, 4063180, NULL, 92030180, 0, '11', 1, NULL, NULL, NULL, 6, NULL, '0', 0, NULL, 20, '4', 1, NULL, 0, '2025-06-02 07:54:57', '2025-06-10 12:52:33', NULL),
(117, '4626', '0', NULL, '0', NULL, 0, 34, 40, 9, NULL, 0, 0, 0, 0, NULL, 0, 0, '11', 0, NULL, NULL, NULL, 6, NULL, '0', 0, NULL, 20, '1', 1, NULL, 0, '2025-06-02 11:59:06', '2025-06-02 13:07:15', '2025-06-02 13:07:15'),
(118, '4627', '0', NULL, '0', NULL, 0, 34, 40, 9, NULL, 0, 0, 0, 0, NULL, 0, 0, '11', 0, NULL, NULL, NULL, 6, NULL, '0', 0, NULL, 20, '1', 1, NULL, 0, '2025-06-02 11:59:14', '2025-06-02 13:07:08', '2025-06-02 13:07:08'),
(119, '4628', '0', NULL, '0', NULL, 0, 34, 40, 9, NULL, 0, 0, 0, 0, NULL, 0, 0, '11', 0, NULL, NULL, NULL, 6, NULL, '0', 0, NULL, 20, '1', 1, NULL, 0, '2025-06-02 12:00:21', '2025-06-02 13:07:04', '2025-06-02 13:07:04'),
(120, '4629', '0', NULL, '0', NULL, 0, 34, 40, 9, NULL, 0, 0, 0, 0, NULL, 0, 0, '11', 0, NULL, NULL, NULL, 6, NULL, '0', 0, NULL, 20, '1', 1, NULL, 0, '2025-06-02 12:00:48', '2025-06-02 13:06:56', '2025-06-02 13:06:56'),
(121, '4630', '0', NULL, '0', NULL, 0, 34, 40, 9, NULL, 0, 0, 0, 0, NULL, 0, 0, '11', 0, NULL, NULL, NULL, 6, NULL, '0', 0, NULL, 20, '1', 1, NULL, 0, '2025-06-02 12:49:29', '2025-06-02 13:06:52', '2025-06-02 13:06:52'),
(122, '4631', '0', NULL, '0', NULL, 0, 34, 40, 9, NULL, 0, 0, 0, 0, NULL, 0, 0, '11', 0, NULL, NULL, NULL, 6, NULL, '0', 0, NULL, 20, '1', 1, NULL, 0, '2025-06-02 12:56:51', '2025-06-02 13:06:47', '2025-06-02 13:06:47'),
(123, '4632', '0', NULL, '0', NULL, 0, 34, 40, 9, NULL, 0, 0, 0, 0, NULL, 0, 0, '11', 0, NULL, NULL, NULL, 6, NULL, '0', 0, NULL, 20, '1', 1, NULL, 0, '2025-06-02 13:00:49', '2025-06-02 13:04:37', '2025-06-02 13:04:37'),
(124, '4633', '0', NULL, '0', NULL, 0, 328, 40, 106, NULL, 0, 0, 61724520, 0, NULL, 61724520, 0, '11', 0, NULL, NULL, NULL, 6, NULL, '0', 0, NULL, 20, '1', 1, NULL, 0, '2025-06-02 13:04:37', '2025-06-02 13:06:18', '2025-06-02 13:06:18'),
(125, '4634', '0', NULL, '0', NULL, 0, 328, 40, 106, NULL, 0, 2, 0, 0, NULL, 0, 0, '11', 1, NULL, NULL, NULL, 6, NULL, '0', 0, NULL, 20, '2', 1, NULL, 0, '2025-06-02 13:09:05', '2025-06-02 13:56:14', '2025-06-02 13:56:14'),
(126, '4635', '0', NULL, '0', NULL, 0, 328, 40, 106, NULL, 0, 2, 0, 0, NULL, 0, 0, '11', 1, NULL, NULL, NULL, 6, NULL, '0', 0, NULL, 20, '2', 1, NULL, 0, '2025-06-02 13:11:40', '2025-06-02 13:56:18', '2025-06-02 13:56:18'),
(127, '4636', '0', NULL, '0', NULL, 0, 328, 40, 106, NULL, 0, 2, 0, 0, NULL, 0, 0, '11', 1, NULL, NULL, NULL, 6, NULL, '0', 0, NULL, 20, '2', 1, NULL, 0, '2025-06-02 13:18:57', '2025-06-02 13:56:23', '2025-06-02 13:56:23'),
(128, '4637', '0', NULL, '0', NULL, 0, 328, 40, 106, NULL, 0, 2, 0, 0, NULL, 0, 0, '11', 1, NULL, NULL, NULL, 6, NULL, '0', 0, NULL, 20, '2', 1, NULL, 0, '2025-06-02 13:27:25', '2025-06-02 13:56:27', '2025-06-02 13:56:27'),
(129, '4638', '0', NULL, '0', NULL, 0, 328, 40, 106, NULL, 0, 2, 0, 0, NULL, 0, 0, '11', 1, NULL, NULL, NULL, 6, NULL, '0', 0, NULL, 20, '2', 1, NULL, 0, '2025-06-02 13:28:52', '2025-06-02 13:56:44', '2025-06-02 13:56:44'),
(130, '4639', '0', NULL, '0', NULL, 0, 328, 40, 106, NULL, 0, 2, 0, 0, NULL, 0, 0, '11', 1, NULL, NULL, NULL, 6, NULL, '0', 0, NULL, 20, '2', 1, NULL, 0, '2025-06-02 13:37:58', '2025-06-02 13:56:36', '2025-06-02 13:56:36'),
(131, '4640', '0', NULL, '0', NULL, 0, 328, 40, 106, NULL, 0, 2, 0, 0, NULL, 0, 0, '11', 1, NULL, NULL, NULL, 6, NULL, '0', 0, NULL, 20, '2', 1, NULL, 0, '2025-06-02 13:48:15', '2025-06-02 13:56:40', '2025-06-02 13:56:40'),
(132, '4641', '0', NULL, '0', NULL, 0, 328, 40, 106, NULL, 0, 0, 0, 0, NULL, 0, 0, '11', 0, NULL, NULL, NULL, 6, NULL, '0', 0, NULL, 20, '1', 1, NULL, 0, '2025-06-02 13:53:26', '2025-06-02 13:56:30', '2025-06-02 13:56:30'),
(133, '4642', '0', NULL, '0', NULL, 0, 328, 40, 106, NULL, 0, 2, 0, 0, NULL, 0, 0, '11', 1, NULL, NULL, NULL, 6, NULL, '0', 0, NULL, 20, '2', 1, NULL, 0, '2025-06-02 13:53:49', '2025-06-02 13:56:08', '2025-06-02 13:56:08'),
(134, '4643', '0', NULL, '0', NULL, 0, 171, 75, 129, 14, 0, 2, 170992360, 6979280, 0, 170992360, 0, '10', 1, NULL, NULL, NULL, 6, NULL, '0', 0, '10468920', 20, '4', 1, NULL, 0, '2025-06-02 14:36:47', '2025-06-10 12:49:10', NULL),
(135, '4644', '0', NULL, '0', NULL, 0, 34, 40, 9, NULL, 0, 0, 1000, 0, NULL, 1000, 0, '10', 0, NULL, NULL, NULL, 6, NULL, '0', 0, NULL, 20, '1', 1, NULL, 0, '2025-06-03 06:12:01', '2025-06-03 06:44:09', '2025-06-03 06:44:09'),
(136, '4645', '0', NULL, '0', NULL, 0, 34, 40, 9, NULL, 0, 0, 1000, 0, NULL, 1000, 0, '10', 0, NULL, NULL, NULL, 6, NULL, '0', 0, NULL, 20, '1', 1, NULL, 0, '2025-06-03 06:18:29', '2025-06-03 06:44:33', '2025-06-03 06:44:33'),
(137, '4646', '0', NULL, '0', NULL, 0, 34, 40, 9, NULL, 0, 0, 1000, 0, NULL, 1000, 0, '10', 0, NULL, NULL, NULL, 6, NULL, '0', 0, NULL, 20, '1', 1, NULL, 0, '2025-06-03 06:22:24', '2025-06-03 06:44:54', '2025-06-03 06:44:54'),
(138, '4647', '0', NULL, '0', NULL, 0, 34, 40, 9, NULL, 0, 0, 1000, 0, NULL, 1000, 0, '10', 0, NULL, NULL, NULL, 6, NULL, '0', 0, NULL, 20, '1', 1, NULL, 0, '2025-06-03 06:26:45', '2025-06-03 06:44:49', '2025-06-03 06:44:49'),
(139, '4648', '0', NULL, '0', NULL, 0, 34, 40, 9, NULL, 0, 0, 1000, 0, NULL, 1000, 0, '10', 0, NULL, NULL, NULL, 6, NULL, '0', 0, NULL, 20, '1', 1, NULL, 0, '2025-06-03 06:28:40', '2025-06-03 06:44:44', '2025-06-03 06:44:44'),
(140, '4649', '0', NULL, '0', NULL, 0, 34, 40, 9, NULL, 0, 0, 1000, 0, NULL, 1000, 0, '10', 0, NULL, NULL, NULL, 6, NULL, '0', 0, NULL, 20, '1', 1, NULL, 0, '2025-06-03 06:30:03', '2025-06-03 06:44:38', '2025-06-03 06:44:38'),
(141, '4650', '0', NULL, '0', NULL, 0, 34, 40, 9, NULL, 0, 0, 1000, 0, NULL, 1000, 0, '10', 0, NULL, NULL, NULL, 6, NULL, '0', 0, NULL, 20, '1', 1, NULL, 0, '2025-06-03 06:33:32', '2025-06-03 06:43:48', '2025-06-03 06:43:48'),
(142, '4651', '0', NULL, '0', NULL, 0, 34, 40, 9, NULL, 0, 2, 1000, 0, NULL, 1000, 0, '10', 1, NULL, NULL, NULL, 6, NULL, '0', 0, NULL, 20, '2', 1, NULL, 0, '2025-06-03 06:41:59', '2025-06-03 06:43:48', '2025-06-03 06:43:48'),
(143, '4652', '0', NULL, '0', NULL, 0, 363, 36, 135, NULL, 0, 1, 57172500, 2722500, NULL, 57172500, 0, '11', 1, NULL, NULL, NULL, 6, NULL, '0', 0, NULL, 20, '4', 1, NULL, 0, '2025-06-03 09:19:56', '2025-06-10 12:49:54', NULL),
(144, '4653', '0', NULL, '0', NULL, 0, 373, NULL, 139, NULL, 0, 0, 3605800, 3605800, NULL, 3605800, 0, '12', 0, NULL, NULL, '14 تا 18', 9, NULL, '0', 0, NULL, 20, '1', 1, NULL, 0, '2025-06-04 18:50:27', '2025-06-04 18:50:27', NULL),
(145, '4654', '0', NULL, '0', NULL, 0, 379, NULL, 142, NULL, 0, 0, 8113050, 8113050, NULL, 8113050, 0, '12', 0, NULL, NULL, '14 تا 18', 9, NULL, '0', 0, NULL, 20, '1', 1, NULL, 0, '2025-06-05 14:34:43', '2025-06-05 14:34:43', NULL),
(146, '4655', '0', NULL, '0', NULL, 0, 337, 112, 115, NULL, 0, 1, 143121220, 6028220, NULL, 143121220, 0, '11', 1, NULL, NULL, NULL, 6, NULL, '0', 0, NULL, 20, '4', 1, NULL, 0, '2025-06-07 07:12:49', '2025-06-10 12:50:33', NULL),
(147, '4656', '0', NULL, '0', NULL, 0, 291, 57, 90, NULL, 0, 1, 57172500, 2722500, NULL, 57172500, 0, '11', 1, NULL, NULL, NULL, 6, NULL, '0', 0, NULL, 20, '4', 1, NULL, 0, '2025-06-07 08:59:21', '2025-06-10 12:50:50', NULL),
(148, '4657', '0', NULL, '0', NULL, 0, 344, 112, 121, NULL, 0, 1, 57172500, 2722500, NULL, 57172500, 0, '11', 1, NULL, NULL, NULL, 6, NULL, '0', 0, NULL, 20, '4', 1, NULL, 0, '2025-06-02 09:46:59', '2025-06-10 12:48:47', NULL),
(149, '4658', '0', NULL, '0', NULL, 0, 395, 69, 144, NULL, 0, 1, 114345000, 5445000, NULL, 114345000, 0, '11', 1, NULL, NULL, NULL, 6, NULL, '0', 0, NULL, 20, '4', 1, NULL, 0, '2025-06-07 14:50:32', '2025-06-24 12:29:36', NULL),
(150, '4659', '0', NULL, '0', NULL, 0, 390, 81, 143, NULL, 0, 0, 5207840, 5207840, NULL, 5207840, 0, '11', 0, NULL, NULL, NULL, 6, NULL, '0', 0, NULL, 20, '1', 1, NULL, 0, '2025-06-08 07:26:51', '2025-06-09 07:18:04', '2025-06-09 07:18:04'),
(151, '4660', '0', NULL, '0', NULL, 0, 390, 81, 143, NULL, 0, 0, 5207840, 5207840, NULL, 5207840, 0, '11', 0, NULL, NULL, NULL, 6, NULL, '0', 0, NULL, 20, '1', 1, NULL, 0, '2025-06-08 08:26:29', '2025-06-09 07:18:12', '2025-06-09 07:18:12'),
(152, '4661', '0', NULL, '0', NULL, 0, 390, 81, 143, NULL, 0, 0, 5207840, 5207840, NULL, 5207840, 0, '11', 0, NULL, NULL, NULL, 6, NULL, '0', 0, NULL, 20, '1', 1, NULL, 0, '2025-06-08 08:37:17', '2025-06-09 07:18:20', '2025-06-09 07:18:20'),
(153, '4662', '0', NULL, '0', NULL, 0, 390, 81, 143, NULL, 0, 0, 5207840, 5207840, NULL, 5207840, 0, '11', 0, NULL, NULL, NULL, 6, NULL, '0', 0, NULL, 20, '1', 1, NULL, 0, '2025-06-08 08:47:41', '2025-06-09 07:18:28', '2025-06-09 07:18:28'),
(154, '4663', '0', NULL, '0', NULL, 0, 405, 112, 146, NULL, 0, 1, 72037350, 3430350, NULL, 72037350, 0, '11', 1, NULL, NULL, NULL, 6, NULL, '0', 0, NULL, 20, '4', 1, NULL, 0, '2025-06-08 12:53:16', '2025-06-22 08:46:27', NULL),
(155, '4664', '0', NULL, '0', NULL, 0, 408, 112, 149, NULL, 0, 1, 57172500, 2722500, NULL, 57172500, 0, '11', 1, NULL, NULL, NULL, 6, NULL, '0', 0, NULL, 20, '4', 1, NULL, 0, '2025-06-08 14:05:48', '2025-06-10 12:51:56', NULL),
(156, '4665', '0', NULL, '0', NULL, 0, 413, 89, 151, NULL, 0, 0, 3430350, 3430350, NULL, 3430350, 0, '12', 0, NULL, NULL, NULL, 6, NULL, '0', 0, NULL, 20, '1', 1, NULL, 0, '2025-06-08 16:24:44', '2025-06-08 16:24:44', NULL),
(157, '4666', '0', NULL, '0', NULL, 0, 390, 81, 143, NULL, 0, 0, 5256240, 5256240, NULL, 5256240, 0, '11', 0, NULL, NULL, NULL, 6, NULL, '0', 0, '0', 20, '1', 1, NULL, 0, '2025-06-09 06:44:42', '2025-06-09 08:06:29', '2025-06-09 08:06:29'),
(158, '4667', '0', NULL, '0', NULL, 0, 34, 40, 9, NULL, 0, 0, 980, 0, NULL, 980, 0, '10', 0, NULL, NULL, NULL, 6, NULL, '0', 0, '20', 20, '1', 1, NULL, 0, '2025-06-09 07:02:38', '2025-06-09 07:17:55', '2025-06-09 07:17:55'),
(159, '4668', '0', NULL, '0', NULL, 0, 34, 40, 9, NULL, 0, 0, 980, 0, NULL, 980, 0, '10', 0, NULL, NULL, NULL, 6, NULL, '0', 0, '20', 20, '1', 1, NULL, 0, '2025-06-09 07:02:51', '2025-06-09 07:17:36', '2025-06-09 07:17:36'),
(160, '4669', '0', NULL, '0', NULL, 0, 34, 40, 9, NULL, 0, 0, 980, 0, NULL, 980, 0, '10', 0, NULL, NULL, NULL, 6, NULL, '0', 0, '20', 20, '1', 1, NULL, 0, '2025-06-09 07:08:14', '2025-06-09 07:17:26', '2025-06-09 07:17:26'),
(161, '4670', '0', NULL, '0', NULL, 0, 34, 40, 9, NULL, 0, 0, 1675620, 1674640, NULL, 1675620, 0, '10', 0, NULL, NULL, NULL, 6, NULL, '0', 0, '20', 20, '1', 1, NULL, 0, '2025-06-09 07:14:43', '2025-06-09 07:17:20', '2025-06-09 07:17:20'),
(162, '4671', '0', NULL, '0', NULL, 0, 34, 40, 9, NULL, 0, 1, 980, 0, NULL, 980, 0, '10', 1, NULL, NULL, NULL, 6, NULL, '0', 0, '20', 20, '2', 1, NULL, 0, '2025-06-09 07:14:52', '2025-06-09 07:17:31', '2025-06-09 07:17:31'),
(163, '4672', '0', NULL, '0', NULL, 0, 390, 81, 143, NULL, 0, 1, 0, 0, NULL, 0, 0, '11', 1, NULL, NULL, NULL, 6, NULL, '0', 0, '0', 20, '2', 1, NULL, 0, '2025-06-09 07:25:27', '2025-06-09 07:35:01', '2025-06-09 07:35:01'),
(164, '4673', '0', NULL, '0', NULL, 0, 390, 81, 143, NULL, 0, 1, 0, 0, NULL, 0, 0, '11', 1, NULL, NULL, NULL, 6, NULL, '0', 0, '0', 20, '2', 1, NULL, 0, '2025-06-09 07:30:43', '2025-06-09 07:35:08', '2025-06-09 07:35:08'),
(165, '4674', '0', NULL, '0', NULL, 0, 390, 81, 143, NULL, 0, 1, 136662240, 5256240, NULL, 136662240, 0, '11', 1, NULL, NULL, NULL, 6, NULL, '0', 0, '0', 20, '4', 1, NULL, 0, '2025-06-09 07:37:14', '2025-06-22 08:47:24', NULL),
(166, '4675', '0', NULL, '0', NULL, 0, 390, 81, 143, NULL, 0, 0, 0, 0, NULL, 0, 0, '11', 0, NULL, NULL, NULL, 6, NULL, '0', 0, '0', 20, '1', 1, NULL, 0, '2025-06-09 07:40:08', '2025-06-09 07:56:03', '2025-06-09 07:56:03'),
(167, '4676', '0', NULL, '0', NULL, 0, 390, 81, 143, NULL, 0, 1, 0, 0, NULL, 0, 0, '11', 1, NULL, NULL, NULL, 6, NULL, '0', 0, '0', 20, '2', 1, NULL, 0, '2025-06-09 07:50:44', '2025-06-09 07:52:38', '2025-06-09 07:52:38'),
(168, '4677', '0', NULL, '0', NULL, 0, 390, 81, 143, NULL, 0, 1, 135002000, 0, NULL, 135002000, 0, '11', 1, NULL, NULL, NULL, 6, NULL, '0', 0, '0', 20, '2', 1, NULL, 0, '2025-06-09 07:52:38', '2025-06-09 08:06:20', '2025-06-09 08:06:20'),
(169, '4678', '0', NULL, '0', NULL, 0, 34, 81, 9, NULL, 0, 0, 136662240, 5256240, NULL, 136662240, 0, '10', 0, NULL, NULL, NULL, 6, NULL, '0', 0, '0', 20, '1', 1, NULL, 0, '2025-06-09 08:07:57', '2025-06-09 08:09:34', '2025-06-09 08:09:34'),
(170, '4679', '0', NULL, '0', NULL, 0, 418, 41, 153, NULL, 0, 1, 1316480, 1316480, NULL, 1316480, 0, '11', 1, NULL, NULL, NULL, 6, NULL, '0', 0, '0', 20, '2', 1, NULL, 0, '2025-06-09 08:08:44', '2025-06-09 08:10:37', '2025-06-09 08:10:37'),
(171, '4680', '0', NULL, '0', NULL, 0, 418, 41, 153, NULL, 0, 1, 34228480, 1316480, NULL, 34228480, 0, '11', 1, NULL, NULL, NULL, 6, NULL, '0', 0, '0', 20, '4', 1, NULL, 0, '2025-06-09 08:10:37', '2025-06-15 10:13:57', NULL),
(172, '4681', '0', NULL, '0', NULL, 0, 411, 111, 157, NULL, 0, 1, 114345000, 5445000, NULL, 114345000, 0, '11', 1, NULL, NULL, NULL, 6, NULL, '0', 0, '0', 20, '4', 1, NULL, 0, '2025-06-09 10:22:28', '2025-06-22 08:47:12', NULL),
(173, '4682', '0', NULL, '0', NULL, 0, 411, 111, 157, NULL, 0, 0, 5979820, 5979820, NULL, 5979820, 0, '11', 0, NULL, NULL, NULL, 6, NULL, '0', 0, '0', 20, '1', 1, NULL, 0, '2025-06-09 10:46:18', '2025-06-10 05:12:44', '2025-06-10 05:12:44'),
(174, '4683', '0', NULL, '0', NULL, 0, 410, 111, 158, NULL, 0, 1, 5979820, 5979820, NULL, 5979820, 0, '11', 1, NULL, NULL, NULL, 6, NULL, '0', 0, '0', 20, '2', 1, NULL, 0, '2025-06-09 10:51:54', '2025-06-09 10:54:25', '2025-06-09 10:54:25'),
(175, '4684', '0', NULL, '0', NULL, 0, 410, 111, 158, NULL, 0, 1, 141862820, 5979820, NULL, 141862820, 0, '11', 1, NULL, NULL, NULL, 6, NULL, '0', 0, '0', 20, '4', 1, NULL, 0, '2025-06-09 10:54:25', '2025-06-22 08:47:07', NULL),
(176, '4685', '0', NULL, '0', NULL, 0, 420, 82, 159, NULL, 0, 1, 84690320, 3257320, NULL, 84690320, 0, '11', 1, NULL, NULL, NULL, 6, NULL, '0', 0, '0', 12, '4', 1, NULL, 0, '2025-06-09 12:57:32', '2025-06-24 12:29:08', NULL),
(177, '5000', '0', NULL, '0', NULL, 0, 286, 71, 86, NULL, 0, 0, 44924880, 1727880, 0, 44924880, 0, '11', 1, NULL, NULL, NULL, 6, NULL, NULL, 0, NULL, 0, '4', 1, NULL, 0, '2025-06-09 13:02:37', '2025-06-10 12:51:18', NULL),
(178, '4687', '0', NULL, '0', NULL, 0, 432, 81, 164, NULL, 0, 1, 84690320, 3257320, NULL, 84690320, 0, '11', 1, NULL, NULL, NULL, 6, NULL, '0', 0, '0', 12, '2', 1, NULL, 0, '2025-06-10 13:53:43', '2025-07-19 10:21:00', NULL),
(179, '4688', '0', NULL, '0', NULL, 0, 431, 54, 165, NULL, 0, 0, 3430350, 3430350, NULL, 3430350, 0, '11', 0, NULL, NULL, NULL, 6, NULL, '0', 0, '0', 12, '1', 1, NULL, 0, '2025-06-10 13:55:53', '2025-06-10 13:55:53', NULL),
(180, '4689', '0', NULL, '0', NULL, 0, 431, 54, 165, NULL, 0, 0, 3430350, 3430350, NULL, 3430350, 0, '11', 0, NULL, NULL, NULL, 6, NULL, '0', 0, '0', 12, '1', 1, NULL, 0, '2025-06-10 13:59:21', '2025-06-10 13:59:21', NULL),
(181, '4690', '0', NULL, '0', NULL, 0, 431, 54, 165, NULL, 0, 1, 3430350, 3430350, NULL, 3430350, 0, '11', 1, NULL, NULL, NULL, 6, NULL, '0', 0, '0', 12, '2', 1, NULL, 0, '2025-06-10 14:01:58', '2025-06-10 14:03:50', '2025-06-10 14:03:50'),
(182, '4691', '0', NULL, '0', NULL, 0, 431, 54, 165, NULL, 0, 1, 72037350, 3430350, NULL, 72037350, 0, '11', 1, NULL, NULL, NULL, 6, NULL, '0', 0, '0', 12, '4', 1, NULL, 0, '2025-06-10 14:03:49', '2025-06-24 12:29:00', NULL),
(183, '4692', '0', NULL, '0', NULL, 0, 226, 81, 162, NULL, 0, 0, 3305720, 3305720, NULL, 3305720, 0, '12', 0, NULL, NULL, NULL, 6, NULL, '0', 0, '0', 12, '1', 1, NULL, 0, '2025-06-10 14:03:55', '2025-06-10 14:03:55', NULL),
(184, '4693', '0', NULL, '0', NULL, 0, 433, 112, 169, NULL, 0, 1, 72037350, 3430350, NULL, 72037350, 0, '11', 1, NULL, NULL, NULL, 6, NULL, '0', 0, '0', 12, '4', 1, NULL, 0, '2025-06-11 06:58:09', '2025-06-24 12:28:45', NULL),
(185, '4694', '0', NULL, '0', NULL, 0, 376, 36, 140, NULL, 0, 1, 72037350, 3430350, NULL, 72037350, 0, '11', 1, NULL, NULL, NULL, 6, NULL, '0', 0, '0', 12, '4', 1, NULL, 0, '2025-06-11 07:57:57', '2025-06-24 12:28:40', NULL),
(186, '4695', '0', NULL, '0', NULL, 0, 445, 68, 171, NULL, 0, 1, 57172500, 2722500, NULL, 57172500, 0, '11', 1, NULL, NULL, NULL, 6, NULL, '0', 0, '0', 12, '4', 1, NULL, 0, '2025-06-11 08:43:01', '2025-06-24 12:28:35', NULL),
(187, '4696', '0', NULL, '0', NULL, 0, 445, 40, 171, NULL, 0, 1, 2722500, 0, NULL, 2722500, 0, '11', 1, NULL, NULL, NULL, 6, NULL, '0', 0, '0', 12, '2', 1, NULL, 0, '2025-06-11 10:50:37', '2025-06-11 10:51:01', '2025-06-11 10:51:01'),
(188, '4697', '0', NULL, '0', NULL, 0, 34, 40, 9, NULL, 0, 0, 57760560, 2221560, NULL, 57760560, 0, '13', 0, NULL, NULL, NULL, 6, NULL, '0', 0, '0', 12, '1', 1, NULL, 0, '2025-06-11 11:01:30', '2025-06-11 12:41:35', '2025-06-11 12:41:35'),
(189, '4698', '0', NULL, '0', NULL, 0, 34, 40, 9, NULL, 0, 0, 49077600, 1887600, NULL, 49077600, 0, '13', 0, NULL, NULL, NULL, 6, NULL, '0', 0, '0', 12, '1', 1, NULL, 0, '2025-06-11 11:48:39', '2025-06-11 12:41:41', '2025-06-11 12:41:41'),
(190, '4699', '0', NULL, '0', NULL, 0, 34, 40, 9, NULL, 0, 0, 43540640, 1674640, NULL, 43540640, 0, '13', 0, NULL, NULL, NULL, 6, NULL, '0', 0, '0', 12, '1', 1, NULL, 0, '2025-06-15 06:08:06', '2025-06-15 06:44:42', '2025-06-15 06:44:42'),
(191, '4700', '0', NULL, '0', NULL, 0, 34, 40, 9, NULL, 0, 0, 49077600, 1887600, NULL, 49077600, 0, '13', 0, NULL, NULL, NULL, 6, NULL, '0', 0, '0', 12, '1', 1, NULL, 0, '2025-06-15 08:47:07', '2025-06-15 08:47:07', NULL),
(192, '4701', '0', NULL, '0', NULL, 0, 430, 112, 161, NULL, 0, 1, 3430350, 3430350, NULL, 3430350, 0, '11', 1, NULL, NULL, NULL, 6, NULL, '0', 0, '0', 12, '2', 1, NULL, 0, '2025-06-15 09:01:52', '2025-06-15 09:05:49', '2025-06-15 09:05:49'),
(193, '4702', '0', NULL, '0', NULL, 0, 430, 112, 177, NULL, 0, 1, 150923300, 3430350, NULL, 150923300, 0, '11', 1, NULL, NULL, NULL, 6, NULL, '0', 0, '0', 12, '4', 1, NULL, 0, '2025-06-15 09:05:49', '2025-06-28 13:32:00', NULL),
(194, '4703', '0', NULL, '0', NULL, 0, 471, NULL, 182, NULL, 0, 0, 2722500, 2722500, NULL, 2722500, 0, '12', 0, NULL, NULL, '14 تا 18', 9, NULL, '0', 0, '0', 12, '1', 1, NULL, 0, '2025-06-15 16:03:53', '2025-06-15 16:03:53', NULL),
(195, '4704', '0', NULL, '0', NULL, 0, 462, 111, 183, NULL, 0, 1, 149664900, 6279900, NULL, 149664900, 0, '11', 1, NULL, NULL, NULL, 6, NULL, '0', 0, '0', 12, '4', 1, NULL, 0, '2025-06-15 16:16:25', '2025-06-24 12:28:18', NULL),
(196, '4705', '0', NULL, '0', NULL, 0, 475, 54, 187, NULL, 0, 1, 130163330, 7106330, NULL, 130163330, 0, '11', 1, NULL, NULL, NULL, 6, NULL, '0', 0, '0', 12, '4', 1, NULL, 0, '2025-06-16 13:33:02', '2025-06-28 13:32:29', NULL),
(197, '4706', '0', NULL, '0', NULL, 0, 478, 50, 189, NULL, 0, 0, 3305720, 3305720, NULL, 3305720, 0, '11', 0, NULL, NULL, NULL, 6, NULL, '0', 0, '0', 12, '3', 1, NULL, 0, '2025-06-17 06:40:47', '2025-06-28 11:16:37', '2025-06-28 11:16:37'),
(198, '4707', '0', NULL, '0', NULL, 0, 478, 50, 189, NULL, 0, 1, 948720, 0, NULL, 948720, 0, '11', 1, NULL, NULL, NULL, 6, NULL, '0', 0, '0', 12, '4', 1, NULL, 0, '2025-06-17 07:07:54', '2025-07-07 10:05:55', NULL),
(199, '4708', '0', NULL, '0', NULL, 0, 474, 112, 186, NULL, 0, 1, 57172500, 2722500, NULL, 57172500, 0, '11', 1, NULL, NULL, NULL, 6, NULL, '0', 0, '0', 12, '4', 1, NULL, 0, '2025-06-18 09:02:59', '2025-06-28 13:32:52', NULL),
(200, '4709', '0', NULL, '0', NULL, 0, 476, 36, 188, NULL, 0, 1, 57172500, 2722500, NULL, 57172500, 0, '11', 1, NULL, NULL, NULL, 6, NULL, '0', 0, '0', 12, '4', 1, NULL, 0, '2025-06-18 09:38:59', '2025-06-28 13:32:58', NULL),
(201, '4710', '0', NULL, '0', NULL, 0, 479, 111, 191, NULL, 0, 1, 149916580, 6289580, NULL, 149916580, 0, '11', 1, NULL, NULL, NULL, 6, NULL, '0', 0, '0', 12, '4', 1, NULL, 0, '2025-06-18 10:49:35', '2025-06-24 12:27:53', NULL),
(202, '4711', '0', NULL, '0', NULL, 0, 469, 68, 181, NULL, 0, 1, 1099600, 0, NULL, 1099600, 0, '11', 1, NULL, NULL, NULL, 6, NULL, '0', 0, '0', 12, '4', 1, NULL, 0, '2025-06-21 15:42:35', '2025-07-07 10:05:50', NULL),
(203, '4712', '0', NULL, '0', NULL, 0, 469, 68, 181, NULL, 0, 0, 2734600, 2734600, NULL, 2734600, 0, '11', 0, NULL, NULL, NULL, 6, NULL, '0', 0, '0', 12, '3', 1, NULL, 0, '2025-06-21 16:37:03', '2025-06-25 10:10:32', NULL),
(204, '4713', '0', NULL, '0', NULL, 0, 473, 111, 185, NULL, 0, 1, 57172500, 2722500, NULL, 57172500, 0, '11', 1, NULL, NULL, NULL, 6, NULL, '0', 0, '0', 12, '4', 1, NULL, 0, '2025-06-21 16:50:16', '2025-06-24 12:27:32', NULL),
(205, '4714', '0', NULL, '0', NULL, 0, 465, 112, 178, NULL, 0, 1, 84690320, 3257320, NULL, 84690320, 0, '11', 1, NULL, NULL, NULL, 6, NULL, '0', 0, '0', 12, '4', 1, NULL, 0, '2025-06-22 09:13:08', '2025-06-28 13:34:14', NULL),
(206, '4715', '0', NULL, '0', NULL, 0, 490, NULL, 193, NULL, 0, 0, 3305720, 3305720, NULL, 3305720, 0, '12', 0, NULL, NULL, '14 تا 18', 9, NULL, '0', 0, '0', 12, '1', 1, NULL, 0, '2025-06-23 08:15:21', '2025-06-23 08:15:21', NULL),
(207, '4716', '0', NULL, '0', NULL, 0, 475, 54, 187, NULL, 0, 1, 992200, 992200, NULL, 992200, 0, '11', 1, NULL, NULL, NULL, 6, NULL, '0', 0, '0', 12, '4', 1, NULL, 0, '2025-06-23 09:27:40', '2025-07-07 10:05:40', NULL),
(208, '4717', '0', NULL, '0', NULL, 0, 489, 36, 192, NULL, 0, 1, 57172500, 2722500, NULL, 57172500, 0, '11', 1, NULL, NULL, NULL, 6, NULL, '0', 0, '0', 12, '4', 1, NULL, 0, '2025-06-23 09:54:15', '2025-06-28 13:35:04', NULL),
(209, '4718', '0', NULL, '0', NULL, 0, 475, 54, 187, NULL, 0, 0, 992200, 992200, NULL, 992200, 0, '11', 0, NULL, NULL, NULL, 6, NULL, '0', 0, '0', 12, '3', 1, NULL, 0, '2025-06-23 12:52:32', '2025-06-24 13:09:02', NULL),
(210, '4719', '0', NULL, '0', NULL, 0, 475, 54, 187, NULL, 0, 0, 992200, 992200, NULL, 992200, 0, '11', 0, NULL, NULL, NULL, 6, NULL, '0', 0, '0', 12, '3', 1, NULL, 0, '2025-06-23 13:06:53', '2025-06-24 13:09:07', NULL),
(211, '4720', '0', NULL, '0', NULL, 0, 469, 68, 181, NULL, 0, 1, 70000000, 0, NULL, 70000000, 0, '11', 1, NULL, NULL, NULL, 6, NULL, '0', 0, '0', 12, '4', 1, NULL, 0, '2025-06-24 09:41:56', '2025-06-30 09:47:26', NULL),
(212, '4721', '0', NULL, '0', NULL, 0, 478, 50, 189, NULL, 0, 1, 85000000, 0, NULL, 85000000, 0, '11', 1, NULL, NULL, NULL, 6, NULL, '0', 0, '0', 12, '4', 1, NULL, 0, '2025-06-24 09:59:22', '2025-06-30 09:47:31', NULL),
(213, '4722', '0', NULL, '0', NULL, 0, 492, 103, 194, NULL, 0, 1, 84690320, 3257320, NULL, 84690320, 0, '11', 1, NULL, NULL, NULL, 6, NULL, '0', 0, '0', 12, '4', 1, NULL, 0, '2025-06-24 11:11:55', '2025-06-30 11:36:37', NULL),
(214, '4723', '0', NULL, '0', NULL, 0, 475, 54, 196, NULL, 0, 1, 19836670, 0, NULL, 19836670, 0, '11', 1, NULL, NULL, NULL, 6, NULL, '0', 0, '0', 12, '4', 1, NULL, 0, '2025-06-24 13:57:49', '2025-06-30 09:47:34', NULL),
(215, '4724', '0', NULL, '0', NULL, 0, 463, 112, 177, NULL, 0, 1, 72037350, 3430350, NULL, 72037350, 0, '11', 1, NULL, NULL, NULL, 6, NULL, '0', 0, '0', 12, '4', 1, NULL, 0, '2025-06-25 14:03:09', '2025-06-30 09:47:40', NULL),
(216, '4725', '0', NULL, '0', NULL, 0, 497, 54, 202, NULL, 0, 1, 57172500, 2722500, NULL, 57172500, 0, '11', 1, NULL, NULL, NULL, 6, NULL, '0', 0, '0', 12, '4', 1, NULL, 0, '2025-06-26 06:16:04', '2025-06-30 09:47:46', NULL),
(217, '4726', '0', NULL, '0', NULL, 0, 502, 50, 203, NULL, 0, 1, 5953200, 5953200, NULL, 5953200, 0, '11', 1, NULL, NULL, NULL, 6, NULL, '0', 0, '0', 12, '2', 1, NULL, 0, '2025-06-26 06:58:47', '2025-06-26 07:00:30', '2025-06-26 07:00:30'),
(218, '4727', '0', NULL, '0', NULL, 0, 502, 50, 203, NULL, 0, 1, 154783200, 5953200, NULL, 154783200, 0, '11', 1, NULL, NULL, NULL, 6, NULL, '0', 0, '0', 12, '4', 1, NULL, 0, '2025-06-26 07:00:29', '2025-06-30 09:47:52', NULL),
(219, '4728', '0', NULL, '0', NULL, 0, 495, 103, 198, NULL, 0, 1, 71099600, 2734600, NULL, 71099600, 0, '11', 1, NULL, NULL, NULL, 6, NULL, '0', 0, '0', 12, '4', 1, NULL, 0, '2025-06-28 09:18:53', '2025-07-07 10:05:35', NULL),
(220, '4729', '0', NULL, '0', NULL, 0, 34, 40, 9, NULL, 0, 1, 0, 0, NULL, 0, 0, '11', 1, NULL, NULL, NULL, 6, NULL, '0', 0, '0', 12, '2', 1, NULL, 0, '2025-06-28 09:37:14', '2025-06-28 10:51:19', '2025-06-28 10:51:19'),
(221, '4730', '0', NULL, '0', NULL, 0, 34, 40, 9, NULL, 0, 1, 541281960, 0, NULL, 541281960, 0, '11', 1, NULL, NULL, NULL, 6, NULL, '0', 0, '0', 12, '2', 1, NULL, 0, '2025-06-28 09:43:42', '2025-06-28 10:52:24', '2025-06-28 10:52:24'),
(222, '4731', '0', NULL, '0', NULL, 0, 516, 81, 208, NULL, 0, 1, 84690320, 3257320, NULL, 84690320, 0, '11', 1, NULL, NULL, NULL, 6, NULL, '0', 0, '0', 12, '4', 1, NULL, 0, '2025-06-28 13:55:23', '2025-07-07 10:05:28', NULL);
INSERT INTO `orders` (`id`, `order_number`, `organ_discount`, `ref_id_vibe`, `ticket_id`, `image`, `request_id`, `user_id`, `seller_id`, `address_id`, `coupon_id`, `return_status`, `status`, `total_amount`, `delivery_amount`, `coupon_amount`, `paying_amount`, `deposit`, `payment_type`, `payment_status`, `description`, `delivery_date`, `delivery_time`, `delivery_method`, `TrackingCode`, `wallet`, `tax`, `discount_price_seller`, `commission`, `delivery_status`, `active_sms`, `customer_address`, `is_pre_order`, `created_at`, `updated_at`, `deleted_at`) VALUES
(223, '4732', '0', NULL, '0', NULL, 0, 518, NULL, 209, NULL, 0, 0, 43540640, 1674640, NULL, 43540640, 0, '10', 0, NULL, NULL, '14 تا 18', 9, NULL, '0', 0, '0', 12, '1', 1, NULL, 0, '2025-06-28 14:55:55', '2025-06-30 05:49:24', '2025-06-30 05:49:24'),
(224, '4733', '0', NULL, '0', NULL, 0, 528, 111, 214, NULL, 0, 1, 149664900, 6279900, NULL, 149664900, 0, '11', 1, NULL, NULL, NULL, 6, NULL, '0', 0, '0', 12, '4', 1, NULL, 0, '2025-06-29 10:39:59', '2025-07-07 10:05:22', NULL),
(225, '4734', '0', NULL, '0', NULL, 0, 532, 50, 217, NULL, 0, 1, 69841200, 2686200, NULL, 69841200, 0, '11', 1, NULL, NULL, NULL, 6, NULL, '0', 0, '0', 12, '4', 1, NULL, 0, '2025-06-29 14:14:04', '2025-07-07 10:05:18', NULL),
(226, '215533', '0', NULL, '0', NULL, 44, 334, NULL, 109, NULL, 0, 2, 34857680, 0, 0, 34857680, 0, '9', 1, 'خرید اقساطی', NULL, NULL, 9, NULL, '0', 0, NULL, 0, '5', 1, NULL, 0, '2025-06-29 16:45:33', '2025-06-29 16:45:33', NULL),
(227, '4736', '0', NULL, '0', NULL, 0, 515, 36, 207, NULL, 0, 1, 43540640, 1674640, NULL, 43540640, 0, '11', 1, NULL, NULL, NULL, 6, NULL, '0', 0, '0', 12, '4', 1, NULL, 0, '2025-06-29 16:57:14', '2025-07-07 10:05:13', NULL),
(228, '216703', '0', NULL, '0', NULL, 45, 334, NULL, 109, NULL, 0, 2, 34857680, 0, 0, 34857680, 0, '9', 1, 'خرید اقساطی', NULL, NULL, 9, NULL, '0', 0, NULL, 0, '5', 1, NULL, 0, '2025-06-29 17:05:03', '2025-06-29 17:05:03', NULL),
(229, '217908', '0', NULL, '0', NULL, 46, 334, NULL, 109, NULL, 0, 2, 34857680, 0, 0, 34857680, 0, '9', 1, 'خرید اقساطی', NULL, NULL, 9, NULL, '0', 0, NULL, 0, '5', 1, NULL, 0, '2025-06-29 17:25:08', '2025-06-29 17:25:08', NULL),
(230, '4739', '0', NULL, '0', NULL, 0, 513, 68, 206, NULL, 0, 1, 128272100, 5457100, NULL, 128272100, 0, '11', 1, NULL, NULL, NULL, 6, NULL, '0', 0, '0', 12, '4', 1, NULL, 0, '2025-06-30 07:26:54', '2025-07-07 10:05:04', NULL),
(231, '4740', '0', NULL, '0', NULL, 0, 530, 68, 215, NULL, 0, 1, 34857680, 1340680, NULL, 34857680, 0, '11', 1, NULL, NULL, NULL, 6, NULL, '0', 0, '0', 12, '4', 1, NULL, 0, '2025-06-30 07:45:06', '2025-07-07 10:05:01', NULL),
(232, '4741', '0', NULL, '0', NULL, 0, 531, 68, 216, NULL, 0, 1, 57172500, 2722500, NULL, 57172500, 0, '11', 1, NULL, NULL, NULL, 6, NULL, '0', 0, '0', 12, '4', 1, NULL, 0, '2025-06-30 09:47:42', '2025-07-07 10:04:58', NULL),
(233, '4742', '0', NULL, '0', NULL, 0, 536, 68, 219, NULL, 0, 1, 67701920, 2603920, NULL, 67701920, 0, '11', 1, NULL, NULL, NULL, 6, NULL, '0', 0, '0', 12, '2', 1, NULL, 0, '2025-07-01 13:56:51', '2025-07-01 14:02:46', '2025-07-01 14:02:46'),
(234, '4743', '0', NULL, '0', NULL, 0, 536, 68, 219, NULL, 0, 1, 67701920, 2603920, NULL, 67701920, 0, '11', 1, NULL, NULL, NULL, 6, NULL, '0', 0, '0', 12, '4', 1, NULL, 0, '2025-07-01 14:02:46', '2025-07-07 10:04:53', NULL),
(235, '4744', '0', NULL, '0', NULL, 0, 546, NULL, 221, NULL, 0, 0, 2652320, 2652320, NULL, 2652320, 0, '12', 0, NULL, NULL, '14 تا 18', 9, NULL, '0', 0, '0', 12, '1', 1, NULL, 0, '2025-07-02 09:25:18', '2025-07-02 09:25:18', NULL),
(236, '4745', '0', NULL, '0', NULL, 0, 543, 131, 224, NULL, 0, 1, 57172500, 2722500, NULL, 57172500, 0, '11', 1, NULL, NULL, NULL, 6, NULL, '0', 0, '0', 12, '4', 1, NULL, 0, '2025-07-03 06:50:43', '2025-07-15 06:17:21', NULL),
(237, '4746', '0', NULL, '0', NULL, 0, 553, NULL, 222, NULL, 0, 1, 2722500, 2722500, NULL, 2722500, 0, '11', 1, NULL, NULL, '14 تا 18', 9, NULL, '0', 0, '0', 12, '2', 1, NULL, 0, '2025-07-03 09:12:19', '2025-07-07 09:55:20', '2025-07-07 09:55:20'),
(238, '4747', '0', NULL, '0', NULL, 0, 558, NULL, 227, NULL, 0, 0, 3257320, 3257320, NULL, 3257320, 0, '12', 0, NULL, NULL, '14 تا 18', 9, NULL, '0', 0, '0', 12, '1', 1, NULL, 0, '2025-07-04 08:54:44', '2025-07-04 08:54:44', NULL),
(239, '4748', '0', NULL, '0', NULL, 0, 567, NULL, 230, NULL, 0, 0, 2652320, 2652320, NULL, 2652320, 0, '12', 0, NULL, NULL, '14 تا 18', 9, NULL, '0', 0, '0', 12, '1', 1, NULL, 0, '2025-07-06 06:51:39', '2025-07-06 06:51:39', NULL),
(240, '4749', '0', NULL, '0', NULL, 0, 567, NULL, 230, NULL, 0, 0, 2652320, 2652320, NULL, 2652320, 0, '12', 0, NULL, NULL, '14 تا 18', 9, NULL, '0', 0, '0', 12, '1', 1, NULL, 0, '2025-07-06 06:53:23', '2025-07-06 06:53:23', NULL),
(241, '4750', '0', NULL, '0', NULL, 0, 177, 47, 55, NULL, 0, 0, 1887600, 1887600, NULL, 1887600, 0, '12', 0, NULL, NULL, NULL, 6, NULL, '0', 0, '0', 12, '1', 1, NULL, 0, '2025-07-07 06:58:16', '2025-07-07 06:58:17', NULL),
(242, '4751', '0', NULL, '0', NULL, 0, 571, 112, 231, NULL, 0, 1, 156727670, 6687670, NULL, 156727670, 0, '11', 1, NULL, NULL, NULL, 6, NULL, '0', 0, '0', 12, '2', 1, NULL, 0, '2025-07-07 08:20:43', '2025-07-07 08:25:54', '2025-07-07 08:25:54'),
(243, '4752', '0', NULL, '0', NULL, 0, 571, 112, 231, NULL, 0, 1, 156727670, 6687670, NULL, 156727670, 0, '11', 1, NULL, NULL, NULL, 6, NULL, '0', 0, '0', 12, '4', 1, NULL, 0, '2025-07-07 08:25:54', '2025-07-15 06:17:27', NULL),
(244, '4753', '0', NULL, '0', NULL, 0, 572, 90, 232, NULL, 0, 1, 153147280, 5890280, NULL, 153147280, 0, '11', 1, NULL, NULL, NULL, 6, NULL, '0', 0, '0', 12, '2', 1, NULL, 0, '2025-07-07 09:10:47', '2025-07-07 09:20:05', '2025-07-07 09:20:05'),
(245, '4754', '0', NULL, '0', NULL, 0, 572, 90, 232, NULL, 0, 1, 153147280, 5890280, NULL, 153147280, 0, '11', 1, NULL, NULL, NULL, 6, NULL, '0', 0, '0', 12, '6', 1, NULL, 0, '2025-07-07 09:20:05', '2025-07-09 06:53:31', NULL),
(246, '4755', '0', NULL, '0', NULL, 0, 553, 129, 222, NULL, 0, 1, 57172500, 2722500, NULL, 57172500, 0, '11', 1, NULL, NULL, '14 تا 18', 9, NULL, '0', 0, '0', 12, '6', 1, NULL, 0, '2025-07-07 09:34:41', '2025-07-09 06:53:35', NULL),
(247, '4756', '0', NULL, '0', NULL, 0, 575, NULL, 235, NULL, 0, 0, 1234200, 1234200, NULL, 1234200, 0, '12', 0, NULL, NULL, '14 تا 18', 9, NULL, '0', 0, '0', 12, '1', 1, NULL, 0, '2025-07-07 11:40:19', '2025-07-07 11:40:19', NULL),
(248, '4757', '0', NULL, '0', NULL, 0, 575, NULL, 235, NULL, 0, 0, 1234200, 1234200, NULL, 1234200, 0, '12', 0, NULL, NULL, '14 تا 18', 9, NULL, '0', 0, '0', 12, '1', 1, NULL, 0, '2025-07-07 11:42:38', '2025-07-07 11:42:38', NULL),
(249, '4758', '0', NULL, '0', NULL, 0, 576, NULL, 236, NULL, 0, 0, 3305720, 3305720, NULL, 3305720, 0, '12', 0, NULL, NULL, '14 تا 18', 9, NULL, '0', 0, '0', 12, '1', 1, NULL, 0, '2025-07-07 15:01:41', '2025-07-07 15:01:41', NULL),
(250, '4759', '0', NULL, '0', NULL, 0, 577, NULL, 237, NULL, 0, 0, 2603920, 2603920, NULL, 2603920, 0, '12', 0, NULL, NULL, '14 تا 18', 9, NULL, '0', 0, '0', 12, '1', 1, NULL, 0, '2025-07-07 16:59:41', '2025-07-07 16:59:41', NULL),
(251, '4760', '0', NULL, '0', NULL, 0, 577, NULL, 237, NULL, 0, 0, 2603920, 2603920, NULL, 2603920, 0, '12', 0, NULL, NULL, '14 تا 18', 9, NULL, '0', 0, '0', 12, '1', 1, NULL, 0, '2025-07-07 16:59:43', '2025-07-07 16:59:43', NULL),
(252, '977206', '0', NULL, '0', NULL, 47, 573, NULL, 233, NULL, 0, 2, 78750800, 0, 0, 63750800, 0, '9', 1, 'خرید اقساطی', NULL, NULL, 9, NULL, '0', 0, NULL, 0, '5', 1, NULL, 0, '2025-07-08 12:20:06', '2025-07-08 12:20:06', NULL),
(253, '978172', '0', NULL, '0', NULL, 48, 591, NULL, 244, NULL, 0, 2, 38356160, 0, 0, 23356160, 0, '9', 1, 'خرید اقساطی', NULL, NULL, 9, NULL, '0', 0, NULL, 0, '5', 1, NULL, 0, '2025-07-08 12:36:12', '2025-07-08 12:36:12', NULL),
(254, '4763', '0', NULL, '0', NULL, 0, 34, NULL, 9, NULL, 0, 0, 11440, 440, NULL, 11440, 0, '14', 0, NULL, NULL, '14 تا 18', 9, NULL, '0', 0, '0', 12, '1', 1, NULL, 0, '2025-07-08 12:54:12', '2025-07-08 12:56:47', '2025-07-08 12:56:47'),
(255, '4764', '0', NULL, '0', NULL, 0, 34, NULL, 9, NULL, 0, 0, 11440, 440, NULL, 11440, 0, '4', 0, NULL, NULL, '14 تا 18', 9, NULL, '0', 0, '0', 12, '1', 1, NULL, 0, '2025-07-08 13:12:20', '2025-07-08 13:12:20', NULL),
(256, '4765', '0', 'b82e7333-f344-4eff-9398-d2a4a4d2b5e3', '0', NULL, 0, 595, NULL, 246, NULL, 0, 0, 11440, 440, NULL, 11440, 0, '14', 0, NULL, NULL, '14 تا 18', 9, NULL, '0', 0, '0', 12, '1', 1, NULL, 0, '2025-07-08 13:34:19', '2025-07-08 13:34:19', NULL),
(257, '983621', '0', NULL, '0', NULL, 49, 591, NULL, 244, NULL, 0, 2, 38356160, 0, 0, 23356160, 0, '9', 1, 'خرید اقساطی', NULL, NULL, 9, NULL, '0', 0, NULL, 0, '5', 1, NULL, 0, '2025-07-08 14:07:01', '2025-07-08 14:07:01', NULL),
(258, '985877', '0', NULL, '0', NULL, 50, 587, NULL, 242, NULL, 0, 2, 85948720, 0, 0, 85948720, 0, '9', 1, 'خرید اقساطی', NULL, NULL, 9, NULL, '0', 0, NULL, 0, '5', 1, NULL, 0, '2025-07-08 14:44:37', '2025-07-08 14:44:37', NULL),
(259, '986498', '0', NULL, '0', NULL, 51, 591, NULL, 244, NULL, 0, 2, 38356160, 0, 0, 23356160, 0, '9', 1, 'خرید اقساطی', NULL, NULL, 9, NULL, '0', 0, NULL, 0, '5', 1, NULL, 0, '2025-07-08 14:54:58', '2025-07-08 14:54:58', NULL),
(260, '986775', '0', NULL, '0', NULL, 52, 591, NULL, 244, NULL, 0, 2, 38356160, 0, 0, 23356160, 0, '9', 1, 'خرید اقساطی', NULL, NULL, 9, NULL, '0', 0, NULL, 0, '5', 1, NULL, 0, '2025-07-08 14:59:35', '2025-07-08 14:59:35', NULL),
(261, '987302', '0', NULL, '0', NULL, 53, 591, NULL, 244, NULL, 0, 2, 38356160, 0, 0, 23356160, 0, '9', 1, 'خرید اقساطی', NULL, NULL, 9, NULL, '0', 0, NULL, 0, '5', 1, NULL, 0, '2025-07-08 15:08:22', '2025-07-08 15:08:22', NULL),
(262, '4771', '0', '9a3a5a44-05c3-49a8-9aef-3b4d2f256b80', '0', NULL, 0, 591, NULL, 244, NULL, 0, 0, 53356160, 2052160, NULL, 53356160, 0, '14', 0, NULL, NULL, '14 تا 18', 9, NULL, '0', 0, '0', 12, '1', 1, NULL, 0, '2025-07-08 15:19:56', '2025-07-08 15:19:56', NULL),
(263, '988352', '0', NULL, '0', NULL, 54, 591, NULL, 244, NULL, 0, 2, 38356160, 0, 0, 23356160, 0, '9', 1, 'خرید اقساطی', NULL, NULL, 9, NULL, '0', 0, NULL, 0, '5', 1, NULL, 0, '2025-07-08 15:25:52', '2025-07-08 15:25:52', NULL),
(264, '998627', '0', NULL, '0', NULL, 55, 591, NULL, 244, NULL, 0, 2, 38356160, 0, 0, 23356160, 0, '9', 1, 'خرید اقساطی', NULL, NULL, 9, NULL, '0', 0, NULL, 0, '5', 1, NULL, 0, '2025-07-08 18:17:07', '2025-07-08 18:17:07', NULL),
(265, '4774', '0', NULL, '0', NULL, 0, 599, NULL, 248, NULL, 0, 0, 2734600, 2734600, NULL, 2734600, 0, '12', 0, NULL, NULL, '14 تا 18', 9, NULL, '0', 0, '0', 12, '1', 1, NULL, 0, '2025-07-09 00:01:55', '2025-07-09 00:01:55', NULL),
(266, '043525', '0', NULL, '0', NULL, 56, 591, NULL, 244, NULL, 0, 2, 38356160, 0, 0, 23356160, 0, '9', 1, 'خرید اقساطی', NULL, NULL, 9, NULL, '0', 0, NULL, 0, '5', 1, NULL, 0, '2025-07-09 06:45:25', '2025-07-09 06:45:25', NULL),
(267, '4776', '0', 'b44103ef-3f94-42ef-b0e1-9c353d9cc965', '0', NULL, 0, 591, NULL, 244, NULL, 0, 0, 53356160, 2052160, NULL, 53356160, 0, '14', 0, NULL, NULL, '14 تا 18', 9, NULL, '0', 0, '0', 12, '1', 1, NULL, 0, '2025-07-09 06:54:58', '2025-07-09 06:54:58', NULL),
(268, '4777', '0', '820f4394-ebfd-46a1-afcc-aa52044c7cc4', '0', NULL, 0, 602, NULL, 250, NULL, 0, 0, 11440, 440, NULL, 11440, 0, '14', 0, NULL, NULL, '14 تا 18', 9, NULL, '0', 0, '0', 12, '1', 1, NULL, 0, '2025-07-09 07:22:48', '2025-07-09 07:22:48', NULL),
(269, '4778', '0', NULL, '0', NULL, 0, 282, 111, 249, NULL, 0, 1, 84690320, 3257320, NULL, 84690320, 0, '11', 1, NULL, NULL, NULL, 6, NULL, '0', 0, '0', 12, '4', 1, NULL, 0, '2025-07-09 08:03:12', '2025-07-19 07:11:30', NULL),
(270, '4779', '0', NULL, '0', NULL, 0, 282, 111, 252, NULL, 0, 1, 67701920, 2603920, NULL, 67701920, 0, '11', 1, NULL, NULL, NULL, 6, NULL, '0', 0, '0', 12, '2', 1, NULL, 0, '2025-07-09 08:13:42', '2025-07-09 08:16:16', '2025-07-09 08:16:16'),
(271, '4780', '0', NULL, '0', NULL, 0, 282, 111, 252, NULL, 0, 1, 67701920, 2603920, NULL, 67701920, 0, '11', 1, NULL, NULL, NULL, 6, NULL, '0', 0, '0', 12, '4', 1, NULL, 0, '2025-07-09 08:16:16', '2025-07-19 07:11:27', NULL),
(272, '4781', '0', '1752049203', '0', NULL, 0, 34, NULL, 9, NULL, 0, 0, 11440, 440, NULL, 11440, 0, '15', 0, NULL, NULL, '14 تا 18', 9, NULL, '0', 0, '0', 12, '1', 1, NULL, 0, '2025-07-09 08:20:04', '2025-07-09 09:47:27', '2025-07-09 09:47:27'),
(273, '4782', '0', '1752049607', '0', NULL, 0, 34, NULL, 9, NULL, 0, 0, 11440, 440, NULL, 11440, 0, '15', 0, NULL, NULL, '14 تا 18', 9, NULL, '0', 0, '0', 12, '1', 1, NULL, 0, '2025-07-09 08:26:47', '2025-07-09 09:47:59', '2025-07-09 09:47:59'),
(274, '4783', '0', '1752049880', '0', NULL, 0, 34, NULL, 9, NULL, 0, 0, 11440, 440, NULL, 11440, 0, '15', 0, NULL, NULL, '14 تا 18', 9, NULL, '0', 0, '0', 12, '1', 1, NULL, 0, '2025-07-09 08:31:21', '2025-07-09 09:47:43', '2025-07-09 09:47:43'),
(275, '4784', '0', '1752050162', '0', NULL, 0, 34, NULL, 9, NULL, 0, 1, 11440, 440, NULL, 11440, 0, '15', 1, NULL, NULL, '14 تا 18', 9, NULL, '0', 0, '0', 12, '2', 1, NULL, 0, '2025-07-09 08:36:02', '2025-07-09 08:37:15', NULL),
(276, '4785', '0', 'c7b5d775-d7c6-4c23-89c9-5552e8d48765', '0', NULL, 0, 602, NULL, 250, NULL, 0, 0, 11440, 440, NULL, 11440, 0, '14', 0, NULL, NULL, '14 تا 18', 9, NULL, '0', 0, '0', 12, '1', 1, NULL, 0, '2025-07-09 11:37:34', '2025-07-09 11:37:34', NULL),
(277, '4786', '0', '39b580b7-2adc-4699-ac90-7a4aca11e870', '0', NULL, 0, 602, NULL, 250, NULL, 0, 0, 11440, 440, NULL, 11440, 0, '14', 0, NULL, NULL, '14 تا 18', 9, NULL, '0', 0, '0', 12, '1', 1, NULL, 0, '2025-07-09 12:16:00', '2025-07-09 12:16:00', NULL),
(278, '4787', '0', 'e54b4517-6c15-4fbc-8b95-af5d0e07b5e6', '0', NULL, 0, 602, NULL, 250, NULL, 0, 0, 11440, 440, NULL, 11440, 0, '14', 0, NULL, NULL, '14 تا 18', 9, NULL, '0', 0, '0', 12, '1', 1, NULL, 0, '2025-07-09 12:16:03', '2025-07-09 12:16:03', NULL),
(279, '4788', '0', '7f2dec97-ad2b-44e9-8de0-296ccea93205', '0', NULL, 0, 34, NULL, 9, NULL, 0, 0, 11440, 440, NULL, 11440, 0, '14', 0, NULL, NULL, '14 تا 18', 9, NULL, '0', 0, '0', 12, '1', 1, NULL, 0, '2025-07-10 05:23:13', '2025-07-10 05:23:13', NULL),
(280, '147520', '0', NULL, '0', NULL, 57, 611, NULL, 255, NULL, 0, 2, 44924880, 0, 0, 44924880, 0, '9', 1, 'خرید اقساطی', NULL, NULL, 9, NULL, '0', 0, NULL, 0, '5', 1, NULL, 0, '2025-07-10 11:38:40', '2025-07-10 11:38:40', NULL),
(281, '148030', '0', NULL, '0', NULL, 58, 611, NULL, 255, NULL, 0, 2, 44924880, 0, 0, 44924880, 0, '9', 1, 'خرید اقساطی', NULL, NULL, 9, NULL, '0', 0, NULL, 0, '5', 1, NULL, 0, '2025-07-10 11:47:10', '2025-07-10 11:47:10', NULL),
(282, '176574', '0', NULL, '0', NULL, 59, 611, NULL, 255, NULL, 0, 2, 44924880, 0, 0, 44924880, 0, '9', 1, 'خرید اقساطی', NULL, NULL, 9, NULL, '0', 0, NULL, 0, '5', 1, NULL, 0, '2025-07-10 19:42:54', '2025-07-10 19:42:54', NULL),
(283, '177212', '0', NULL, '0', NULL, 60, 611, NULL, 255, NULL, 0, 2, 44924880, 0, 0, 44924880, 0, '9', 1, 'خرید اقساطی', NULL, NULL, 9, NULL, '0', 0, NULL, 0, '5', 1, NULL, 0, '2025-07-10 19:53:32', '2025-07-10 19:53:32', NULL),
(284, '177777', '0', NULL, '0', NULL, 61, 611, NULL, 255, NULL, 0, 2, 44924880, 0, 0, 44924880, 0, '9', 1, 'خرید اقساطی', NULL, NULL, 9, NULL, '0', 0, NULL, 0, '5', 1, NULL, 0, '2025-07-10 20:02:57', '2025-07-10 20:02:57', NULL),
(285, '4794', '0', NULL, '0', NULL, 0, 611, NULL, 255, NULL, 0, 0, 1727880, 1727880, NULL, 1727880, 0, '12', 0, NULL, NULL, '14 تا 18', 9, NULL, '0', 0, '0', 12, '1', 1, NULL, 0, '2025-07-10 20:04:54', '2025-07-10 20:04:54', NULL),
(286, '4795', '0', '58d6a77a-ffbb-4f09-98ac-a547dc0833d3', '0', NULL, 0, 622, NULL, 258, NULL, 0, 0, 42785600, 1645600, NULL, 42785600, 0, '14', 0, NULL, NULL, '14 تا 18', 9, NULL, '0', 0, '0', 12, '1', 1, NULL, 0, '2025-07-11 22:01:08', '2025-07-11 22:01:08', NULL),
(287, '4796', '0', NULL, '0', NULL, 0, 622, NULL, 258, NULL, 0, 0, 1645600, 1645600, NULL, 1645600, 0, '12', 0, NULL, NULL, '14 تا 18', 9, NULL, '0', 0, '0', 12, '1', 1, NULL, 0, '2025-07-11 22:06:45', '2025-07-11 22:06:45', NULL),
(288, '4797', '0', '4ff10173-b513-4cb9-9c8e-f895d2f0e91b', '0', NULL, 0, 34, NULL, 9, NULL, 0, 0, 11440, 440, NULL, 11440, 0, '14', 0, NULL, NULL, '14 تا 18', 9, NULL, '0', 0, '0', 12, '1', 1, NULL, 0, '2025-07-12 11:12:45', '2025-07-12 11:12:45', NULL),
(289, '4798', '0', '2c4c6394-bfa0-442e-accf-09cd2511e926', '0', NULL, 0, 34, NULL, 9, NULL, 0, 0, 11440, 440, NULL, 11440, 0, '14', 0, NULL, NULL, '14 تا 18', 9, NULL, '0', 0, '0', 12, '1', 1, NULL, 0, '2025-07-12 11:19:35', '2025-07-12 11:19:35', NULL),
(290, '4799', '0', 'c45aab7a-8340-4dd6-971a-3c89f1f4933d', '0', NULL, 0, 34, NULL, 9, NULL, 0, 0, 11440, 440, NULL, 11440, 0, '14', 0, NULL, NULL, '14 تا 18', 9, NULL, '0', 0, '0', 12, '1', 1, NULL, 0, '2025-07-12 11:26:33', '2025-07-12 11:26:33', NULL),
(291, '4800', '0', NULL, '0', NULL, 0, 628, NULL, 260, NULL, 0, 0, 2081200, 2081200, NULL, 2081200, 0, '12', 0, NULL, NULL, '14 تا 18', 9, NULL, '0', 0, '0', 12, '1', 1, NULL, 0, '2025-07-12 15:24:16', '2025-07-12 15:24:16', NULL),
(292, '4801', '0', NULL, '0', NULL, 0, 593, 76, 245, NULL, 0, 1, 74874800, 2879800, NULL, 74874800, 0, '11', 1, NULL, NULL, NULL, 6, NULL, '0', 0, '0', 12, '6', 1, NULL, 0, '2025-07-13 05:52:51', '2025-07-16 13:04:20', NULL),
(293, '4802', '0', '9c5f7041-237b-4718-9dc1-315fa14cb4a0', '0', NULL, 0, 633, NULL, 263, NULL, 0, 0, 11440, 440, NULL, 11440, 0, '14', 0, NULL, NULL, '14 تا 18', 9, NULL, '0', 0, '0', 12, '1', 1, NULL, 0, '2025-07-13 06:34:41', '2025-07-13 06:34:41', NULL),
(294, '4803', '0', 'e5d0d32e-95d0-40b7-bcf4-ef21a4f731a4', '0', NULL, 0, 633, NULL, 263, NULL, 0, 0, 11440, 440, NULL, 11440, 0, '14', 0, NULL, NULL, '14 تا 18', 9, NULL, '0', 0, '0', 12, '1', 1, NULL, 0, '2025-07-13 06:40:35', '2025-07-13 06:40:35', NULL),
(295, '4804', '0', '6407d4ee-fc41-42b6-af3d-994b1bff01be', '0', NULL, 0, 633, NULL, 263, NULL, 0, 0, 2080, 80, NULL, 2080, 0, '14', 0, NULL, NULL, '14 تا 18', 9, NULL, '0', 0, '0', 12, '1', 1, NULL, 0, '2025-07-13 06:55:53', '2025-07-13 06:55:53', NULL),
(296, '4805', '0', NULL, '0', NULL, 0, 635, 89, 265, NULL, 0, 1, 72037350, 3430350, NULL, 72037350, 0, '11', 1, NULL, NULL, NULL, 6, NULL, '0', 0, '0', 12, '2', 1, NULL, 0, '2025-07-13 08:58:11', '2025-07-13 09:01:34', '2025-07-13 09:01:34'),
(297, '4806', '0', NULL, '0', NULL, 0, 635, 89, 265, NULL, 0, 1, 72037350, 3430350, NULL, 72037350, 0, '11', 1, NULL, NULL, NULL, 6, NULL, '0', 0, '0', 12, '4', 1, NULL, 0, '2025-07-13 09:01:34', '2025-07-19 07:11:21', NULL),
(298, '4807', '0', NULL, '0', NULL, 0, 637, 90, 266, NULL, 0, 1, 153147280, 5890280, NULL, 153147280, 0, '11', 1, NULL, NULL, NULL, 6, NULL, '0', 0, '0', 12, '2', 1, NULL, 0, '2025-07-13 13:20:58', '2025-07-13 13:23:53', '2025-07-13 13:23:53'),
(299, '4808', '0', NULL, '0', NULL, 0, 637, 90, 266, NULL, 0, 1, 153147280, 5890280, NULL, 153147280, 0, '11', 1, NULL, NULL, NULL, 6, NULL, '0', 0, '0', 12, '4', 1, NULL, 0, '2025-07-13 13:23:52', '2025-07-19 07:02:22', NULL),
(300, '4809', '0', NULL, '0', NULL, 0, 641, 128, 268, NULL, 0, 1, 82969700, 3714700, NULL, 82969700, 0, '11', 1, NULL, NULL, NULL, 6, NULL, '0', 0, '0', 12, '2', 1, NULL, 0, '2025-07-14 07:23:42', '2025-07-14 07:26:42', '2025-07-14 07:26:42'),
(301, '4810', '0', NULL, '0', NULL, 0, 641, 128, 268, NULL, 0, 1, 82969700, 3714700, NULL, 82969700, 0, '11', 1, NULL, NULL, NULL, 6, NULL, '0', 0, '0', 12, '4', 1, NULL, 0, '2025-07-14 07:26:42', '2025-07-19 07:02:15', NULL),
(302, '4811', '0', NULL, '0', NULL, 0, 640, 92, 267, NULL, 0, 1, 74874800, 2879800, NULL, 74874800, 0, '11', 1, NULL, NULL, NULL, 6, NULL, '0', 0, '0', 12, '4', 1, NULL, 0, '2025-07-14 07:31:16', '2025-07-19 07:11:16', NULL),
(303, '4812', '0', NULL, '0', NULL, 0, 642, 145, 269, NULL, 0, 1, 67701920, 2603920, NULL, 67701920, 0, '11', 1, NULL, NULL, NULL, 6, NULL, '0', 0, '0', 12, '2', 1, NULL, 0, '2025-07-14 07:48:46', '2025-07-14 07:50:11', NULL),
(304, '4813', '0', NULL, '0', NULL, 0, 642, 145, 269, NULL, 0, 0, 67701920, 2603920, NULL, 67701920, 0, '11', 0, NULL, NULL, NULL, 6, NULL, '0', 0, '0', 12, '1', 1, NULL, 0, '2025-07-14 08:03:16', '2025-07-14 08:03:16', NULL),
(305, '4814', '0', NULL, '0', NULL, 0, 634, 112, 264, NULL, 0, 1, 68960320, 2652320, NULL, 68960320, 0, '11', 1, NULL, NULL, NULL, 6, NULL, '0', 0, '0', 12, '4', 1, NULL, 0, '2025-07-14 08:10:49', '2025-07-19 07:10:45', NULL),
(306, '4815', '0', NULL, '0', NULL, 0, 34, 40, 9, NULL, 0, 0, 35218260, 1437480, NULL, 35218260, 0, '3', 0, NULL, NULL, NULL, 6, NULL, '0', 0, '2156220', 12, '1', 1, NULL, 1, '2025-07-14 08:35:50', '2025-07-14 08:36:00', '2025-07-14 08:36:00'),
(307, '4815', '0', NULL, '0', NULL, 0, 34, 40, 9, NULL, 0, 0, 35218260, 1437480, NULL, 35218260, 0, '10', 0, NULL, NULL, NULL, 6, NULL, '0', 0, '2156220', 12, '1', 1, NULL, 1, '2025-07-14 08:35:50', '2025-07-14 12:58:35', '2025-07-14 12:58:35'),
(308, '4817', '0', 'eb142028-0fac-47e8-b4da-b470f3d8614d', '0', NULL, 0, 633, NULL, 263, NULL, 0, 0, 4160, 160, NULL, 4160, 0, '14', 0, NULL, NULL, '14 تا 18', 9, NULL, '0', 0, '0', 12, '1', 1, NULL, 0, '2025-07-14 09:27:09', '2025-07-14 09:27:09', NULL),
(309, '4818', '0', '13cacb45-58ff-41a6-814f-2aeb77b49530', '0', NULL, 0, 633, NULL, 263, NULL, 0, 0, 4160, 160, NULL, 4160, 0, '14', 0, NULL, NULL, '14 تا 18', 9, NULL, '0', 0, '0', 12, '1', 1, NULL, 0, '2025-07-14 09:42:33', '2025-07-14 09:42:33', NULL),
(310, '4819', '0', NULL, '0', NULL, 0, 41, 48, 20, NULL, 0, 0, 188542200, 7695600, NULL, 188542200, 0, '3', 0, NULL, NULL, NULL, 6, NULL, '0', 0, '11543400', 12, '1', 1, NULL, 1, '2025-07-14 10:19:45', '2025-07-14 10:19:45', NULL),
(311, '4820', '0', NULL, '0', NULL, 0, 646, 103, 270, NULL, 0, 1, 84690320, 3257320, NULL, 84690320, 0, '11', 1, NULL, NULL, NULL, 6, NULL, '0', 0, '0', 12, '4', 1, NULL, 0, '2025-07-14 14:47:54', '2025-07-19 07:02:10', NULL),
(312, '521856', '0', NULL, '0', NULL, 62, 631, NULL, 262, NULL, 0, 2, 85948720, 0, 0, 85948720, 0, '9', 1, 'خرید اقساطی', NULL, NULL, 9, NULL, '0', 0, NULL, 0, '5', 1, NULL, 0, '2025-07-14 19:37:36', '2025-07-14 19:37:36', NULL),
(313, '4822', '0', NULL, '0', NULL, 0, 222, 89, 68, NULL, 0, 1, 155007050, 7145050, NULL, 155007050, 0, '11', 1, NULL, NULL, NULL, 6, NULL, '0', 0, '0', 12, '4', 1, NULL, 0, '2025-07-15 06:47:15', '2025-07-19 07:10:27', NULL),
(314, '4823', '0', NULL, '0', NULL, 0, 627, 112, 273, NULL, 0, 1, 143121220, 6028220, NULL, 143121220, 0, '11', 1, NULL, NULL, NULL, 6, NULL, '0', 0, '0', 12, '4', 1, NULL, 0, '2025-07-15 07:20:26', '2025-07-20 11:11:42', NULL),
(315, '4824', '0', NULL, '0', NULL, 0, 222, 89, 68, NULL, 0, 1, 25797200, 992200, NULL, 25797200, 0, '11', 1, NULL, NULL, NULL, 6, NULL, '0', 0, '0', 12, '5', 1, NULL, 0, '2025-07-15 07:23:15', '2025-07-21 05:58:03', '2025-07-21 05:58:03'),
(316, '4825', '0', NULL, '0', NULL, 0, 642, 145, 269, NULL, 0, 1, 65000000, 0, NULL, 65000000, 0, '11', 1, NULL, NULL, NULL, 6, NULL, '0', 0, '0', 12, '4', 1, NULL, 0, '2025-07-15 07:52:48', '2025-07-19 07:09:38', NULL),
(317, '4826', '0', NULL, '0', NULL, 0, 645, 71, 271, NULL, 0, 1, 44924880, 1727880, NULL, 44924880, 0, '11', 1, NULL, NULL, NULL, 6, NULL, '0', 0, '0', 12, '4', 1, NULL, 0, '2025-07-15 14:46:45', '2025-07-19 07:02:04', NULL),
(318, '4827', '0', NULL, '0', NULL, 0, 655, 119, 275, NULL, 0, 1, 46675200, 1795200, NULL, 46675200, 0, '11', 1, NULL, NULL, NULL, 6, NULL, '0', 0, '0', 12, '2', 1, NULL, 0, '2025-07-15 16:25:16', '2025-07-15 16:27:45', '2025-07-15 16:27:45'),
(319, '4828', '0', NULL, '0', NULL, 0, 655, 119, 275, NULL, 0, 1, 46675200, 1795200, NULL, 46675200, 0, '11', 1, NULL, NULL, NULL, 6, NULL, '0', 0, '0', 12, '5', 1, NULL, 0, '2025-07-15 16:27:45', '2025-07-16 13:04:55', NULL),
(320, '4829', '0', NULL, '0', NULL, 0, 659, 90, 277, NULL, 0, 0, 155664080, 5987080, NULL, 155664080, 0, '11', 0, NULL, NULL, NULL, 6, NULL, '0', 0, '0', 12, '1', 1, NULL, 0, '2025-07-16 07:29:25', '2025-07-16 07:29:25', NULL),
(321, '4830', '0', NULL, '0', NULL, 0, 659, 90, 277, NULL, 0, 1, 155664080, 5987080, NULL, 155664080, 0, '11', 1, NULL, NULL, NULL, 6, NULL, '0', 0, '0', 12, '2', 1, NULL, 0, '2025-07-16 07:33:33', '2025-07-16 07:35:52', NULL),
(322, '4831', '0', NULL, '0', NULL, 0, 659, 90, 277, NULL, 0, 0, 155664080, 5987080, NULL, 155664080, 0, '11', 0, NULL, NULL, NULL, 6, NULL, '0', 0, '0', 12, '1', 1, NULL, 0, '2025-07-16 07:39:04', '2025-07-16 07:39:04', NULL),
(323, '4832', '0', NULL, '0', NULL, 0, 659, 90, 277, NULL, 0, 0, 155664080, 5987080, NULL, 155664080, 0, '11', 0, NULL, NULL, NULL, 6, NULL, '0', 0, '0', 12, '1', 1, NULL, 0, '2025-07-16 07:40:57', '2025-07-21 07:06:24', '2025-07-21 07:06:24'),
(324, '4833', '0', NULL, '0', NULL, 0, 34, NULL, 9, NULL, 0, 0, 32089200, 1234200, NULL, 32089200, 0, '10', 0, NULL, NULL, '14 تا 18', 9, NULL, '0', 0, '0', 12, '1', 1, NULL, 0, '2025-07-16 08:20:24', '2025-07-19 05:48:26', '2025-07-19 05:48:26'),
(325, '4834', '0', NULL, '0', NULL, 0, 34, NULL, 9, NULL, 0, 0, 32089200, 1234200, NULL, 32089200, 0, '10', 0, NULL, NULL, '14 تا 18', 9, NULL, '0', 0, '0', 12, '1', 1, NULL, 0, '2025-07-16 08:38:22', '2025-07-19 05:48:52', '2025-07-19 05:48:52'),
(326, '4835', '0', NULL, '0', NULL, 0, 34, NULL, 9, NULL, 0, 0, 32089200, 1234200, NULL, 32089200, 0, '10', 0, NULL, NULL, '14 تا 18', 9, NULL, '0', 0, '0', 12, '1', 1, NULL, 0, '2025-07-16 08:39:23', '2025-07-19 05:49:44', '2025-07-19 05:49:44'),
(327, '4836', '0', NULL, '0', NULL, 0, 34, NULL, 9, NULL, 0, 0, 32089200, 1234200, NULL, 32089200, 0, '10', 0, NULL, NULL, '14 تا 18', 9, NULL, '0', 0, '0', 12, '1', 1, NULL, 0, '2025-07-16 08:56:16', '2025-07-16 08:56:16', NULL),
(328, '4837', '0', NULL, '0', NULL, 0, 34, NULL, 9, NULL, 0, 0, 72037350, 3430350, NULL, 72037350, 0, '10', 0, NULL, NULL, '14 تا 18', 9, NULL, '0', 0, '0', 12, '1', 1, NULL, 0, '2025-07-16 09:38:29', '2025-07-19 05:47:38', '2025-07-19 05:47:38'),
(329, '4838', '0', NULL, '0', NULL, 0, 663, 123, 280, NULL, 0, 1, 34228480, 1316480, NULL, 34228480, 0, '11', 1, NULL, NULL, NULL, 6, NULL, '0', 0, '0', 12, '2', 1, NULL, 0, '2025-07-16 09:54:41', '2025-07-16 09:54:41', NULL),
(330, '4839', '0', NULL, '0', NULL, 0, 659, 90, 277, NULL, 0, 0, 155664080, 5987080, NULL, 155664080, 0, '11', 0, NULL, NULL, NULL, 6, NULL, '0', 0, '0', 12, '1', 1, NULL, 0, '2025-07-16 09:59:29', '2025-07-16 13:27:56', '2025-07-16 13:27:56'),
(331, '4840', '0', NULL, '0', NULL, 0, 659, 90, 277, NULL, 0, 1, 150000000, 0, NULL, 150000000, 0, '11', 1, NULL, NULL, NULL, 6, NULL, '0', 0, '0', 12, '2', 1, NULL, 0, '2025-07-16 13:01:47', '2025-07-16 13:01:47', NULL),
(332, '4841', '0', NULL, '0', NULL, 0, 665, 68, 284, NULL, 0, 1, 34857680, 1340680, NULL, 34857680, 0, '11', 1, NULL, NULL, NULL, 6, NULL, '0', 0, '0', 12, '4', 1, NULL, 0, '2025-07-16 15:19:07', '2025-07-21 09:12:14', NULL),
(333, '4842', '0', NULL, '0', NULL, 0, 669, 89, 286, NULL, 0, 1, 143136950, 6164950, NULL, 143136950, 0, '11', 1, NULL, NULL, NULL, 6, NULL, '0', 0, '0', 12, '4', 1, NULL, 0, '2025-07-16 17:36:58', '2025-07-21 09:12:27', NULL),
(334, '4843', '0', NULL, '0', NULL, 0, 650, 89, 283, NULL, 0, 1, 97834550, 4422550, NULL, 97834550, 0, '11', 1, NULL, NULL, NULL, 6, NULL, '0', 0, '0', 12, '6', 1, NULL, 0, '2025-07-16 17:47:31', '2025-07-21 09:12:33', NULL),
(335, '4844', '0', NULL, '0', NULL, 0, 671, 128, 287, NULL, 0, 1, 165536470, 7026470, NULL, 165536470, 0, '11', 1, NULL, NULL, NULL, 6, NULL, '0', 0, '0', 12, '2', 1, NULL, 0, '2025-07-17 06:07:27', '2025-07-17 06:10:25', NULL),
(336, '4845', '0', NULL, '0', NULL, 0, 662, 112, 281, NULL, 0, 1, 144074700, 6860700, NULL, 144074700, 0, '11', 1, NULL, NULL, NULL, 6, NULL, '0', 0, '0', 12, '4', 1, NULL, 0, '2025-07-17 07:05:34', '2025-07-21 09:12:52', NULL),
(337, '4846', '0', NULL, '0', NULL, 0, 672, 43, 288, NULL, 0, 1, 49077600, 1887600, NULL, 49077600, 0, '11', 1, NULL, NULL, NULL, 6, NULL, '0', 0, '0', 12, '4', 1, NULL, 0, '2025-07-17 07:23:38', '2025-07-21 09:12:58', NULL),
(338, '4847', '0', NULL, '0', NULL, 0, 679, 90, 293, NULL, 0, 1, 153147280, 5890280, NULL, 153147280, 0, '11', 1, NULL, NULL, NULL, 6, NULL, '0', 0, '0', 12, '2', 1, NULL, 0, '2025-07-17 09:36:53', '2025-07-17 09:39:31', '2025-07-17 09:39:31'),
(339, '4848', '0', NULL, '0', NULL, 0, 679, 90, 293, NULL, 0, 1, 153147280, 5890280, NULL, 153147280, 0, '11', 1, NULL, NULL, NULL, 6, NULL, '0', 0, '0', 12, '2', 1, NULL, 0, '2025-07-17 09:39:31', '2025-07-17 09:39:31', NULL),
(340, '4849', '0', NULL, '0', NULL, 0, 680, 90, 294, NULL, 0, 0, 153147280, 5890280, NULL, 153147280, 0, '11', 0, NULL, NULL, NULL, 6, NULL, '0', 0, '0', 12, '1', 1, NULL, 0, '2025-07-17 10:10:53', '2025-07-17 10:10:53', NULL),
(341, '4850', '0', NULL, '0', NULL, 0, 680, 90, 294, NULL, 0, 1, 153147280, 5890280, NULL, 153147280, 0, '11', 1, NULL, NULL, NULL, 6, NULL, '0', 0, '0', 12, '2', 1, NULL, 0, '2025-07-17 10:11:52', '2025-07-17 10:13:12', NULL),
(342, '4851', '0', NULL, '0', NULL, 0, 675, 90, 291, NULL, 0, 1, 153147280, 5890280, NULL, 153147280, 0, '11', 1, NULL, NULL, NULL, 6, NULL, '0', 0, '0', 12, '2', 1, NULL, 0, '2025-07-19 07:45:36', '2025-07-19 07:47:00', NULL),
(343, '4852', '0', NULL, '0', NULL, 0, 495, 48, 198, NULL, 0, 0, 76133200, 2928200, NULL, 76133200, 0, '11', 0, NULL, NULL, NULL, 6, NULL, '0', 0, '0', 12, '1', 1, NULL, 0, '2025-07-19 09:12:17', '2025-07-19 09:12:17', NULL),
(344, '4853', '0', NULL, '0', NULL, 0, 675, 48, 198, NULL, 0, 1, 2928200, 2928200, NULL, 2928200, 0, '11', 1, NULL, NULL, NULL, 6, NULL, '0', 0, '0', 12, '2', 1, NULL, 0, '2025-07-19 14:01:54', '2025-07-19 14:54:09', '2025-07-19 14:54:09'),
(345, '4854', '0', NULL, '0', NULL, 0, 707, 131, 304, NULL, 0, 1, 84690320, 3257320, NULL, 84690320, 0, '11', 1, NULL, NULL, NULL, 6, NULL, '0', 0, '0', 12, '4', 1, NULL, 0, '2025-07-19 14:56:50', '2025-07-21 09:13:02', NULL),
(346, '4855', '0', NULL, '0', NULL, 0, 222, 89, 68, NULL, 0, 1, 6936930, 0, NULL, 6936930, 0, '11', 1, NULL, NULL, NULL, 6, NULL, '0', 0, '0', 12, '2', 1, NULL, 0, '2025-07-20 06:11:38', '2025-07-21 05:56:52', '2025-07-21 05:56:52'),
(347, '4856', '0', NULL, '0', NULL, 0, 710, 112, 306, NULL, 0, 1, 72037350, 3430350, NULL, 72037350, 0, '11', 1, NULL, NULL, NULL, 6, NULL, '0', 0, '0', 12, '6', 1, NULL, 0, '2025-07-20 06:41:01', '2025-07-21 09:13:11', NULL),
(348, '4857', '0', NULL, '0', NULL, 0, 703, 112, 301, NULL, 0, 1, 72037350, 3430350, NULL, 72037350, 0, '11', 1, NULL, NULL, NULL, 6, NULL, '0', 0, '0', 12, '6', 1, NULL, 0, '2025-07-20 06:56:32', '2025-07-21 09:13:15', NULL),
(349, '4858', '0', NULL, '0', NULL, 0, 686, 145, 307, NULL, 0, 1, 92492400, 3557400, NULL, 92492400, 0, '11', 1, NULL, NULL, NULL, 6, NULL, '0', 0, '0', 12, '6', 1, NULL, 0, '2025-07-20 08:18:18', '2025-07-21 09:13:24', NULL),
(350, '4859', '0', NULL, '0', NULL, 0, 676, 112, 302, NULL, 0, 1, 82969700, 3714700, NULL, 82969700, 0, '11', 1, NULL, NULL, NULL, 6, NULL, '0', 0, '0', 12, '6', 1, NULL, 0, '2025-07-20 11:10:46', '2025-07-21 09:13:32', NULL),
(351, '4860', '0', NULL, '0', NULL, 0, 708, 112, 305, NULL, 0, 1, 157986070, 6736070, NULL, 157986070, 0, '11', 1, NULL, NULL, NULL, 6, NULL, '0', 0, '0', 12, '6', 1, NULL, 0, '2025-07-20 11:58:53', '2025-07-21 09:13:35', NULL),
(352, '4861', '0', NULL, '0', NULL, 0, 719, 90, 312, NULL, 0, 1, 153147280, 5890280, NULL, 153147280, 0, '11', 1, NULL, NULL, NULL, 6, NULL, '0', 0, '0', 12, '2', 1, NULL, 0, '2025-07-20 14:31:39', '2025-07-20 15:51:26', NULL),
(353, '4862', '0', NULL, '0', NULL, 0, 720, 71, 314, NULL, 0, 1, 85948720, 3305720, NULL, 85948720, 0, '11', 1, NULL, NULL, NULL, 6, NULL, '0', 0, '0', 12, '2', 1, NULL, 0, '2025-07-20 14:53:10', '2025-07-20 14:53:10', NULL),
(354, '4863', '0', NULL, '0', NULL, 0, 721, 90, 315, NULL, 0, 1, 155664080, 5987080, NULL, 155664080, 0, '11', 1, NULL, NULL, NULL, 6, NULL, '0', 0, '0', 12, '2', 1, NULL, 0, '2025-07-20 15:10:08', '2025-07-20 15:48:51', NULL),
(355, '048020', '0', NULL, '0', NULL, 63, 631, NULL, 262, NULL, 0, 2, 85948720, 0, 0, 85948720, 0, '9', 1, 'خرید اقساطی', NULL, NULL, 9, NULL, '0', 0, NULL, 0, '5', 1, NULL, 0, '2025-07-20 21:47:00', '2025-07-20 21:47:00', NULL),
(356, '4865', '0', NULL, '0', NULL, 0, 34, 40, 9, NULL, 0, 0, 35218260, 1437480, NULL, 35218260, 0, '3', 0, NULL, NULL, NULL, 6, NULL, '0', 0, '2156220', 12, '1', 1, NULL, 1, '2025-07-21 06:53:43', '2025-07-21 06:54:23', '2025-07-21 06:54:23'),
(357, '4866', '0', NULL, '0', NULL, 0, 725, 90, 317, NULL, 0, 1, 155664080, 5987080, NULL, 155664080, 0, '11', 1, NULL, NULL, NULL, 6, NULL, '0', 0, '0', 12, '2', 1, NULL, 0, '2025-07-21 07:06:33', '2025-07-21 07:15:56', NULL),
(358, '4867', '0', NULL, '0', NULL, 0, 705, 112, 313, NULL, 0, 1, 45375000, 0, NULL, 45375000, 0, '11', 1, NULL, NULL, NULL, 6, NULL, '0', 0, '0', 12, '2', 1, NULL, 0, '2025-07-21 07:13:08', '2025-07-21 07:13:09', NULL),
(359, '4868', '0', NULL, '0', NULL, 0, 726, 54, 318, NULL, 0, 0, 53356160, 2052160, NULL, 53356160, 0, '11', 0, NULL, NULL, NULL, 6, NULL, '0', 0, '0', 12, '1', 1, NULL, 0, '2025-07-21 07:15:19', '2025-07-21 07:15:19', NULL),
(360, '4869', '0', NULL, '0', NULL, 0, 726, 54, 318, NULL, 0, 1, 53356160, 2052160, NULL, 53356160, 0, '11', 1, NULL, NULL, NULL, 6, NULL, '0', 0, '0', 12, '2', 1, NULL, 0, '2025-07-21 07:19:45', '2025-07-21 07:38:53', NULL),
(361, '4870', '0', NULL, '0', NULL, 0, 41, NULL, 20, NULL, 0, 0, 1795640, 1795640, NULL, 1795640, 0, '3', 0, NULL, NULL, '14 تا 18', 9, NULL, '0', 0, '0', 12, '1', 1, NULL, 1, '2025-07-21 07:27:18', '2025-07-21 07:28:27', '2025-07-21 07:28:27'),
(362, '4871', '0', NULL, '0', NULL, 0, 726, 54, 318, NULL, 0, 0, 53356160, 2052160, NULL, 53356160, 0, '11', 0, NULL, NULL, NULL, 6, NULL, '0', 0, '0', 12, '1', 1, NULL, 0, '2025-07-21 07:28:26', '2025-07-21 07:28:26', NULL),
(363, '4872', '0', NULL, '0', NULL, 0, 727, 111, 320, NULL, 0, 1, 57172500, 2722500, NULL, 57172500, 0, '11', 1, NULL, NULL, NULL, 6, NULL, '0', 0, '0', 12, '2', 1, NULL, 0, '2025-07-21 08:02:45', '2025-07-21 08:02:45', NULL),
(364, '4873', '0', NULL, '0', NULL, 0, 656, 83, 319, NULL, 0, 1, 43540640, 1674640, NULL, 43540640, 0, '11', 1, NULL, NULL, NULL, 6, NULL, '0', 0, '0', 12, '2', 1, NULL, 0, '2025-07-21 08:41:40', '2025-07-21 08:41:40', NULL),
(365, '4874', '0', NULL, '0', NULL, 0, 715, 112, 308, NULL, 0, 1, 117717270, 5187270, NULL, 117717270, 0, '11', 1, NULL, NULL, NULL, 6, NULL, '0', 0, '0', 12, '2', 1, NULL, 0, '2025-07-21 09:02:02', '2025-07-21 09:02:02', NULL),
(366, '4875', '0', NULL, '0', NULL, 0, 34, 40, 9, NULL, 0, 0, 122666315, 4717935, NULL, 122666315, 0, '10', 0, NULL, NULL, NULL, 6, NULL, '0', 0, '7528620', 12, '1', 1, NULL, 0, '2025-07-22 07:15:07', '2025-07-22 07:15:07', NULL),
(367, '4876', '0', NULL, '0', NULL, 0, 34, 40, 9, NULL, 0, 1, 122666315, 4717935, NULL, 122666315, 0, '10', 1, NULL, NULL, NULL, 6, NULL, '0', 0, '7528620', 12, '1', 1, NULL, 0, '2025-07-22 07:15:22', '2025-07-22 07:15:22', NULL),
(368, '4877', '13095225', NULL, '0', NULL, 0, 731, NULL, 323, NULL, 0, 0, 52380900, 2686200, NULL, 39285675, 0, '10', 0, NULL, NULL, '14 تا 18', 9, NULL, '0', 0, '0', 12, '1', 1, NULL, 0, '2025-07-26 10:31:41', '2025-07-26 10:31:41', NULL),
(369, '4878', '52380900', NULL, '0', NULL, 0, 731, NULL, 323, NULL, 0, 0, 52380900, 2686200, NULL, 52380900, 0, '10', 0, NULL, NULL, '14 تا 18', 9, NULL, '0', 0, '0', 12, '1', 1, NULL, 0, '2025-07-26 10:35:01', '2025-07-26 10:35:01', NULL),
(370, '4879', '0', NULL, '0', NULL, 0, 34, 40, 322, NULL, 0, 0, 57760560, 2221560, NULL, 57760560, 0, '3', 0, NULL, NULL, NULL, 6, NULL, '0', 0, '0', 12, '1', 1, NULL, 1, '2025-07-27 07:21:54', '2025-07-27 07:21:54', NULL),
(371, '4880', '0', NULL, '0', NULL, 0, 32, NULL, 324, NULL, 0, 0, 26426400, 1016400, NULL, 26426400, 0, '3', 0, NULL, NULL, '14 تا 18', 9, NULL, '0', 0, '0', 12, '1', 1, NULL, 1, '2025-07-27 07:57:04', '2025-07-27 07:57:04', NULL),
(372, '4881', '0', NULL, '0', NULL, 0, 34, NULL, 322, NULL, 0, 0, 35864400, 1258400, NULL, 35864400, 0, '3', 0, NULL, NULL, '14 تا 18', 9, NULL, '0', 0, '0', 12, '1', 1, NULL, 1, '2025-08-09 11:30:24', '2025-08-09 11:30:24', NULL);

-- --------------------------------------------------------

--
-- Table structure for table `order_bijack`
--

CREATE TABLE `order_bijack` (
  `id` int(11) NOT NULL,
  `order_id` int(11) NOT NULL,
  `name` varchar(255) DEFAULT NULL,
  `barname` varchar(255) DEFAULT NULL,
  `date` timestamp NULL DEFAULT NULL,
  `origin` varchar(255) DEFAULT NULL,
  `Destination` varchar(255) DEFAULT NULL,
  `phone_Destination` text DEFAULT NULL,
  `phone_origin` varchar(255) DEFAULT NULL,
  `created_at` timestamp NOT NULL DEFAULT current_timestamp(),
  `updated_at` timestamp NOT NULL DEFAULT current_timestamp()
) ENGINE=InnoDB DEFAULT CHARSET=utf8mb4 COLLATE=utf8mb4_general_ci;

--
-- Dumping data for table `order_bijack`
--

INSERT INTO `order_bijack` (`id`, `order_id`, `name`, `barname`, `date`, `origin`, `Destination`, `phone_Destination`, `phone_origin`, `created_at`, `updated_at`) VALUES
(1, 10, 'آقای عمرانی اصل', '460221', '2023-09-14 08:59:54', 'شرکت مسافربری بی تا؛ تعاونی 15', 'تعاونی 13', '09185259259', '02632755886', '2023-09-14 07:59:48', '2023-09-14 08:00:01'),
(2, 20, 'آقای شهریاری', '462820', '2023-09-28 06:45:28', 'شرکت بی تا تعاونی 15', 'ساری پیما', '09351629380', '02632755886', '2023-09-30 06:48:19', '2023-09-30 06:48:59'),
(3, 19, 'خانم هنرکار', '462821', '2023-09-28 06:46:39', 'شرکت بی تا تعاونی 15', 'اتوبوسرانی', '01154273444', '02632755886', '2023-09-30 06:49:27', '2023-09-30 06:50:01'),
(4, 21, 'آقای ترابی', '463358', '2023-10-01 16:49:18', 'شرکت بی تا تعاونی 15', 'انبار ایران عدل معتمد اتوبوسرانی', '09357436703', '02632755886', '2023-10-02 07:52:07', '2023-10-02 07:53:04'),
(5, 32, 'زهرا حسینی', '465984', '2023-10-15 16:47:25', 'شرکت بی تا تعاونی 15', 'ایران عدل معتمد', '09357436703', '02632755886', '2023-10-16 06:50:32', '2023-10-16 06:51:05'),
(6, 30, 'علیرضا قرباغی', '465985', '2023-10-15 06:48:30', 'شرکت بی تا تعاونی 15', 'تعاونی 15', '06133783971', '02632755886', '2023-10-16 06:51:32', '2023-10-16 06:52:08'),
(7, 38, 'آقای عباسی (2 بسته)', '23/6084', '2023-10-16 20:30:00', 'طوفان بار', 'جاده فرودگاه - جنب راهنمایی و رانندگی', '09171825388', '09124302062', '2023-10-18 06:33:37', '2023-10-18 06:40:13'),
(8, 40, 'آقای طهماسب', '8/86695', '2023-10-17 09:28:15', 'حمل و نقل پیشتاز بندر', 'روبه روی درب بازارچه', '09118259340', '02155051400', '2023-10-18 09:27:51', '2023-10-18 09:30:56'),
(9, 53, 'آقای آذرخش', '21456', '2023-10-29 09:46:21', 'حمل و نقل صبا', 'رضوانشهر - آقا ابراهیم', '09114293140', '02155155182-02155638578', '2023-10-30 09:49:33', '2023-10-30 09:50:36'),
(10, 56, 'آقای کامرانی', '469297', '2023-10-31 05:50:44', 'شرکت مسافربری بی تا؛ تعاونی 15', 'انبار 15 قربان', '09392509912', '02632755886', '2023-11-01 05:39:49', '2023-11-01 05:51:21'),
(11, 59, 'خانم کسایی', '37/147308', '2023-11-04 18:21:15', 'وطن 2', 'بروجن', '09139819217', '02155015592', '2023-11-05 19:24:36', '2023-11-05 19:25:31'),
(12, 72, 'آقای رستمی (2 بسته)', '471826', '2023-11-13 17:41:52', 'شرکت مسافربری بی تا؛ تعاونی 15', 'آقای رمضانی', '09189168491', '02632755886', '2023-11-14 17:41:17', '2023-11-14 17:42:20'),
(13, 79, 'آقای امیری (2 بسته)', '472310', '2023-11-15 16:09:16', 'شرکت مسافربری بی تا؛ تعاونی 15', 'تک سفر', '09142963765', '02632755886', '2023-11-16 16:08:36', '2023-11-16 16:09:39'),
(14, 85, 'خانم ارشدی', '15/260559', '2023-11-28 13:25:59', 'حمل و نقل وطن', 'نمایندگی اهواز', '09396180629', '02155187272', '2023-11-28 13:23:03', '2023-11-28 13:29:42'),
(15, 87, 'شرکت سینا چوب', '475837', '2023-12-03 16:59:03', 'شرکت بی تا تعاونی 15', 'ایران عدل معتمد', '09357436703', '02632755886', '2023-12-04 06:39:47', '2023-12-04 06:40:47'),
(16, 92, 'آقای قرباغی', '476306', '2023-12-05 06:33:05', 'شرکت مسافربری بی تا؛ تعاونی 15', 'تعاونی 15', '06133783971', '02632755886', '2023-12-06 06:32:41', '2023-12-06 06:33:36'),
(17, 94, 'آقای سلیمانی', '476727', '2023-12-07 14:59:33', 'شرکت بی تا تعاونی 15', 'انبار کالارسان', '07137325732', '02632755886', '2023-12-09 09:03:21', '2023-12-09 09:04:09'),
(18, 96, 'مصطفی شاهدی', '19/24972', '2023-12-10 12:03:49', 'اتوبار کرمان', 'سعادت ترابر ایزدی', '09135004857', '02155187740', '2023-12-11 08:07:45', '2023-12-11 08:08:30'),
(19, 146, 'آقای رشید', '110602', '2023-12-24 12:20:48', 'اصفهان بار', 'افشاری', '05157222152-09361341799', '02157431', '2023-12-25 07:20:29', '2023-12-25 07:21:57'),
(20, 150, 'آقای کاسکلی (2 بسته)', '480318', '2023-12-26 06:28:02', 'شرکت مسافربری بی تا؛ تعاونی 15', 'تعاونی 11', '09112415829', '02632755886', '2023-12-27 06:27:37', '2023-12-27 06:28:30'),
(21, 156, 'آقای شریف آبادی', '39/247936', '2023-12-27 17:10:45', 'حمل و نقل وطن', 'نمایندگی جهرم', '09171912278', '02155187272', '2023-12-28 17:10:07', '2023-12-28 17:11:43'),
(22, 172, 'آقای جعفری (5 بسته)', '7466', '2024-01-02 06:43:34', 'اصفهان بار', 'تخلیه بار امیرکبیر؛ غضنفری', '09177752282', '02155301052', '2024-01-03 06:43:03', '2024-01-03 06:44:33'),
(23, 176, 'آقای پناهنده', '1/30675', '2024-01-06 07:08:40', 'تهران سعادت', 'ولیعصر حسین چاری', '01142292253-09119043530', '02155057245', '2024-01-07 07:08:07', '2024-01-07 07:09:26'),
(24, 193, 'آقای دریکوند', '7/8547', '2024-01-09 08:21:55', 'حمل و نقل جهانباز', 'تخلیه بار لرستان', '09169682863', '02155313427', '2024-01-10 08:21:34', '2024-01-10 08:23:04'),
(25, 196, 'آقای بزازبهبهانی', '22/122061', '2024-01-14 19:39:34', 'وطن', 'رامهرمز نمایندگی وطن', '09337471520', '02155188112', '2024-01-14 19:39:13', '2024-01-14 19:40:19'),
(26, 206, 'سینا چوب (2 بسته)', '484390', '2024-01-16 07:10:04', 'شرکت مسافربری بی تا؛ تعاونی 15', 'ایران عدل معتمد', '09357436703', '02632755886', '2024-01-17 07:09:37', '2024-01-17 07:10:33'),
(27, 210, 'آقای مرشدی (2 کارتن)', '5/13695', '2024-01-17 05:16:11', 'حمل و نقل صداقت ترابر نگین', 'تخلیه بار صداقت ترابر نگین', '09183154671', '09125015956', '2024-01-18 05:15:44', '2024-01-18 05:17:11'),
(28, 213, 'آقای طالبی', '3/25965', '2024-01-17 05:17:56', 'حمل و نقل صداقت ترابر نگین', 'باربری قائم', '01142090526', '09122348648', '2024-01-18 05:17:38', '2024-01-18 05:18:35'),
(29, 216, 'آقای صفری', '485276', '2024-01-21 06:46:59', 'شرکت بی تا تعاونی 15', 'رمضانی', '09189168491', '02632755886', '2024-01-22 06:45:59', '2024-01-22 06:47:26'),
(30, 224, 'آقای باقری', '37/183376', '2024-01-22 07:26:31', 'حمل و نقل وطن', 'نمایندگی شهرضا', '09132752732', '02155187272', '2024-01-23 07:26:09', '2024-01-23 07:27:36'),
(31, 227, 'آقای اصلانی', '26/114246', '2024-01-24 12:31:33', 'حمل و نقل وطن', 'نمایندگی نهاوند', '09189542647', '02155187272', '2024-01-24 12:31:20', '2024-01-24 12:32:27'),
(32, 228, 'محیط خواه', '12/22181', '2024-01-28 06:32:43', 'باربری فارس', 'تخلیه بار ربیع زاده', '09113340125', '02155186931', '2024-01-29 06:32:30', '2024-01-29 06:33:34'),
(33, 233, 'علی جعفری', '15/27773', '2024-01-29 14:28:25', 'پیشتاز بندر', 'بوشهر - عدالت', '09170801025', '02155418481', '2024-01-29 14:28:07', '2024-01-29 14:30:05'),
(34, 235, 'آقای تیرگان', '11/270302', '2024-01-30 10:01:49', 'حمل و نقل وطن', 'نمایندگی یزد', '03537226551', '02155187272', '2024-01-31 10:01:11', '2024-01-31 10:03:46'),
(35, 238, 'آقای فروتن (2 بسته)', '724576', '2024-01-31 14:11:01', 'حمل و نقل جاوید ترابر', 'نمایندگی بابل', '-', '02155186977', '2024-01-31 14:10:27', '2024-01-31 14:13:07'),
(36, 246, 'آقای علی پور', '164572', '2024-02-05 05:45:53', 'حمل و نقل شاهین', 'هجران کویر', '03432152519', '02155077034', '2024-02-06 05:45:29', '2024-02-06 05:47:51'),
(37, 247, 'آقای فروتن (4 بسته)', '8/138663', '2024-02-05 06:32:13', 'حمل و نقل پیشتاز بندر', 'باربری ملت', '09197756005', '02155062814', '2024-02-06 06:31:38', '2024-02-06 06:32:52'),
(38, 251, 'آقای صدیقی (2 بسته)', '488602', '2024-02-06 06:04:21', 'شرکت مسافربری بی تا؛ تعاونی 15', 'امید گیل / میرزایی', '09114199876', '02632755886', '2024-02-07 06:04:02', '2024-02-07 06:04:52'),
(39, 248, 'خانم سلیمی', '29/140220', '2024-02-11 20:30:00', 'حمل و نقل وطن', 'نمایندگی سیرجان', '09131796935', '02155188112', '2024-02-08 13:12:49', '2024-02-12 14:33:25'),
(40, 252, 'آقای فانی', '2/80776', '2024-02-07 13:14:53', 'اتوبار کرمان', 'اقبال بار طوس', '09153355145', '02155187150', '2024-02-08 13:14:20', '2024-02-08 13:15:42'),
(41, 259, 'آقای اکبری (2 بسته)', '76247', '2024-02-13 05:58:50', 'اصفهان بار', 'پیک عبیدی', '09141811837', '02155301379', '2024-02-13 12:20:04', '2024-02-14 05:59:43'),
(42, 258, 'آقای کاراموزیان', '3/54875', '2024-02-13 05:57:06', 'اتوبار کرمان', 'سعادت مسیح زاده', '09132953795', '02155187740', '2024-02-14 05:56:47', '2024-02-14 05:58:01'),
(43, 271, 'مسعود خانی', '1170', '2024-02-22 08:43:03', 'شرکت مسافربری بی تا؛ تعاونی 15', 'انبار کالارسان شیراز', '07137325732', '02632755886', '2024-02-24 08:42:56', '2024-02-24 08:43:37'),
(44, 276, 'آقای فردوسی', '21752', '2024-02-26 07:00:31', 'حمل و نقل صبا', 'تخلیه بار صبا', '09133043679', '02155806088', '2024-02-27 07:00:03', '2024-02-27 07:01:51'),
(45, 279, 'آقای آبیار', '11/296039', '2024-02-26 20:30:00', 'حمل و نقل وطن', 'نمایندگی میبد', '03532239138', '02155188112', '2024-02-28 05:50:31', '2024-02-28 05:52:30'),
(46, 282, 'آقای غلامی', '14/277198', '2024-02-27 05:54:06', 'حمل و نقل وطن', 'نمایندگی شیراز', '07137425312', '02155188112', '2024-02-28 05:53:44', '2024-02-28 05:55:20'),
(47, 284, 'خانم نادریان', '27/286062', '2024-02-27 05:57:28', 'حمل و نقل وطن', 'نمایندگی بابلسر', '01135330009', '02155188112', '2024-02-28 05:57:03', '2024-02-28 05:57:59'),
(48, 289, 'سجاد قربانی', '33391', '2024-03-02 06:06:53', 'اصفهان بار', 'باربری سعادت مهر - زارع', '07137430085-07137430083', '02157431-497', '2024-03-03 06:06:44', '2024-03-03 06:07:53'),
(49, 290, 'اسدی', '10/274484', '2024-03-02 06:47:05', 'حمل و نقل جهانگیر', 'خیابان سیدی - ریاضی', '05133864773-33861938', '02155309595', '2024-03-03 06:46:28', '2024-03-03 06:48:12'),
(50, 292, 'سروش کثیری', '27/291264', '2024-03-03 06:29:45', 'وطن 2', 'lpl,nHfhn', '09113150243', '0215518812', '2024-03-04 06:29:28', '2024-03-04 06:30:25'),
(51, 295, 'نعمانی', '19/249106', '2024-03-03 06:32:34', 'وطن', 'تبریز', '09018963082', '02155188112', '2024-03-04 06:32:11', '2024-03-04 06:32:56'),
(52, 8, NULL, NULL, NULL, NULL, NULL, NULL, NULL, '2024-12-04 08:29:55', '2024-12-04 08:29:55'),
(53, 6, NULL, NULL, NULL, NULL, NULL, NULL, NULL, '2024-12-04 08:49:31', '2024-12-04 08:49:31'),
(54, 113, NULL, NULL, NULL, NULL, NULL, NULL, NULL, '2025-06-03 05:21:04', '2025-06-03 05:21:04'),
(55, 175, NULL, NULL, NULL, NULL, NULL, NULL, NULL, '2025-06-09 12:36:13', '2025-06-09 12:36:13'),
(56, 197, NULL, NULL, NULL, NULL, NULL, NULL, NULL, '2025-06-17 07:06:23', '2025-06-17 07:06:23'),
(57, 208, NULL, NULL, NULL, NULL, NULL, NULL, NULL, '2025-06-29 13:20:08', '2025-06-29 13:20:08');

-- --------------------------------------------------------

--
-- Table structure for table `order_excel`
--

CREATE TABLE `order_excel` (
  `id` int(11) NOT NULL,
  `order_id` bigint(20) UNSIGNED DEFAULT NULL,
  `order_number` varchar(255) DEFAULT NULL,
  `date` varchar(255) DEFAULT NULL,
  `user_name` varchar(255) DEFAULT NULL,
  `mobile` varchar(255) DEFAULT NULL,
  `national_code` varchar(255) DEFAULT NULL,
  `tel` varchar(255) DEFAULT NULL,
  `orders` varchar(255) DEFAULT NULL,
  `price` varchar(255) DEFAULT NULL,
  `extra` varchar(255) DEFAULT NULL,
  `extra_price` varchar(255) DEFAULT NULL,
  `quantity` varchar(255) DEFAULT NULL,
  `order_item_price` varchar(255) DEFAULT NULL,
  `order_price` varchar(255) DEFAULT NULL,
  `delivery_amount` varchar(255) DEFAULT NULL,
  `user_address` varchar(255) DEFAULT NULL,
  `created_at` timestamp NOT NULL DEFAULT current_timestamp(),
  `updated_at` timestamp NOT NULL DEFAULT current_timestamp(),
  `deleted_at` timestamp NULL DEFAULT NULL
) ENGINE=InnoDB DEFAULT CHARSET=utf8mb4 COLLATE=utf8mb4_general_ci;

-- --------------------------------------------------------

--
-- Table structure for table `order_items`
--

CREATE TABLE `order_items` (
  `id` bigint(20) UNSIGNED NOT NULL,
  `order_id` bigint(20) UNSIGNED DEFAULT NULL,
  `product_id` bigint(20) UNSIGNED DEFAULT NULL,
  `variation_id` int(11) DEFAULT NULL,
  `product_price` int(10) UNSIGNED NOT NULL,
  `tax` int(11) NOT NULL DEFAULT 0,
  `discount` int(11) DEFAULT NULL,
  `option_price` int(11) NOT NULL,
  `quantity` int(10) UNSIGNED NOT NULL,
  `color_id` bigint(20) UNSIGNED DEFAULT NULL,
  `option_ids` varchar(255) DEFAULT NULL,
  `subtotal` int(10) UNSIGNED NOT NULL,
  `created_at` timestamp NULL DEFAULT NULL,
  `updated_at` timestamp NULL DEFAULT NULL,
  `deleted_at` timestamp NULL DEFAULT NULL
) ENGINE=InnoDB DEFAULT CHARSET=utf8mb4 COLLATE=utf8mb4_general_ci;

--
-- Dumping data for table `order_items`
--

INSERT INTO `order_items` (`id`, `order_id`, `product_id`, `variation_id`, `product_price`, `tax`, `discount`, `option_price`, `quantity`, `color_id`, `option_ids`, `subtotal`, `created_at`, `updated_at`, `deleted_at`) VALUES
(1, 50, 58, NULL, 100000, 0, 0, 0, 1, NULL, NULL, 34857990, '2024-11-27 13:14:30', '2025-06-10 12:29:19', '2025-06-10 12:29:19'),
(2, 2, 8, NULL, 87799000, 0, 0, 0, 1, NULL, NULL, 87799000, '2024-11-27 13:30:01', '2025-06-03 08:40:54', '2025-06-03 08:40:54'),
(3, 3, 7, NULL, 43164000, 0, 0, 0, 1, NULL, NULL, 43164000, '2024-12-01 12:11:38', '2025-02-16 13:26:06', '2025-02-16 13:26:06'),
(4, 3, 6, NULL, 34857990, 0, 0, 0, 1, NULL, NULL, 34857990, '2024-12-01 12:11:38', '2025-02-16 13:26:06', '2025-02-16 13:26:06'),
(5, 4, 1, NULL, 15141000, 0, 0, 0, 1, NULL, NULL, 15141000, '2024-12-01 14:08:44', '2025-06-03 08:41:16', '2025-06-03 08:41:16'),
(6, 5, 7, NULL, 43164000, 0, 0, 0, 2, NULL, NULL, 86328000, '2024-12-02 13:13:46', '2024-12-16 09:43:52', '2024-12-16 09:43:52'),
(7, 5, 8, NULL, 87799000, 0, 0, 0, 1, NULL, NULL, 87799000, '2024-12-02 13:13:46', '2024-12-16 09:43:52', '2024-12-16 09:43:52'),
(8, 5, 1, NULL, 15141000, 0, 0, 0, 1, NULL, NULL, 15141000, '2024-12-02 13:13:47', '2024-12-16 09:43:52', '2024-12-16 09:43:52'),
(9, 6, 9, NULL, 121230000, 0, 0, 0, 1, NULL, NULL, 121230000, '2024-12-02 14:12:18', '2025-06-03 08:41:22', '2025-06-03 08:41:22'),
(10, 7, 7, NULL, 43164000, 0, 0, 0, 1, NULL, NULL, 43164000, '2024-12-03 13:32:47', '2024-12-04 08:31:17', '2024-12-04 08:31:17'),
(11, 7, 6, NULL, 34857990, 0, 0, 0, 1, NULL, NULL, 34857990, '2024-12-03 13:32:47', '2024-12-04 08:31:17', '2024-12-04 08:31:17'),
(12, 8, 7, NULL, 43164000, 0, 0, 0, 1, NULL, NULL, 43164000, '2024-12-03 13:33:00', '2024-12-04 08:31:08', '2024-12-04 08:31:08'),
(13, 8, 6, NULL, 34857990, 0, 0, 0, 1, NULL, NULL, 34857990, '2024-12-03 13:33:00', '2024-12-04 08:31:08', '2024-12-04 08:31:08'),
(14, 9, 5, NULL, 34858000, 0, 0, 0, 1, NULL, NULL, 34858000, '2024-12-13 23:02:17', '2025-06-03 08:41:43', '2025-06-03 08:41:43'),
(15, 10, 5, NULL, 34858000, 0, 0, 0, 1, NULL, NULL, 34858000, '2024-12-14 23:27:03', '2025-06-03 08:41:50', '2025-06-03 08:41:50'),
(16, 11, 7, NULL, 43164000, 0, 0, 0, 1, NULL, NULL, 43164000, '2024-12-15 13:01:15', '2024-12-16 09:44:10', '2024-12-16 09:44:10'),
(17, 11, 8, NULL, 87800000, 0, 0, 0, 1, NULL, NULL, 87800000, '2024-12-15 13:01:15', '2024-12-16 09:44:10', '2024-12-16 09:44:10'),
(18, 12, 1, NULL, 15141000, 0, 0, 0, 1, NULL, NULL, 15141000, '2024-12-16 11:49:55', '2025-06-10 12:29:18', '2025-06-10 12:29:18'),
(19, 13, 1, NULL, 15141000, 0, 0, 0, 1, NULL, NULL, 15141000, '2024-12-16 11:57:01', '2025-06-10 12:29:18', '2025-06-10 12:29:18'),
(20, 14, 15, NULL, 27951000, 0, 0, 0, 1, NULL, NULL, 27951000, '2025-02-16 10:49:52', '2025-06-10 12:29:18', '2025-06-10 12:29:18'),
(21, 15, 15, NULL, 27951000, 0, 0, 0, 1, NULL, NULL, 27951000, '2025-02-16 10:53:49', '2025-06-10 12:29:18', '2025-06-10 12:29:18'),
(22, 16, 15, NULL, 27951000, 0, 0, 0, 1, NULL, NULL, 27951000, '2025-02-16 11:50:57', '2025-06-10 12:29:18', '2025-06-10 12:29:18'),
(23, 16, 23, 193, 27342000, 0, 0, 0, 1, 138, NULL, 27342000, '2025-02-16 11:50:57', '2025-06-10 12:29:18', '2025-06-10 12:29:18'),
(24, 17, 15, NULL, 27951000, 0, 0, 0, 1, NULL, NULL, 27951000, '2025-02-16 13:17:16', '2025-06-10 12:29:18', '2025-06-10 12:29:18'),
(25, 17, 16, NULL, 25410000, 0, 0, 0, 1, NULL, NULL, 25410000, '2025-02-16 13:17:16', '2025-06-10 12:29:18', '2025-06-10 12:29:18'),
(26, 17, 22, NULL, 20706000, 0, 0, 0, 1, NULL, NULL, 20706000, '2025-02-16 13:17:16', '2025-06-10 12:29:18', '2025-06-10 12:29:18'),
(27, 17, 28, NULL, 37180000, 0, 0, 0, 1, NULL, NULL, 37180000, '2025-02-16 13:17:16', '2025-06-10 12:29:18', '2025-06-10 12:29:18'),
(28, 18, 15, NULL, 27951000, 0, 0, 0, 1, NULL, NULL, 27951000, '2025-02-17 08:58:15', '2025-06-10 12:29:18', '2025-06-10 12:29:18'),
(29, 18, 16, NULL, 25410000, 0, 0, 0, 1, NULL, NULL, 25410000, '2025-02-17 08:58:15', '2025-06-10 12:29:18', '2025-06-10 12:29:18'),
(30, 18, 18, NULL, 20963000, 0, 0, 0, 1, NULL, NULL, 20963000, '2025-02-17 08:58:15', '2025-06-10 12:29:18', '2025-06-10 12:29:18'),
(31, 18, 18, NULL, 20963000, 0, 0, 0, 1, NULL, NULL, 20963000, '2025-02-17 08:58:15', '2025-06-10 12:29:18', '2025-06-10 12:29:18'),
(32, 19, 30, 193, 1000, 0, 0, 0, 1, 140, NULL, 1000, '2025-02-25 06:41:37', '2025-06-10 12:29:18', '2025-06-10 12:29:18'),
(33, 20, 30, 193, 1000, 0, 0, 0, 1, 140, NULL, 1000, '2025-02-25 06:42:53', '2025-06-10 12:29:18', '2025-06-10 12:29:18'),
(34, 21, 30, 193, 1000, 0, 0, 0, 1, 140, NULL, 1000, '2025-02-25 06:42:53', '2025-06-10 12:29:18', '2025-06-10 12:29:18'),
(35, 22, 30, 193, 1000, 0, 0, 0, 1, 140, NULL, 1000, '2025-02-25 06:44:28', '2025-06-10 12:29:18', '2025-06-10 12:29:18'),
(36, 23, 30, 193, 1000, 0, 0, 0, 1, 140, NULL, 1000, '2025-02-25 06:45:32', '2025-06-10 12:29:18', '2025-06-10 12:29:18'),
(37, 24, 30, 193, 1000, 0, 0, 0, 1, 140, NULL, 1000, '2025-02-25 06:46:57', '2025-06-10 12:29:18', '2025-06-10 12:29:18'),
(38, 25, 30, 193, 1000, 0, 0, 0, 1, 140, NULL, 1000, '2025-02-25 06:47:48', '2025-06-10 12:29:18', '2025-06-10 12:29:18'),
(39, 26, 30, 193, 1000, 0, 0, 0, 1, 140, NULL, 1000, '2025-02-25 06:49:38', '2025-06-10 12:29:18', '2025-06-10 12:29:18'),
(40, 27, 30, 193, 1000, 0, 0, 0, 1, 140, NULL, 1000, '2025-02-25 06:51:08', '2025-06-10 12:29:18', '2025-06-10 12:29:18'),
(41, 28, 27, 193, 67701700, 0, 0, 0, 1, 140, NULL, 67701700, '2025-02-25 12:15:36', '2025-06-10 12:29:18', '2025-06-10 12:29:18'),
(42, 29, 27, 193, 67701700, 0, 0, 0, 1, 140, NULL, 67701700, '2025-03-05 05:41:03', '2025-06-10 12:29:18', '2025-06-10 12:29:18'),
(43, 30, 25, 193, 85948500, 0, 0, 0, 1, 140, NULL, 85948500, '2025-03-10 11:58:16', '2025-06-10 12:29:18', '2025-06-10 12:29:18'),
(44, 31, 25, 193, 85948500, 0, 0, 0, 1, 140, NULL, 85948500, '2025-03-10 11:58:25', '2025-06-10 12:29:18', '2025-06-10 12:29:18'),
(45, 32, 25, 193, 85948500, 0, 0, 0, 1, 140, NULL, 85948500, '2025-03-10 12:06:56', '2025-06-10 12:29:18', '2025-06-10 12:29:18'),
(46, 33, 45, 193, 43540200, 0, 0, 0, 1, 140, NULL, 43540200, '2025-03-12 18:42:26', '2025-06-10 12:29:18', '2025-06-10 12:29:18'),
(47, 34, 47, 193, 54111200, 0, 0, 0, 1, 140, NULL, 54111200, '2025-03-12 18:52:22', '2025-06-10 12:29:18', '2025-06-10 12:29:18'),
(48, 34, 47, 193, 54111200, 0, 0, 0, 2, 140, NULL, 108222400, '2025-03-12 18:52:22', '2025-06-10 12:29:18', '2025-06-10 12:29:18'),
(49, 35, 37, 193, 67701700, 0, 0, 0, 1, 140, NULL, 67701700, '2025-03-14 19:01:31', '2025-06-10 12:29:18', '2025-06-10 12:29:18'),
(50, 36, 24, 193, 26884000, 0, 0, 0, 1, 140, NULL, 26884000, '2025-03-14 20:35:03', '2025-06-10 12:29:18', '2025-06-10 12:29:18'),
(51, 37, 24, 193, 26884000, 0, 0, 0, 1, 140, NULL, 26884000, '2025-03-14 20:44:53', '2025-06-10 12:29:18', '2025-06-10 12:29:18'),
(52, 37, 52, 193, 32718400, 0, 0, 0, 1, 140, NULL, 32718400, '2025-03-14 20:44:53', '2025-06-10 12:29:18', '2025-06-10 12:29:18'),
(53, 38, 24, 193, 26884000, 0, 0, 0, 1, 140, NULL, 26884000, '2025-03-14 21:05:52', '2025-06-10 12:29:18', '2025-06-10 12:29:18'),
(54, 38, 52, 193, 32718400, 0, 0, 0, 1, 140, NULL, 32718400, '2025-03-14 21:05:52', '2025-06-10 12:29:18', '2025-06-10 12:29:18'),
(55, 39, 24, 193, 26884000, 0, 0, 0, 1, 140, NULL, 26884000, '2025-03-15 11:16:25', '2025-06-10 12:29:18', '2025-06-10 12:29:18'),
(56, 39, 21, 193, 34857900, 0, 0, 0, 1, 140, NULL, 34857900, '2025-03-15 11:16:25', '2025-06-10 12:29:18', '2025-06-10 12:29:18'),
(57, 39, 52, 193, 32718400, 0, 0, 0, 1, 140, NULL, 32718400, '2025-03-15 11:16:25', '2025-06-10 12:29:18', '2025-06-10 12:29:18'),
(58, 40, 24, 193, 26884000, 0, 0, 0, 1, 140, NULL, 26884000, '2025-03-15 11:23:45', '2025-06-10 12:29:18', '2025-06-10 12:29:18'),
(59, 40, 21, 193, 34857900, 0, 0, 0, 1, 140, NULL, 34857900, '2025-03-15 11:23:45', '2025-06-10 12:29:18', '2025-06-10 12:29:18'),
(60, 40, 52, 193, 32718400, 0, 0, 0, 1, 140, NULL, 32718400, '2025-03-15 11:23:45', '2025-06-10 12:29:18', '2025-06-10 12:29:18'),
(61, 41, 24, 193, 26884000, 0, 0, 0, 1, 140, NULL, 26884000, '2025-03-15 20:32:01', '2025-06-10 12:29:19', '2025-06-10 12:29:19'),
(62, 41, 21, 193, 34857900, 0, 0, 0, 1, 140, NULL, 34857900, '2025-03-15 20:32:01', '2025-06-10 12:29:19', '2025-06-10 12:29:19'),
(63, 41, 54, 193, 34857900, 0, 0, 0, 1, 140, NULL, 34857900, '2025-03-15 20:32:01', '2025-06-10 12:29:19', '2025-06-10 12:29:19'),
(64, 42, 24, 193, 26884000, 0, 0, 0, 1, 140, NULL, 26884000, '2025-03-15 20:48:40', '2025-06-10 12:29:19', '2025-06-10 12:29:19'),
(65, 42, 21, 193, 34857900, 0, 0, 0, 1, 140, NULL, 34857900, '2025-03-15 20:48:40', '2025-06-10 12:29:19', '2025-06-10 12:29:19'),
(66, 42, 54, 193, 34857900, 0, 0, 0, 1, 140, NULL, 34857900, '2025-03-15 20:48:40', '2025-06-10 12:29:19', '2025-06-10 12:29:19'),
(67, 43, 24, 193, 26884000, 0, 0, 0, 1, 140, NULL, 26884000, '2025-03-15 21:32:35', '2025-06-10 12:29:19', '2025-06-10 12:29:19'),
(68, 43, 21, 193, 34857900, 0, 0, 0, 1, 140, NULL, 34857900, '2025-03-15 21:32:35', '2025-06-10 12:29:19', '2025-06-10 12:29:19'),
(69, 43, 54, 193, 34857900, 0, 0, 0, 1, 140, NULL, 34857900, '2025-03-15 21:32:35', '2025-06-10 12:29:19', '2025-06-10 12:29:19'),
(70, 44, 24, 193, 26884000, 0, 0, 0, 1, 140, NULL, 26884000, '2025-03-15 21:39:07', '2025-06-10 12:29:19', '2025-06-10 12:29:19'),
(71, 44, 21, 193, 34857900, 0, 0, 0, 1, 140, NULL, 34857900, '2025-03-15 21:39:07', '2025-06-10 12:29:19', '2025-06-10 12:29:19'),
(72, 44, 54, 193, 34857900, 0, 0, 0, 1, 140, NULL, 34857900, '2025-03-15 21:39:07', '2025-06-10 12:29:19', '2025-06-10 12:29:19'),
(73, 45, 24, 193, 26884000, 0, 0, 0, 1, 140, NULL, 26884000, '2025-03-15 21:43:31', '2025-06-10 12:29:19', '2025-06-10 12:29:19'),
(74, 45, 21, 193, 34857900, 0, 0, 0, 1, 140, NULL, 34857900, '2025-03-15 21:43:31', '2025-06-10 12:29:19', '2025-06-10 12:29:19'),
(75, 45, 54, 193, 34857900, 0, 0, 0, 1, 140, NULL, 34857900, '2025-03-15 21:43:31', '2025-06-10 12:29:19', '2025-06-10 12:29:19'),
(76, 46, 21, 193, 34857900, 0, 0, 0, 3, 140, NULL, 104573700, '2025-03-15 21:59:21', '2025-06-10 12:29:19', '2025-06-10 12:29:19'),
(77, 46, 54, 193, 34857900, 0, 0, 0, 1, 140, NULL, 34857900, '2025-03-15 21:59:21', '2025-06-10 12:29:19', '2025-06-10 12:29:19'),
(78, 47, 40, 193, 32718400, 0, 0, 0, 1, 140, NULL, 32718400, '2025-03-16 10:26:08', '2025-06-10 12:29:19', '2025-06-10 12:29:19'),
(79, 48, 21, 193, 34857900, 0, 0, 0, 3, 140, NULL, 104573700, '2025-03-16 13:21:28', '2025-06-10 12:29:19', '2025-06-10 12:29:19'),
(80, 48, 54, 193, 34857900, 0, 0, 0, 1, 140, NULL, 34857900, '2025-03-16 13:21:28', '2025-06-10 12:29:19', '2025-06-10 12:29:19'),
(81, 49, 21, 193, 34857900, 0, 0, 0, 3, 140, NULL, 104573700, '2025-03-16 13:24:57', '2025-06-10 12:29:19', '2025-06-10 12:29:19'),
(82, 49, 54, 193, 34857900, 0, 0, 0, 1, 140, NULL, 34857900, '2025-03-16 13:24:57', '2025-06-10 12:29:19', '2025-06-10 12:29:19'),
(83, 51, 21, 193, 34228700, 0, 0, 0, 1, 138, NULL, 34228700, '2025-03-25 12:34:53', '2025-06-10 12:29:19', '2025-06-10 12:29:19'),
(84, 52, 38, 193, 68582800, 0, 0, 0, 1, 138, NULL, 68582800, '2025-04-01 11:26:26', '2025-06-10 12:29:19', '2025-06-10 12:29:19'),
(85, 53, 38, 193, 68582800, 0, 0, 0, 1, 138, NULL, 68582800, '2025-04-01 11:46:53', '2025-06-10 12:29:19', '2025-06-10 12:29:19'),
(86, 53, 50, 193, 68582800, 0, 0, 0, 1, 138, NULL, 68582800, '2025-04-01 11:46:53', '2025-06-10 12:29:19', '2025-06-10 12:29:19'),
(87, 54, 49, 193, 66443300, 0, 0, 0, 1, 138, NULL, 66443300, '2025-04-05 06:45:17', '2025-06-10 12:29:19', '2025-06-10 12:29:19'),
(88, 55, 22, 193, 22776600, 0, 0, 0, 1, 138, NULL, 22776600, '2025-04-05 10:50:40', '2025-06-10 12:29:19', '2025-06-10 12:29:19'),
(89, 56, 48, 193, 45931600, 0, 0, 0, 1, 138, NULL, 45931600, '2025-04-14 07:12:34', '2025-06-10 12:29:19', '2025-06-10 12:29:19'),
(90, 57, 36, NULL, 45931600, 0, 0, 0, 1, NULL, NULL, 45931600, '2025-04-19 06:25:40', '2025-04-19 06:25:40', NULL),
(91, 58, 55, 193, 23405800, 0, 0, 0, 2, 140, NULL, 46811600, '2025-04-19 06:33:41', '2025-04-19 06:33:41', NULL),
(92, 58, 48, 193, 46686200, 0, 0, 0, 2, 140, NULL, 93372400, '2025-04-19 06:33:41', '2025-04-19 06:33:41', NULL),
(93, 58, 48, 193, 46686200, 0, 0, 0, 1, 140, NULL, 46686200, '2025-04-19 06:33:41', '2025-04-19 06:33:41', NULL),
(94, 58, 37, NULL, 66443300, 0, 0, 0, 1, NULL, NULL, 66443300, '2025-04-19 06:33:41', '2025-04-19 06:33:41', NULL),
(95, 59, 55, 193, 23405800, 0, 0, 0, 2, 140, NULL, 46811600, '2025-04-19 06:36:58', '2025-04-19 06:36:58', NULL),
(96, 59, 48, 193, 46686200, 0, 0, 0, 2, 140, NULL, 93372400, '2025-04-19 06:36:58', '2025-04-19 06:36:58', NULL),
(97, 59, 48, 193, 46686200, 0, 0, 0, 1, 140, NULL, 46686200, '2025-04-19 06:36:58', '2025-04-19 06:36:58', NULL),
(98, 59, 37, NULL, 66443300, 0, 0, 0, 1, NULL, NULL, 66443300, '2025-04-19 06:36:58', '2025-04-19 06:36:58', NULL),
(99, 59, 34, NULL, 44925100, 0, 0, 0, 1, NULL, NULL, 44925100, '2025-04-19 06:36:58', '2025-04-19 06:36:58', NULL),
(100, 60, 39, NULL, 84690100, 0, 0, 0, 1, NULL, NULL, 84690100, '2025-04-21 16:46:18', '2025-04-21 16:46:18', NULL),
(101, 61, 39, NULL, 84690100, 0, 0, 0, 1, NULL, NULL, 84690100, '2025-04-21 16:49:18', '2025-04-21 16:49:18', NULL),
(102, 62, 37, NULL, 66443300, 0, 0, 0, 1, NULL, NULL, 66443300, '2025-04-23 08:39:40', '2025-04-23 08:39:40', NULL),
(103, 62, 34, NULL, 44925100, 0, 0, 0, 1, NULL, NULL, 44925100, '2025-04-23 08:39:40', '2025-04-23 08:39:40', NULL),
(104, 63, 37, NULL, 66443300, 0, 0, 0, 1, NULL, NULL, 66443300, '2025-04-23 08:46:51', '2025-04-23 08:46:51', NULL),
(105, 63, 34, NULL, 44925100, 0, 0, 0, 1, NULL, NULL, 44925100, '2025-04-23 08:46:51', '2025-04-23 08:46:51', NULL),
(106, 64, 37, NULL, 66443300, 0, 0, 0, 1, NULL, NULL, 66443300, '2025-04-23 08:51:46', '2025-04-23 08:51:46', NULL),
(107, 64, 34, NULL, 44925100, 0, 0, 0, 1, NULL, NULL, 44925100, '2025-04-23 08:51:46', '2025-04-23 08:51:46', NULL),
(108, 65, 37, NULL, 66443300, 0, 0, 0, 1, NULL, NULL, 66443300, '2025-04-23 08:55:46', '2025-04-23 08:55:46', NULL),
(109, 65, 34, NULL, 44925100, 0, 0, 0, 1, NULL, NULL, 44925100, '2025-04-23 08:55:46', '2025-04-23 08:55:46', NULL),
(110, 66, 37, NULL, 66443300, 0, 0, 0, 1, NULL, NULL, 66443300, '2025-04-23 08:59:09', '2025-04-23 08:59:09', NULL),
(111, 66, 34, NULL, 44925100, 0, 0, 0, 1, NULL, NULL, 44925100, '2025-04-23 08:59:09', '2025-04-23 08:59:09', NULL),
(112, 67, 25, 193, 84690100, 0, 0, 0, 1, 138, NULL, 84690100, '2025-04-23 12:31:20', '2025-04-23 12:31:20', NULL),
(113, 68, 37, NULL, 66443300, 0, 0, 0, 1, NULL, NULL, 66443300, '2025-04-26 11:56:10', '2025-04-26 11:56:10', NULL),
(114, 68, 34, NULL, 44925100, 0, 0, 0, 1, NULL, NULL, 44925100, '2025-04-26 11:56:10', '2025-04-26 11:56:10', NULL),
(115, 69, 36, NULL, 45931600, 0, 0, 0, 1, NULL, NULL, 45931600, '2025-04-26 12:30:06', '2025-05-28 05:38:36', '2025-05-28 05:38:36'),
(116, 69, 51, NULL, 84690100, 0, 0, 0, 1, NULL, NULL, 84690100, '2025-04-26 12:30:06', '2025-05-28 05:38:36', '2025-05-28 05:38:36'),
(117, 70, 37, NULL, 66443300, 0, 0, 0, 1, NULL, NULL, 66443300, '2025-04-27 08:08:59', '2025-05-29 06:08:04', '2025-05-29 06:08:04'),
(118, 70, 34, NULL, 44925100, 0, 0, 0, 1, NULL, NULL, 44925100, '2025-04-27 08:08:59', '2025-05-29 06:08:04', '2025-05-29 06:08:04'),
(119, 70, 51, NULL, 84690100, 0, 0, 0, 1, NULL, NULL, 84690100, '2025-04-27 08:08:59', '2025-05-29 06:08:04', '2025-05-29 06:08:04'),
(120, 71, 37, NULL, 66443300, 0, 0, 0, 1, NULL, NULL, 66443300, '2025-04-27 08:16:53', '2025-05-29 06:07:59', '2025-05-29 06:07:59'),
(121, 71, 34, NULL, 44925100, 0, 0, 0, 1, NULL, NULL, 44925100, '2025-04-27 08:16:53', '2025-05-29 06:07:59', '2025-05-29 06:07:59'),
(122, 71, 51, NULL, 84690100, 0, 0, 0, 1, NULL, NULL, 84690100, '2025-04-27 08:16:53', '2025-05-29 06:07:59', '2025-05-29 06:07:59'),
(123, 72, 51, NULL, 84690100, 0, 0, 0, 1, NULL, NULL, 84690100, '2025-04-27 08:20:37', '2025-04-27 08:20:37', NULL),
(124, 73, 36, NULL, 45931600, 0, 0, 0, 1, NULL, NULL, 45931600, '2025-04-27 12:16:09', '2025-05-28 05:37:53', '2025-05-28 05:37:53'),
(125, 74, 36, NULL, 45931600, 0, 0, 0, 1, NULL, NULL, 45931600, '2025-04-27 12:34:16', '2025-05-28 05:37:47', '2025-05-28 05:37:47'),
(126, 75, 36, NULL, 45931600, 0, 0, 0, 1, NULL, NULL, 45931600, '2025-04-27 12:40:23', '2025-05-28 05:37:42', '2025-05-28 05:37:42'),
(127, 77, 26, 193, 69841200, 0, 0, 0, 1, 140, NULL, 69841200, '2025-04-28 11:48:34', '2025-04-28 11:48:34', NULL),
(128, 78, 37, 193, 67701700, 0, 0, 0, 1, 140, NULL, 67701700, '2025-04-29 15:17:45', '2025-04-29 15:17:45', NULL),
(129, 79, 46, NULL, 44925100, 0, 0, 0, 1, NULL, NULL, 44925100, '2025-05-06 16:19:12', '2025-05-06 16:19:12', NULL),
(130, 80, 46, NULL, 44925100, 0, 0, 0, 1, NULL, NULL, 44925100, '2025-05-06 16:19:24', '2025-05-06 16:19:24', NULL),
(131, 81, 65, NULL, 37374700, 0, 0, 0, 1, NULL, NULL, 37374700, '2025-05-11 14:09:26', '2025-05-11 14:09:26', NULL),
(132, 83, 65, NULL, 37374700, 0, 0, 0, 1, NULL, NULL, 37374700, '2025-05-12 08:04:03', '2025-05-12 08:04:03', NULL),
(133, 83, 62, NULL, 57761000, 0, 0, 0, 1, NULL, NULL, 57761000, '2025-05-12 08:04:04', '2025-05-12 08:04:04', NULL),
(134, 83, 61, NULL, 49077600, 0, 0, 0, 1, NULL, NULL, 49077600, '2025-05-12 08:04:04', '2025-05-12 08:04:04', NULL),
(135, 85, 27, 193, 66443300, 0, 0, 0, 1, 138, NULL, 66443300, '2025-05-15 02:03:41', '2025-05-15 02:03:41', NULL),
(136, 86, 39, 193, 85948500, 0, 0, 0, 1, 140, NULL, 85948500, '2025-05-15 19:05:35', '2025-05-15 19:05:35', NULL),
(137, 87, 48, 193, 46686200, 0, 0, 0, 1, 140, NULL, 46686200, '2025-05-17 20:42:48', '2025-05-17 20:42:48', NULL),
(138, 88, 27, 193, 67701700, 0, 0, 0, 1, 140, NULL, 67701700, '2025-05-19 12:09:32', '2025-05-19 12:09:32', NULL),
(139, 92, 37, NULL, 66443300, 0, 0, 0, 1, NULL, NULL, 66443300, '2025-05-26 14:13:47', '2025-05-29 06:08:31', '2025-05-29 06:08:31'),
(140, 93, 35, NULL, 53356600, 0, 0, 0, 1, NULL, NULL, 53356600, '2025-05-27 06:51:18', '2025-05-27 06:51:18', NULL),
(141, 94, 35, NULL, 53356600, 0, 0, 0, 1, NULL, NULL, 53356600, '2025-05-27 06:52:16', '2025-05-27 06:52:16', NULL),
(142, 95, 35, NULL, 53356600, 0, 0, 0, 1, NULL, NULL, 53356600, '2025-05-27 06:52:50', '2025-05-27 06:52:50', NULL),
(143, 97, 39, 193, 84690100, 0, 0, 0, 1, 138, NULL, 84690100, '2025-05-27 07:25:05', '2025-05-27 07:25:05', NULL),
(144, 98, 39, 193, 84690100, 0, 0, 0, 1, 138, NULL, 84690100, '2025-05-27 07:46:36', '2025-05-27 07:46:36', NULL),
(145, 99, 39, 193, 84690100, 0, 0, 0, 1, 138, NULL, 84690100, '2025-05-27 07:57:05', '2025-05-27 07:57:05', NULL),
(146, 100, 25, 193, 85948500, 0, 0, 0, 1, 140, NULL, 85948500, '2025-05-27 08:40:22', '2025-05-27 08:40:22', NULL),
(147, 100, 36, NULL, 45931600, 0, 0, 0, 1, NULL, NULL, 45931600, '2025-05-27 08:40:22', '2025-05-27 08:40:22', NULL),
(148, 101, 25, 193, 85948500, 0, 0, 0, 1, 140, NULL, 85948500, '2025-05-27 08:49:35', '2025-05-27 08:49:35', NULL),
(149, 101, 36, NULL, 45931600, 0, 0, 0, 1, NULL, NULL, 45931600, '2025-05-27 08:49:35', '2025-05-27 08:49:35', NULL),
(150, 102, 25, 193, 85948500, 0, 0, 0, 1, 140, NULL, 85948500, '2025-05-27 08:50:36', '2025-05-27 08:50:36', NULL),
(151, 102, 36, NULL, 45931600, 0, 0, 0, 1, NULL, NULL, 45931600, '2025-05-27 08:50:36', '2025-05-27 08:50:36', NULL),
(152, 103, 27, NULL, 66443300, 0, 0, 0, 1, NULL, NULL, 66443300, '2025-05-27 09:42:50', '2025-05-27 09:42:50', NULL),
(153, 104, 27, NULL, 66443300, 0, 0, 0, 1, NULL, NULL, 66443300, '2025-05-27 13:14:35', '2025-05-27 13:14:35', NULL),
(154, 105, 33, NULL, 42785600, 0, 0, 0, 1, NULL, NULL, 42785600, '2025-05-28 05:35:44', '2025-05-28 05:36:52', '2025-05-28 05:36:52'),
(156, 106, 39, 193, 84690100, 0, 0, 0, 1, 138, NULL, 84690100, '2025-05-28 09:35:49', '2025-05-28 09:35:49', NULL),
(157, 106, 37, 86, 66443300, 0, 0, 0, 1, 138, NULL, 66443300, '2025-05-28 09:35:49', '2025-05-28 09:35:49', NULL),
(159, 107, 35, NULL, 53356600, 0, 0, 0, 1, NULL, NULL, 53356600, '2025-05-29 06:57:22', '2025-05-29 06:57:22', NULL),
(160, 110, 27, 43, 66443300, 0, 0, 0, 1, 140, NULL, 66443300, '2025-05-31 08:28:52', '2025-05-31 08:28:52', NULL),
(161, 111, 38, 90, 68582800, 0, 0, 0, 1, 138, NULL, 68582800, '2025-05-31 10:07:34', '2025-05-31 10:07:34', NULL),
(162, 112, 38, NULL, 68582800, 0, 0, 0, 1, NULL, NULL, 68582800, '2025-05-31 18:10:37', '2025-06-02 13:06:39', '2025-06-02 13:06:39'),
(163, 113, 38, NULL, 68582800, 0, 0, 0, 1, NULL, NULL, 68582800, '2025-05-31 18:32:02', '2025-05-31 18:32:02', NULL),
(164, 115, 67, 193, 57173000, 0, 0, 0, 1, 138, NULL, 57173000, '2025-06-01 07:27:29', '2025-06-01 07:27:29', NULL),
(165, 116, 54, 155, 32912000, 0, 0, 0, 1, 140, NULL, 32912000, '2025-06-02 07:54:57', '2025-06-02 07:54:57', NULL),
(166, 116, 67, 201, 54450000, 0, 0, 0, 1, 138, NULL, 54450000, '2025-06-02 07:54:57', '2025-06-02 07:54:57', NULL),
(167, 117, 48, 193, 44165000, 0, 0, 0, 1, 138, NULL, 44165000, '2025-06-02 11:59:06', '2025-06-02 13:07:15', '2025-06-02 13:07:15'),
(168, 118, 48, 193, 44165000, 0, 0, 0, 1, 138, NULL, 44165000, '2025-06-02 11:59:14', '2025-06-02 13:07:08', '2025-06-02 13:07:08'),
(169, 119, 48, 193, 44165000, 0, 0, 0, 1, 138, NULL, 44165000, '2025-06-02 12:00:21', '2025-06-02 13:07:04', '2025-06-02 13:07:04'),
(170, 120, 48, 193, 44165000, 0, 0, 0, 1, 138, NULL, 44165000, '2025-06-02 12:00:49', '2025-06-02 13:06:56', '2025-06-02 13:06:56'),
(171, 121, 48, 193, 44165000, 0, 0, 0, 1, 138, NULL, 44165000, '2025-06-02 12:49:29', '2025-06-02 13:06:52', '2025-06-02 13:06:52'),
(172, 122, 48, 193, 44165000, 0, 0, 0, 1, 138, NULL, 44165000, '2025-06-02 12:56:51', '2025-06-02 13:06:47', '2025-06-02 13:06:47'),
(173, 123, 48, 193, 44165000, 0, 0, 0, 1, 138, NULL, 44165000, '2025-06-02 13:00:49', '2025-06-02 13:00:49', NULL),
(174, 124, 68, NULL, 61724520, 0, 0, 0, 1, NULL, NULL, 61724520, '2025-06-02 13:04:37', '2025-06-02 13:06:18', '2025-06-02 13:06:18'),
(175, 124, 68, NULL, 61724520, 0, 0, 0, 1, NULL, NULL, 61724520, '2025-06-02 13:04:37', '2025-06-02 13:06:18', '2025-06-02 13:06:18'),
(176, 124, 48, 193, 44165000, 0, 0, 0, 1, 138, NULL, 44165000, '2025-06-02 13:04:37', '2025-06-02 13:06:18', '2025-06-02 13:06:18'),
(178, 134, 63, 188, 73205000, 0, 0, 0, 1, 140, NULL, 73205000, '2025-06-02 14:36:48', '2025-06-02 14:36:48', NULL),
(179, 134, 21, 16, 32912000, 0, 0, 0, 1, 138, NULL, 32912000, '2025-06-02 14:36:48', '2025-06-02 14:36:48', NULL),
(180, 134, 26, 39, 65945000, 0, 0, 0, 1, 140, NULL, 65945000, '2025-06-02 14:36:48', '2025-06-02 14:36:48', NULL),
(181, 135, 48, 193, 44165000, 0, 0, 0, 1, 138, NULL, 44165000, '2025-06-03 06:12:01', '2025-06-03 06:44:09', '2025-06-03 06:44:09'),
(182, 135, 68, NULL, 1000, 0, 0, 0, 1, NULL, NULL, 1000, '2025-06-03 06:12:01', '2025-06-03 06:44:09', '2025-06-03 06:44:09'),
(183, 136, 48, 193, 44165000, 0, 0, 0, 1, 138, NULL, 44165000, '2025-06-03 06:18:29', '2025-06-03 06:44:33', '2025-06-03 06:44:33'),
(184, 136, 68, NULL, 1000, 0, 0, 0, 1, NULL, NULL, 1000, '2025-06-03 06:18:29', '2025-06-03 06:44:33', '2025-06-03 06:44:33'),
(185, 137, 48, 193, 44165000, 0, 0, 0, 1, 138, NULL, 44165000, '2025-06-03 06:22:24', '2025-06-03 06:44:54', '2025-06-03 06:44:54'),
(186, 137, 68, NULL, 1000, 0, 0, 0, 1, NULL, NULL, 1000, '2025-06-03 06:22:24', '2025-06-03 06:44:54', '2025-06-03 06:44:54'),
(187, 138, 48, 193, 44165000, 0, 0, 0, 1, 138, NULL, 44165000, '2025-06-03 06:26:45', '2025-06-03 06:44:49', '2025-06-03 06:44:49'),
(188, 138, 68, NULL, 1000, 0, 0, 0, 1, NULL, NULL, 1000, '2025-06-03 06:26:45', '2025-06-03 06:44:49', '2025-06-03 06:44:49'),
(189, 139, 48, 193, 44165000, 0, 0, 0, 1, 138, NULL, 44165000, '2025-06-03 06:28:40', '2025-06-03 06:44:44', '2025-06-03 06:44:44'),
(190, 139, 68, NULL, 1000, 0, 0, 0, 1, NULL, NULL, 1000, '2025-06-03 06:28:40', '2025-06-03 06:44:44', '2025-06-03 06:44:44'),
(191, 140, 48, 193, 44165000, 0, 0, 0, 1, 138, NULL, 44165000, '2025-06-03 06:30:03', '2025-06-03 06:44:38', '2025-06-03 06:44:38'),
(192, 140, 68, NULL, 1000, 0, 0, 0, 1, NULL, NULL, 1000, '2025-06-03 06:30:03', '2025-06-03 06:44:38', '2025-06-03 06:44:38'),
(193, 141, 48, 193, 44165000, 0, 0, 0, 1, 138, NULL, 44165000, '2025-06-03 06:33:32', '2025-06-03 06:43:48', '2025-06-03 06:43:48'),
(194, 141, 68, NULL, 1000, 0, 0, 0, 1, NULL, NULL, 1000, '2025-06-03 06:33:32', '2025-06-03 06:43:48', '2025-06-03 06:43:48'),
(195, 142, 48, 193, 44165000, 0, 0, 0, 1, 138, NULL, 44165000, '2025-06-03 06:41:59', '2025-06-03 06:43:48', '2025-06-03 06:43:48'),
(196, 142, 68, NULL, 1000, 0, 0, 0, 1, NULL, NULL, 1000, '2025-06-03 06:41:59', '2025-06-03 06:43:48', '2025-06-03 06:43:48'),
(197, 143, 67, 201, 54450000, 0, 0, 0, 1, 138, NULL, 54450000, '2025-06-03 09:19:56', '2025-06-03 09:19:56', NULL),
(198, 146, 25, 35, 82643000, 0, 0, 0, 1, 140, NULL, 82643000, '2025-06-07 07:12:49', '2025-06-07 07:12:49', NULL),
(199, 146, 67, 201, 54450000, 0, 0, 0, 1, 138, NULL, 54450000, '2025-06-07 07:12:49', '2025-06-07 07:12:49', NULL),
(200, 147, 67, NULL, 54450000, 0, 0, 0, 1, NULL, NULL, 54450000, '2025-06-07 08:59:21', '2025-06-07 08:59:21', NULL),
(201, 148, 67, 201, 54450000, 0, 0, 0, 1, 138, NULL, 54450000, '2025-06-07 09:46:59', '2025-06-07 09:46:59', NULL),
(202, 149, 67, 201, 54450000, 0, 0, 0, 2, 138, NULL, 108900000, '2025-06-07 14:50:32', '2025-06-07 14:50:32', NULL),
(203, 154, 66, NULL, 68607000, 0, 0, 0, 1, NULL, NULL, 68607000, '2025-06-08 12:53:16', '2025-06-08 12:53:16', NULL),
(204, 155, 67, 201, 54450000, 0, 0, 0, 1, 138, NULL, 54450000, '2025-06-08 14:05:48', '2025-06-08 14:05:48', NULL),
(205, 158, 68, NULL, 1000, 0, 0, 0, 1, NULL, NULL, 1000, '2025-06-09 07:02:38', '2025-06-09 07:17:55', '2025-06-09 07:17:55'),
(206, 159, 68, NULL, 1000, 0, 0, 0, 1, NULL, NULL, 1000, '2025-06-09 07:02:51', '2025-06-09 07:17:36', '2025-06-09 07:17:36'),
(207, 160, 68, NULL, 1000, 0, 0, 0, 1, NULL, NULL, 1000, '2025-06-09 07:08:14', '2025-06-09 07:17:26', '2025-06-09 07:17:26'),
(208, 161, 68, NULL, 1000, 0, 0, 0, 1, NULL, NULL, 1000, '2025-06-09 07:14:43', '2025-06-09 07:17:20', '2025-06-09 07:17:20'),
(209, 162, 68, NULL, 1000, 0, 0, 0, 1, NULL, NULL, 1000, '2025-06-09 07:14:53', '2025-06-09 07:17:31', '2025-06-09 07:17:31'),
(210, 168, 68, NULL, 135002000, 0, 0, 0, 1, NULL, NULL, 135002000, '2025-06-09 07:52:38', '2025-06-09 08:06:20', '2025-06-09 08:06:20'),
(211, 165, 37, 86, 65098000, 0, 0, 0, 1, 138, NULL, 65098000, '2025-06-09 08:07:57', '2025-06-09 08:07:57', NULL),
(212, 165, 37, 87, 66308000, 0, 0, 0, 1, 140, NULL, 66308000, '2025-06-09 08:07:57', '2025-06-09 08:07:57', NULL),
(213, 171, 42, 106, 32912000, 0, 0, 0, 1, 138, NULL, 32912000, '2025-06-09 08:10:37', '2025-06-09 08:10:37', NULL),
(214, 172, 67, 201, 54450000, 0, 0, 0, 2, 138, NULL, 108900000, '2025-06-09 10:22:28', '2025-06-09 10:22:28', NULL),
(215, 175, 39, 94, 81433000, 0, 0, 0, 1, 138, NULL, 81433000, '2025-06-09 10:54:25', '2025-06-09 10:54:25', NULL),
(216, 175, 67, 201, 54450000, 0, 0, 0, 1, 138, NULL, 54450000, '2025-06-09 10:54:25', '2025-06-09 10:54:25', NULL),
(217, 176, 39, 94, 81433000, 0, 0, 0, 1, 138, NULL, 81433000, '2025-06-09 12:57:32', '2025-06-09 12:57:32', NULL),
(222, 177, 34, 74, 43197000, 0, NULL, 0, 1, NULL, NULL, 43197000, '2025-06-09 13:08:03', '2025-06-09 13:08:03', NULL),
(223, 178, 25, 34, 81433000, 0, 0, 0, 1, 138, NULL, 81433000, '2025-06-10 13:53:43', '2025-06-10 13:53:43', NULL),
(224, 182, 66, 203, 68607000, 0, 0, 0, 1, 138, NULL, 68607000, '2025-06-10 14:03:49', '2025-06-10 14:03:49', NULL),
(225, 184, 66, 203, 68607000, 0, 0, 0, 1, 138, NULL, 68607000, '2025-06-11 06:58:09', '2025-06-11 06:58:09', NULL),
(226, 185, 66, 203, 68607000, 0, 0, 0, 1, 138, NULL, 68607000, '2025-06-11 07:57:57', '2025-06-11 07:57:57', NULL),
(227, 186, 67, 201, 54450000, 0, 0, 0, 1, 138, NULL, 54450000, '2025-06-11 08:43:01', '2025-06-11 08:43:01', NULL),
(228, 187, 68, NULL, 2722500, 0, 0, 0, 1, NULL, NULL, 2722500, '2025-06-11 10:50:37', '2025-06-11 10:51:01', '2025-06-11 10:51:01'),
(229, 188, 62, 185, 55539000, 0, 0, 0, 1, 138, NULL, 55539000, '2025-06-11 11:01:30', '2025-06-11 12:41:35', '2025-06-11 12:41:35'),
(230, 189, 61, 181, 47190000, 0, 0, 0, 1, 138, NULL, 47190000, '2025-06-11 11:48:39', '2025-06-11 12:41:41', '2025-06-11 12:41:41'),
(231, 190, 33, 71, 41866000, 0, 0, 0, 1, 140, NULL, 41866000, '2025-06-15 06:08:06', '2025-06-15 06:44:42', '2025-06-15 06:44:42'),
(232, 191, 61, 181, 47190000, 0, 0, 0, 1, 138, NULL, 47190000, '2025-06-15 08:47:07', '2025-06-15 08:47:07', NULL),
(233, 193, 64, 193, 90145000, 0, 0, 0, 1, 140, NULL, 90145000, '2025-06-15 09:05:49', '2025-06-15 09:05:49', NULL),
(234, 193, 67, 201, 54450000, 0, 0, 0, 1, 138, NULL, 54450000, '2025-06-15 09:05:49', '2025-06-15 09:05:49', NULL),
(235, 195, 67, 201, 54450000, 0, 0, 0, 1, 138, NULL, 54450000, '2025-06-15 16:16:25', '2025-06-15 16:16:25', NULL),
(236, 195, 64, 192, 88935000, 0, 0, 0, 1, 138, NULL, 88935000, '2025-06-15 16:16:25', '2025-06-15 16:16:25', NULL),
(237, 196, 67, 201, 54450000, 0, 0, 0, 1, 138, NULL, 54450000, '2025-06-16 13:33:02', '2025-06-16 13:33:02', NULL),
(238, 196, 66, 203, 68607000, 0, 0, 0, 1, 138, NULL, 68607000, '2025-06-16 13:33:02', '2025-06-16 13:33:02', NULL),
(239, 199, 67, 201, 54450000, 0, 0, 0, 1, 138, NULL, 54450000, '2025-06-18 09:02:59', '2025-06-18 09:02:59', NULL),
(240, 200, 67, 201, 54450000, 0, 0, 0, 1, 138, NULL, 54450000, '2025-06-18 09:38:59', '2025-06-18 09:38:59', NULL),
(241, 201, 67, 201, 54450000, 0, 0, 0, 1, 138, NULL, 54450000, '2025-06-18 10:49:35', '2025-06-18 10:49:35', NULL),
(242, 201, 42, 106, 32912000, 0, 0, 0, 1, 138, NULL, 32912000, '2025-06-18 10:49:35', '2025-06-18 10:49:35', NULL),
(243, 201, 62, 184, 56265000, 0, 0, 0, 1, 140, NULL, 56265000, '2025-06-18 10:49:35', '2025-06-18 10:49:35', NULL),
(244, 204, 67, 201, 54450000, 0, 0, 0, 1, 138, NULL, 54450000, '2025-06-21 16:50:16', '2025-06-21 16:50:16', NULL),
(245, 205, 25, 34, 81433000, 0, 0, 0, 1, 138, NULL, 81433000, '2025-06-22 09:13:08', '2025-06-22 09:13:08', NULL),
(246, 208, 67, 201, 54450000, 0, 0, 0, 1, 138, NULL, 54450000, '2025-06-23 09:54:15', '2025-06-23 09:54:15', NULL),
(247, 211, 70, NULL, 70000000, 0, 0, 0, 1, NULL, NULL, 70000000, '2025-06-24 09:41:56', '2025-06-24 09:41:56', NULL),
(248, 212, 68, NULL, 85000000, 0, 0, 0, 1, NULL, NULL, 85000000, '2025-06-24 09:59:22', '2025-06-24 09:59:22', NULL),
(249, 213, 39, 94, 81433000, 0, 0, 0, 1, 138, NULL, 81433000, '2025-06-24 11:11:55', '2025-06-24 11:11:55', NULL),
(250, 214, 71, NULL, 19836670, 0, 0, 0, 1, NULL, NULL, 19836670, '2025-06-24 13:57:49', '2025-06-24 13:57:49', NULL),
(251, 215, 66, 203, 68607000, 0, 0, 0, 1, 138, NULL, 68607000, '2025-06-25 14:03:09', '2025-06-25 14:03:09', NULL),
(252, 216, 67, 201, 54450000, 0, 0, 0, 1, 138, NULL, 54450000, '2025-06-26 06:16:04', '2025-06-26 06:16:04', NULL),
(253, 218, 56, 162, 24805000, 0, 0, 0, 6, 138, NULL, 148830000, '2025-06-26 07:00:30', '2025-06-26 07:00:30', NULL),
(254, 219, 38, 91, 68365000, 0, 0, 0, 1, 140, NULL, 68365000, '2025-06-28 09:18:53', '2025-06-28 09:18:53', NULL),
(255, 221, 58, NULL, 541281960, 0, 0, 0, 1, NULL, NULL, 541281960, '2025-06-28 09:43:43', '2025-06-28 10:52:24', '2025-06-28 10:52:24'),
(256, 222, 25, 34, 81433000, 0, 0, 0, 1, 138, NULL, 81433000, '2025-06-28 13:55:23', '2025-06-28 13:55:23', NULL),
(257, 223, 31, 61, 41866000, 0, 0, 0, 1, 140, NULL, 41866000, '2025-06-28 14:55:55', '2025-06-30 05:49:24', '2025-06-30 05:49:24'),
(258, 224, 67, 201, 54450000, 0, 0, 0, 1, 138, NULL, 54450000, '2025-06-29 10:39:59', '2025-06-29 10:39:59', NULL),
(259, 224, 64, 192, 88935000, 0, 0, 0, 1, 138, NULL, 88935000, '2025-06-29 10:39:59', '2025-06-29 10:39:59', NULL),
(260, 225, 38, 90, 67155000, 0, 0, 0, 1, 138, NULL, 67155000, '2025-06-29 14:14:04', '2025-06-29 14:14:04', NULL),
(261, 226, 67, 193, 54450000, 0, 0, 0, 1, 138, NULL, 54450000, '2025-06-29 16:45:33', '2025-06-29 16:45:33', NULL),
(262, 226, 54, 155, 32912000, 0, 0, 0, 1, 140, NULL, 32912000, '2025-06-29 16:45:33', '2025-06-29 16:45:33', NULL),
(263, 226, 21, 17, 32912000, 0, 0, 0, 1, 140, NULL, 32912000, '2025-06-29 16:45:33', '2025-06-29 16:45:33', NULL),
(264, 227, 33, 71, 41866000, 0, 0, 0, 1, 140, NULL, 41866000, '2025-06-29 16:57:14', '2025-06-29 16:57:14', NULL),
(265, 228, 67, 193, 54450000, 0, 0, 0, 1, 138, NULL, 54450000, '2025-06-29 17:05:03', '2025-06-29 17:05:03', NULL),
(266, 228, 54, 155, 32912000, 0, 0, 0, 1, 140, NULL, 32912000, '2025-06-29 17:05:03', '2025-06-29 17:05:03', NULL),
(267, 229, 54, 155, 32912000, 0, 0, 0, 1, 140, NULL, 32912000, '2025-06-29 17:25:08', '2025-06-29 17:25:08', NULL),
(268, 230, 26, 39, 68365000, 0, 0, 0, 1, 140, NULL, 68365000, '2025-06-30 07:26:54', '2025-06-30 07:26:54', NULL),
(269, 230, 67, 201, 54450000, 0, 0, 0, 1, 138, NULL, 54450000, '2025-06-30 07:26:54', '2025-06-30 07:26:54', NULL),
(270, 231, 21, 17, 33517000, 0, 0, 0, 1, 140, NULL, 33517000, '2025-06-30 07:45:06', '2025-06-30 07:45:06', NULL),
(271, 232, 72, 205, 54450000, 0, 0, 0, 1, 138, NULL, 54450000, '2025-06-30 09:47:42', '2025-06-30 09:47:42', NULL),
(272, 233, 27, 42, 65098000, 0, 0, 0, 1, 138, NULL, 65098000, '2025-07-01 13:56:51', '2025-07-01 13:56:51', NULL),
(273, 234, 27, 42, 65098000, 0, 0, 0, 1, 138, NULL, 65098000, '2025-07-01 14:02:46', '2025-07-01 14:02:46', NULL),
(275, 236, 72, 205, 54450000, 0, 0, 0, 1, 138, NULL, 54450000, '2025-07-03 06:50:43', '2025-07-03 06:50:43', NULL),
(276, 242, 25, 34, 81433000, 0, 0, 0, 1, 138, NULL, 81433000, '2025-07-07 08:20:43', '2025-07-07 08:20:43', NULL),
(277, 242, 66, 203, 68607000, 0, 0, 0, 1, 138, NULL, 68607000, '2025-07-07 08:20:43', '2025-07-07 08:20:43', NULL),
(280, 243, 25, 34, 81433000, 0, 0, 0, 1, 138, NULL, 81433000, '2025-07-07 08:25:54', '2025-07-07 08:25:54', NULL),
(281, 243, 66, 203, 68607000, 0, 0, 0, 1, 138, NULL, 68607000, '2025-07-07 08:25:54', '2025-07-07 08:25:54', NULL),
(282, 244, 39, 94, 81433000, 0, 0, 0, 1, 138, NULL, 81433000, '2025-07-07 09:10:47', '2025-07-07 09:10:47', NULL),
(283, 244, 42, 106, 32912000, 0, 0, 0, 2, 138, NULL, 65824000, '2025-07-07 09:10:47', '2025-07-07 09:10:47', NULL),
(286, 245, 39, 94, 81433000, 0, 0, 0, 1, 138, NULL, 81433000, '2025-07-07 09:20:05', '2025-07-07 09:20:05', NULL),
(287, 245, 42, 106, 32912000, 0, 0, 0, 2, 138, NULL, 65824000, '2025-07-07 09:20:05', '2025-07-07 09:20:05', NULL),
(288, 246, 71, NULL, 54450000, 0, 0, 0, 1, NULL, NULL, 54450000, '2025-07-07 09:34:41', '2025-07-07 09:34:41', NULL),
(289, 252, 64, 193, 90145000, 0, 0, 0, 1, 140, NULL, 90145000, '2025-07-08 12:20:06', '2025-07-08 12:20:06', NULL),
(290, 253, 47, 126, 51304000, 0, 0, 0, 1, 138, NULL, 51304000, '2025-07-08 12:36:12', '2025-07-08 12:36:12', NULL),
(291, 254, 58, NULL, 11000, 0, 0, 0, 1, NULL, NULL, 11000, '2025-07-08 12:54:12', '2025-07-08 12:56:47', '2025-07-08 12:56:47'),
(292, 255, 58, NULL, 11000, 0, 0, 0, 1, NULL, NULL, 11000, '2025-07-08 13:12:20', '2025-07-08 13:12:20', NULL),
(293, 256, 58, NULL, 11000, 0, 0, 0, 1, NULL, NULL, 11000, '2025-07-08 13:34:19', '2025-07-08 13:34:19', NULL),
(294, 257, 47, 126, 51304000, 0, 0, 0, 1, 138, NULL, 51304000, '2025-07-08 14:07:01', '2025-07-08 14:07:01', NULL),
(295, 258, 25, 35, 81433000, 0, 0, 0, 1, 140, NULL, 81433000, '2025-07-08 14:44:37', '2025-07-08 14:44:37', NULL),
(296, 259, 47, 126, 51304000, 0, 0, 0, 1, 138, NULL, 51304000, '2025-07-08 14:54:58', '2025-07-08 14:54:58', NULL),
(297, 260, 47, 126, 51304000, 0, 0, 0, 1, 138, NULL, 51304000, '2025-07-08 14:59:36', '2025-07-08 14:59:36', NULL),
(298, 261, 47, 126, 51304000, 0, 0, 0, 1, 138, NULL, 51304000, '2025-07-08 15:08:22', '2025-07-08 15:08:22', NULL),
(299, 262, 47, 126, 51304000, 0, 0, 0, 1, 138, NULL, 51304000, '2025-07-08 15:19:56', '2025-07-08 15:19:56', NULL),
(300, 263, 47, 126, 51304000, 0, 0, 0, 1, 138, NULL, 51304000, '2025-07-08 15:25:52', '2025-07-08 15:25:52', NULL),
(301, 264, 47, 126, 51304000, 0, 0, 0, 1, 138, NULL, 51304000, '2025-07-08 18:17:07', '2025-07-08 18:17:07', NULL),
(302, 266, 47, 126, 51304000, 0, 0, 0, 1, 138, NULL, 51304000, '2025-07-09 06:45:25', '2025-07-09 06:45:25', NULL),
(303, 267, 47, 126, 51304000, 0, 0, 0, 1, 138, NULL, 51304000, '2025-07-09 06:54:58', '2025-07-09 06:54:58', NULL),
(304, 268, 58, NULL, 11000, 0, 0, 0, 1, NULL, NULL, 11000, '2025-07-09 07:22:48', '2025-07-09 07:22:48', NULL),
(305, 269, 39, 94, 81433000, 0, 0, 0, 1, 138, NULL, 81433000, '2025-07-09 08:03:12', '2025-07-09 08:03:12', NULL),
(306, 270, 37, 86, 65098000, 0, 0, 0, 1, 138, NULL, 65098000, '2025-07-09 08:13:43', '2025-07-09 08:13:43', NULL),
(307, 271, 37, 86, 65098000, 0, 0, 0, 1, 138, NULL, 65098000, '2025-07-09 08:16:16', '2025-07-09 08:16:16', NULL),
(308, 271, 37, 86, 65098000, 0, 0, 0, 1, 138, NULL, 65098000, '2025-07-09 08:16:16', '2025-07-09 08:16:16', NULL),
(309, 272, 58, NULL, 11000, 0, 0, 0, 1, NULL, NULL, 11000, '2025-07-09 08:20:04', '2025-07-09 09:47:27', '2025-07-09 09:47:27'),
(310, 273, 58, NULL, 11000, 0, 0, 0, 1, NULL, NULL, 11000, '2025-07-09 08:26:47', '2025-07-09 09:47:59', '2025-07-09 09:47:59'),
(311, 274, 58, NULL, 11000, 0, 0, 0, 1, NULL, NULL, 11000, '2025-07-09 08:31:21', '2025-07-09 09:47:43', '2025-07-09 09:47:43'),
(312, 275, 58, NULL, 11000, 0, 0, 0, 1, NULL, NULL, 11000, '2025-07-09 08:36:02', '2025-07-09 08:36:02', NULL),
(313, 276, 58, NULL, 11000, 0, 0, 0, 1, NULL, NULL, 11000, '2025-07-09 11:37:34', '2025-07-09 11:37:34', NULL),
(314, 277, 58, NULL, 11000, 0, 0, 0, 1, NULL, NULL, 11000, '2025-07-09 12:16:00', '2025-07-09 12:16:00', NULL),
(315, 278, 58, NULL, 11000, 0, 0, 0, 1, NULL, NULL, 11000, '2025-07-09 12:16:03', '2025-07-09 12:16:03', NULL),
(316, 279, 58, NULL, 11000, 0, 0, 0, 1, NULL, NULL, 11000, '2025-07-10 05:23:13', '2025-07-10 05:23:13', NULL),
(317, 280, 30, 67, 43197000, 0, 0, 0, 1, 138, NULL, 43197000, '2025-07-10 11:38:40', '2025-07-10 11:38:40', NULL),
(318, 281, 30, 67, 43197000, 0, 0, 0, 1, 138, NULL, 43197000, '2025-07-10 11:47:10', '2025-07-10 11:47:10', NULL),
(319, 282, 30, 67, 43197000, 0, 0, 0, 1, 138, NULL, 43197000, '2025-07-10 19:42:54', '2025-07-10 19:42:54', NULL),
(320, 283, 30, 67, 43197000, 0, 0, 0, 1, 138, NULL, 43197000, '2025-07-10 19:53:32', '2025-07-10 19:53:32', NULL),
(321, 284, 30, 67, 43197000, 0, 0, 0, 1, 138, NULL, 43197000, '2025-07-10 20:02:57', '2025-07-10 20:02:57', NULL),
(322, 286, 31, 60, 41140000, 0, 0, 0, 1, 138, NULL, 41140000, '2025-07-11 22:01:08', '2025-07-11 22:01:08', NULL),
(323, 288, 58, NULL, 11000, 0, 0, 0, 1, NULL, NULL, 11000, '2025-07-12 11:12:45', '2025-07-12 11:12:45', NULL),
(324, 289, 58, NULL, 11000, 0, 0, 0, 1, NULL, NULL, 11000, '2025-07-12 11:19:35', '2025-07-12 11:19:35', NULL),
(325, 290, 58, NULL, 11000, 0, 0, 0, 1, NULL, NULL, 11000, '2025-07-12 11:26:33', '2025-07-12 11:26:33', NULL),
(326, 292, 33, 70, 41140000, 0, 0, 0, 1, 138, NULL, 41140000, '2025-07-13 05:52:51', '2025-07-13 05:52:51', NULL),
(327, 292, 40, 98, 30855000, 0, 0, 0, 1, 138, NULL, 30855000, '2025-07-13 05:52:51', '2025-07-13 05:52:51', NULL),
(328, 293, 58, NULL, 11000, 0, 0, 0, 1, NULL, NULL, 11000, '2025-07-13 06:34:41', '2025-07-13 06:34:41', NULL),
(329, 294, 58, NULL, 11000, 0, 0, 0, 1, NULL, NULL, 11000, '2025-07-13 06:40:35', '2025-07-13 06:40:35', NULL),
(330, 295, 58, NULL, 2000, 0, 0, 0, 1, NULL, NULL, 2000, '2025-07-13 06:55:53', '2025-07-13 06:55:53', NULL),
(331, 296, 66, 203, 68607000, 0, 0, 0, 1, 138, NULL, 68607000, '2025-07-13 08:58:11', '2025-07-13 08:58:11', NULL),
(332, 297, 66, 203, 68607000, 0, 0, 0, 1, 138, NULL, 68607000, '2025-07-13 09:01:34', '2025-07-13 09:01:34', NULL),
(333, 298, 39, 94, 81433000, 0, 0, 0, 1, 138, NULL, 81433000, '2025-07-13 13:20:58', '2025-07-13 13:20:58', NULL),
(334, 298, 42, 106, 32912000, 0, 0, 0, 2, 138, NULL, 65824000, '2025-07-13 13:20:58', '2025-07-13 13:20:58', NULL),
(335, 299, 39, 94, 81433000, 0, 0, 0, 1, 138, NULL, 81433000, '2025-07-13 13:23:52', '2025-07-13 13:23:52', NULL),
(336, 299, 42, 106, 32912000, 0, 0, 0, 2, 138, NULL, 65824000, '2025-07-13 13:23:52', '2025-07-13 13:23:52', NULL),
(337, 300, 73, 207, 54450000, 0, 0, 0, 1, 138, NULL, 54450000, '2025-07-14 07:23:42', '2025-07-14 07:23:42', NULL),
(338, 300, 44, 114, 24805000, 0, 0, 0, 1, 138, NULL, 24805000, '2025-07-14 07:23:42', '2025-07-14 07:23:42', NULL),
(339, 301, 73, 207, 54450000, 0, 0, 0, 1, 138, NULL, 54450000, '2025-07-14 07:26:42', '2025-07-14 07:26:42', NULL),
(340, 301, 44, 114, 24805000, 0, 0, 0, 1, 138, NULL, 24805000, '2025-07-14 07:26:42', '2025-07-14 07:26:42', NULL),
(341, 302, 31, 60, 41140000, 0, 0, 0, 1, 138, NULL, 41140000, '2025-07-14 07:31:16', '2025-07-14 07:31:16', NULL),
(342, 302, 24, 30, 30855000, 0, 0, 0, 1, 138, NULL, 30855000, '2025-07-14 07:31:16', '2025-07-14 07:31:16', NULL),
(343, 303, 37, 86, 65098000, 0, 0, 0, 1, 138, NULL, 65098000, '2025-07-14 07:48:46', '2025-07-14 07:48:46', NULL),
(344, 304, 37, 86, 65098000, 0, 0, 0, 1, 138, NULL, 65098000, '2025-07-14 08:03:16', '2025-07-14 08:03:16', NULL),
(345, 305, 27, 43, 66308000, 0, 0, 0, 1, 140, NULL, 66308000, '2025-07-14 08:10:49', '2025-07-14 08:10:49', NULL),
(346, 306, 65, 197, 35937000, 0, 0, 0, 1, 138, NULL, 35937000, '2025-07-14 08:35:50', '2025-07-14 08:35:50', NULL),
(347, 307, 65, 197, 35937000, 0, 0, 0, 1, 138, NULL, 35937000, '2025-07-14 08:36:00', '2025-07-14 12:58:35', '2025-07-14 12:58:35'),
(348, 308, 58, NULL, 2000, 0, 0, 0, 2, NULL, NULL, 4000, '2025-07-14 09:27:09', '2025-07-14 09:27:09', NULL),
(349, 309, 58, NULL, 2000, 0, 0, 0, 2, NULL, NULL, 4000, '2025-07-14 09:42:33', '2025-07-14 09:42:33', NULL),
(350, 310, 61, 181, 47190000, 0, 0, 0, 1, 138, NULL, 47190000, '2025-07-14 10:19:45', '2025-07-14 10:19:45', NULL),
(351, 310, 62, 184, 56265000, 0, 0, 0, 1, 140, NULL, 56265000, '2025-07-14 10:19:45', '2025-07-14 10:19:45', NULL),
(352, 310, 64, 192, 88935000, 0, 0, 0, 1, 138, NULL, 88935000, '2025-07-14 10:19:45', '2025-07-14 10:19:45', NULL),
(353, 311, 39, 94, 81433000, 0, 0, 0, 1, 138, NULL, 81433000, '2025-07-14 14:47:54', '2025-07-14 14:47:54', NULL),
(354, 312, 25, 35, 81433000, 0, 0, 0, 1, 140, NULL, 81433000, '2025-07-14 19:37:36', '2025-07-14 19:37:36', NULL),
(355, 313, 73, 207, 54450000, 0, 0, 0, 1, 138, NULL, 54450000, '2025-07-15 06:47:15', '2025-07-15 06:47:15', NULL),
(356, 313, 66, 203, 68607000, 0, 0, 0, 1, 138, NULL, 68607000, '2025-07-15 06:47:15', '2025-07-15 06:47:15', NULL),
(357, 314, 25, 35, 82643000, 0, 0, 0, 1, 140, NULL, 82643000, '2025-07-15 07:20:26', '2025-07-15 07:20:26', NULL),
(358, 314, 73, 207, 54450000, 0, 0, 0, 1, 138, NULL, 54450000, '2025-07-15 07:20:26', '2025-07-15 07:20:26', NULL),
(359, 313, 56, 162, 24805000, 0, 0, 0, 1, 138, NULL, 32428000, '2025-07-15 07:23:15', '2025-07-15 07:23:15', NULL),
(360, 316, 70, NULL, 65000000, 0, 0, 0, 1, NULL, NULL, 65000000, '2025-07-15 07:52:48', '2025-07-15 07:52:48', NULL),
(361, 317, 34, 74, 43197000, 0, 0, 0, 1, 138, NULL, 43197000, '2025-07-15 14:46:45', '2025-07-15 14:46:45', NULL),
(362, 318, 36, 83, 44880000, 0, 0, 0, 1, 140, NULL, 44880000, '2025-07-15 16:25:16', '2025-07-15 16:25:16', NULL),
(363, 319, 36, 83, 44880000, 0, 0, 0, 1, 140, NULL, 44880000, '2025-07-15 16:27:45', '2025-07-15 16:27:45', NULL),
(364, 320, 39, 95, 82643000, 0, 0, 0, 1, 140, NULL, 82643000, '2025-07-16 07:29:25', '2025-07-16 07:29:25', NULL),
(365, 320, 42, 107, 33517000, 0, 0, 0, 2, 140, NULL, 67034000, '2025-07-16 07:29:25', '2025-07-16 07:29:25', NULL),
(366, 321, 39, 95, 82643000, 0, 0, 0, 1, 140, NULL, 82643000, '2025-07-16 07:33:33', '2025-07-16 07:33:33', NULL),
(367, 321, 42, 107, 33517000, 0, 0, 0, 2, 140, NULL, 67034000, '2025-07-16 07:33:33', '2025-07-16 07:33:33', NULL),
(368, 322, 39, 95, 82643000, 0, 0, 0, 1, 140, NULL, 82643000, '2025-07-16 07:39:04', '2025-07-16 07:39:04', NULL),
(369, 322, 42, 107, 33517000, 0, 0, 0, 2, 140, NULL, 67034000, '2025-07-16 07:39:04', '2025-07-16 07:39:04', NULL),
(370, 323, 39, 95, 82643000, 0, 0, 0, 1, 140, NULL, 82643000, '2025-07-16 07:40:57', '2025-07-21 07:06:24', '2025-07-21 07:06:24'),
(371, 323, 42, 107, 33517000, 0, 0, 0, 2, 140, NULL, 67034000, '2025-07-16 07:40:57', '2025-07-21 07:06:24', '2025-07-21 07:06:24'),
(372, 324, 40, 98, 30855000, 0, 0, 0, 1, 138, NULL, 30855000, '2025-07-16 08:20:24', '2025-07-19 05:48:26', '2025-07-19 05:48:26'),
(373, 325, 40, 98, 30855000, 0, 0, 0, 1, 138, NULL, 30855000, '2025-07-16 08:38:22', '2025-07-19 05:48:52', '2025-07-19 05:48:52'),
(374, 326, 40, 98, 30855000, 0, 0, 0, 1, 138, NULL, 30855000, '2025-07-16 08:39:23', '2025-07-19 05:49:44', '2025-07-19 05:49:44'),
(375, 327, 40, 98, 30855000, 0, 0, 0, 1, 138, NULL, 30855000, '2025-07-16 08:56:16', '2025-07-16 08:56:16', NULL),
(376, 328, 66, 203, 68607000, 0, 0, 0, 1, 138, NULL, 68607000, '2025-07-16 09:38:30', '2025-07-19 05:47:38', '2025-07-19 05:47:38'),
(377, 329, 54, 154, 32912000, 0, 0, 0, 1, 138, NULL, 32912000, '2025-07-16 09:54:41', '2025-07-16 09:54:41', NULL),
(378, 330, 39, 95, 82643000, 0, 0, 0, 1, 140, NULL, 82643000, '2025-07-16 09:59:29', '2025-07-16 13:27:56', '2025-07-16 13:27:56'),
(379, 330, 42, 107, 33517000, 0, 0, 0, 2, 140, NULL, 67034000, '2025-07-16 09:59:29', '2025-07-16 13:27:56', '2025-07-16 13:27:56'),
(380, 331, 68, NULL, 82643000, 0, 0, 0, 1, NULL, NULL, 82643000, '2025-07-16 13:01:47', '2025-07-16 13:01:47', NULL),
(381, 331, 70, NULL, 67357000, 0, 0, 0, 1, NULL, NULL, 67357000, '2025-07-16 13:01:47', '2025-07-16 13:01:47', NULL),
(382, 332, 21, 17, 33517000, 0, 0, 0, 1, 140, NULL, 33517000, '2025-07-16 15:19:07', '2025-07-16 15:19:07', NULL),
(383, 333, 66, 203, 68607000, 0, 0, 0, 1, 138, NULL, 68607000, '2025-07-16 17:36:58', '2025-07-16 17:36:58', NULL),
(384, 333, 50, 139, 68365000, 0, 0, 0, 1, 140, NULL, 68365000, '2025-07-16 17:36:58', '2025-07-16 17:36:58', NULL),
(385, 334, 66, 203, 68607000, 0, 0, 0, 1, 138, NULL, 68607000, '2025-07-16 17:47:31', '2025-07-16 17:47:31', NULL),
(386, 334, 56, 162, 24805000, 0, 0, 0, 1, 138, NULL, 24805000, '2025-07-16 17:47:31', '2025-07-16 17:47:31', NULL),
(387, 335, 37, 86, 65098000, 0, 0, 0, 1, 138, NULL, 65098000, '2025-07-17 06:07:27', '2025-07-17 06:07:27', NULL),
(388, 335, 66, 203, 68607000, 0, 0, 0, 1, 138, NULL, 68607000, '2025-07-17 06:07:27', '2025-07-17 06:07:27', NULL),
(389, 335, 20, 12, 24805000, 0, 0, 0, 1, 138, NULL, 24805000, '2025-07-17 06:07:27', '2025-07-17 06:07:27', NULL),
(390, 336, 66, 203, 68607000, 0, 0, 0, 2, 138, NULL, 137214000, '2025-07-17 07:05:34', '2025-07-17 07:05:34', NULL),
(391, 337, 61, 181, 47190000, 0, 0, 0, 1, 138, NULL, 47190000, '2025-07-17 07:23:38', '2025-07-17 07:23:38', NULL),
(392, 338, 51, 142, 81433000, 0, 0, 0, 1, 138, NULL, 81433000, '2025-07-17 09:36:53', '2025-07-17 09:36:53', NULL),
(393, 338, 42, 106, 32912000, 0, 0, 0, 2, 138, NULL, 65824000, '2025-07-17 09:36:53', '2025-07-17 09:36:53', NULL),
(394, 339, 51, 142, 81433000, 0, 0, 0, 1, 138, NULL, 81433000, '2025-07-17 09:39:31', '2025-07-17 09:39:31', NULL),
(395, 339, 42, 106, 32912000, 0, 0, 0, 2, 138, NULL, 65824000, '2025-07-17 09:39:31', '2025-07-17 09:39:31', NULL),
(396, 340, 42, 106, 32912000, 0, 0, 0, 2, 138, NULL, 65824000, '2025-07-17 10:10:53', '2025-07-17 10:10:53', NULL),
(397, 340, 39, 94, 81433000, 0, 0, 0, 1, 138, NULL, 81433000, '2025-07-17 10:10:53', '2025-07-17 10:10:53', NULL),
(398, 341, 42, 106, 32912000, 0, 0, 0, 2, 138, NULL, 65824000, '2025-07-17 10:11:52', '2025-07-17 10:11:52', NULL),
(399, 341, 39, 94, 81433000, 0, 0, 0, 1, 138, NULL, 81433000, '2025-07-17 10:11:52', '2025-07-17 10:11:52', NULL),
(400, 342, 42, 106, 32912000, 0, 0, 0, 2, 138, NULL, 65824000, '2025-07-19 07:45:36', '2025-07-19 07:45:36', NULL),
(401, 342, 39, 94, 81433000, 0, 0, 0, 1, 138, NULL, 81433000, '2025-07-19 07:45:36', '2025-07-19 07:45:36', NULL),
(402, 343, 63, 189, 73205000, 0, 0, 0, 1, 138, NULL, 73205000, '2025-07-19 09:12:17', '2025-07-19 09:12:17', NULL),
(403, 345, 39, 94, 81433000, 0, 0, 0, 1, 138, NULL, 81433000, '2025-07-19 14:56:50', '2025-07-19 14:56:50', NULL),
(404, 346, 70, NULL, 6936930, 0, 0, 0, 1, NULL, NULL, 6936930, '2025-07-20 06:11:38', '2025-07-21 05:56:52', '2025-07-21 05:56:52'),
(405, 347, 66, 203, 68607000, 0, 0, 0, 1, 138, NULL, 68607000, '2025-07-20 06:41:01', '2025-07-20 06:41:01', NULL),
(406, 348, 66, 203, 68607000, 0, 0, 0, 1, 138, NULL, 68607000, '2025-07-20 06:56:32', '2025-07-20 06:56:32', NULL),
(407, 349, 64, 192, 88935000, 0, 0, 0, 1, 138, NULL, 88935000, '2025-07-20 08:18:18', '2025-07-20 08:18:18', NULL),
(408, 350, 73, 207, 54450000, 0, 0, 0, 1, 138, NULL, 54450000, '2025-07-20 11:10:46', '2025-07-20 11:10:46', NULL),
(409, 350, 20, 12, 24805000, 0, 0, 0, 1, 138, NULL, 24805000, '2025-07-20 11:10:46', '2025-07-20 11:10:46', NULL),
(410, 351, 25, 35, 82643000, 0, 0, 0, 1, 140, NULL, 82643000, '2025-07-20 11:58:53', '2025-07-20 11:58:53', NULL),
(411, 351, 66, 203, 68607000, 0, 0, 0, 1, 138, NULL, 68607000, '2025-07-20 11:58:53', '2025-07-20 11:58:53', NULL),
(412, 352, 42, 106, 32912000, 0, 0, 0, 2, 138, NULL, 65824000, '2025-07-20 14:31:39', '2025-07-20 14:31:39', NULL),
(413, 352, 39, 94, 81433000, 0, 0, 0, 1, 138, NULL, 81433000, '2025-07-20 14:31:39', '2025-07-20 14:31:39', NULL),
(414, 353, 39, 95, 82643000, 0, 0, 0, 1, 140, NULL, 82643000, '2025-07-20 14:53:10', '2025-07-20 14:53:10', NULL),
(415, 354, 42, 107, 33517000, 0, 0, 0, 2, 140, NULL, 67034000, '2025-07-20 15:10:08', '2025-07-20 15:10:08', NULL),
(416, 354, 39, 95, 82643000, 0, 0, 0, 1, 140, NULL, 82643000, '2025-07-20 15:10:08', '2025-07-20 15:10:08', NULL),
(417, 355, 25, 35, 81433000, 0, 0, 0, 1, 140, NULL, 81433000, '2025-07-20 21:47:00', '2025-07-20 21:47:00', NULL),
(418, 356, 65, 197, 35937000, 0, 0, 0, 1, 138, NULL, 35937000, '2025-07-21 06:53:43', '2025-07-21 06:54:22', '2025-07-21 06:54:22'),
(419, 357, 39, 95, 82643000, 0, 0, 0, 1, 140, NULL, 82643000, '2025-07-21 07:06:33', '2025-07-21 07:06:33', NULL),
(420, 357, 42, 107, 33517000, 0, 0, 0, 2, 140, NULL, 67034000, '2025-07-21 07:06:33', '2025-07-21 07:06:33', NULL),
(421, 358, 74, NULL, 45375000, 0, 0, 0, 1, NULL, NULL, 45375000, '2025-07-21 07:13:08', '2025-07-21 07:13:08', NULL),
(422, 359, 35, 78, 51304000, 0, 0, 0, 1, 138, NULL, 51304000, '2025-07-21 07:15:19', '2025-07-21 07:15:19', NULL),
(423, 360, 35, 78, 51304000, 0, 0, 0, 1, 138, NULL, 51304000, '2025-07-21 07:19:45', '2025-07-21 07:19:45', NULL),
(424, 362, 47, 126, 51304000, 0, 0, 0, 1, 138, NULL, 51304000, '2025-07-21 07:28:26', '2025-07-21 07:28:26', NULL),
(425, 363, 73, NULL, 54450000, 0, 0, 0, 1, NULL, NULL, 54450000, '2025-07-21 08:02:45', '2025-07-21 08:02:45', NULL),
(426, 364, 45, 119, 41866000, 0, 0, 0, 1, 140, NULL, 41866000, '2025-07-21 08:41:40', '2025-07-21 08:41:40', NULL),
(427, 365, 66, 203, 68607000, 0, 0, 0, 1, 138, NULL, 68607000, '2025-07-21 09:02:02', '2025-07-21 09:02:02', NULL),
(428, 365, 30, 66, 43923000, 0, 0, 0, 1, 140, NULL, 43923000, '2025-07-21 09:02:02', '2025-07-21 09:02:02', NULL);
INSERT INTO `order_items` (`id`, `order_id`, `product_id`, `variation_id`, `product_price`, `tax`, `discount`, `option_price`, `quantity`, `color_id`, `option_ids`, `subtotal`, `created_at`, `updated_at`, `deleted_at`) VALUES
(429, 366, 65, 196, 36542000, 0, 0, 0, 1, 140, NULL, 36542000, '2025-07-22 07:15:07', '2025-07-22 07:15:07', NULL),
(430, 366, 64, 192, 88935000, 0, 0, 0, 1, 138, NULL, 88935000, '2025-07-22 07:15:07', '2025-07-22 07:15:07', NULL),
(431, 367, 65, 196, 36542000, 0, 0, 0, 1, 140, NULL, 36542000, '2025-07-22 07:15:22', '2025-07-22 07:15:22', NULL),
(432, 367, 64, 192, 88935000, 0, 0, 0, 1, 138, NULL, 88935000, '2025-07-22 07:15:22', '2025-07-22 07:15:22', NULL),
(433, 368, 26, 38, 67155000, 0, 0, 0, 1, 138, NULL, 67155000, '2025-07-26 10:31:41', '2025-07-26 10:31:41', NULL),
(434, 369, 26, 38, 67155000, 0, 0, 0, 1, 138, NULL, 67155000, '2025-07-26 10:35:01', '2025-07-26 10:35:01', NULL),
(435, 370, 62, 185, 55539000, 0, 0, 0, 1, 138, NULL, 55539000, '2025-07-27 07:21:54', '2025-07-27 07:21:54', NULL),
(436, 371, 20, 13, 25410000, 0, 0, 0, 1, 140, NULL, 25410000, '2025-07-27 07:57:04', '2025-07-27 07:57:04', NULL),
(437, 372, 40, 99, 31460000, 0, 0, 0, 1, 140, NULL, 31460000, '2025-08-09 11:30:24', '2025-08-09 11:30:24', NULL);

-- --------------------------------------------------------

--
-- Table structure for table `order_limit_config`
--

CREATE TABLE `order_limit_config` (
  `id` int(11) NOT NULL,
  `count` int(11) NOT NULL DEFAULT 0,
  `day` int(11) NOT NULL DEFAULT 0,
  `is_active` int(11) NOT NULL DEFAULT 1,
  `created_at` timestamp NOT NULL DEFAULT current_timestamp(),
  `updated_at` timestamp NOT NULL DEFAULT current_timestamp()
) ENGINE=InnoDB DEFAULT CHARSET=utf8mb4 COLLATE=utf8mb4_general_ci;

--
-- Dumping data for table `order_limit_config`
--

INSERT INTO `order_limit_config` (`id`, `count`, `day`, `is_active`, `created_at`, `updated_at`) VALUES
(1, 10000, 1, 0, '2022-10-08 11:38:43', '2025-07-07 08:50:03');

-- --------------------------------------------------------

--
-- Table structure for table `order_status`
--

CREATE TABLE `order_status` (
  `id` int(11) NOT NULL,
  `title` varchar(255) NOT NULL,
  `created_at` timestamp NOT NULL DEFAULT current_timestamp(),
  `updated_at` timestamp NOT NULL DEFAULT current_timestamp()
) ENGINE=InnoDB DEFAULT CHARSET=utf8mb4 COLLATE=utf8mb4_general_ci;

--
-- Dumping data for table `order_status`
--

INSERT INTO `order_status` (`id`, `title`, `created_at`, `updated_at`) VALUES
(0, 'در انتظار تسویه حساب', '2023-01-09 12:01:09', '2023-01-09 12:01:09'),
(1, 'در انتظار پرداخت', '2022-09-01 05:44:49', '2022-09-01 05:44:49'),
(2, 'پرداخت شده', '2022-09-01 05:44:49', '2022-09-01 05:44:49'),
(3, 'لغو شده', '2022-09-01 05:45:05', '2022-09-01 05:45:05'),
(4, 'ارسال شده', '2022-09-01 05:45:19', '2022-09-01 05:45:19'),
(5, 'در حال پردازش', '2022-09-01 05:45:46', '2022-09-01 05:45:46'),
(6, 'آماده ارسال', '2022-09-01 05:45:46', '2022-09-01 05:45:46'),
(7, 'منقضی شده', '2023-05-10 10:13:40', '2023-05-10 10:13:40');

-- --------------------------------------------------------

--
-- Table structure for table `pages`
--

CREATE TABLE `pages` (
  `id` int(11) NOT NULL,
  `title` varchar(255) NOT NULL,
  `image` varchar(255) DEFAULT NULL,
  `alias` varchar(255) DEFAULT NULL,
  `banner_is_active` int(11) NOT NULL DEFAULT 1,
  `priority` int(11) NOT NULL DEFAULT 1,
  `description` text DEFAULT NULL,
  `created_at` timestamp NOT NULL DEFAULT current_timestamp(),
  `updated_at` timestamp NULL DEFAULT NULL
) ENGINE=InnoDB DEFAULT CHARSET=utf8mb4 COLLATE=utf8mb4_general_ci;

--
-- Dumping data for table `pages`
--

INSERT INTO `pages` (`id`, `title`, `image`, `alias`, `banner_is_active`, `priority`, `description`, `created_at`, `updated_at`) VALUES
(1, 'محصولات', '2023_5_13_13_28_9_525322_T2.jpg', 'محصولات', 0, 3, NULL, '2022-11-26 15:54:59', '2024-07-24 13:09:21'),
(2, 'خدمات پس از فروش', '2023_8_20_13_30_41_759529_AH.jpg', 'خدمات_پس_از_فروش', 1, 1, '<p style=\"text-align:justify\">زمانی که جرقه شکل گیری برند مکسن زده شد، تیم مکسن &quot;تولید محصولات با کیفیت و در عین حال مقرون به صرفه&quot; را بعنوان رسالت خود برگزیدند! اما برای عملی شدن این رویکرد قدم&zwnj;های بزرگی بایستی برداشته می&zwnj;شد و زیرساخت&zwnj;ها و پیش نیازهای مهمی مهیا می&zwnj;شد که مهمترین آنها شکل گیری &quot;خدمات مشتریان&quot; و &quot;خدمات پس از فروش&quot; مکسن بود که دست در دست هم پشتوانه تیم&zwnj;های تولید و فروش مکسن نیز باشند تا تجربه خرید از مکسن برای مخاطب بتواند به بهترین شکل رقم بخورد. مکسن فقط به دنبال فروش محصول خود به مخاطب نیست و می&zwnj;خواهد که روی سبک زندگی انسان&zwnj;ها تاثیر بگذارد و بخشی از تجربه زندگی روزانه آنها باشد، از همین رو در تمامی مراحل خرید سعی می&zwnj;کند برای انتخاب &quot;بهترین&quot; همراه مخاطب باشد و در دوران پس از خرید هم با خدمات تخصصی در کنار مشتری باشد و خیال ایشان را برای سالها از بابت انتخاب مکسن راحت کند. برای شکل گیری تیمی با این مشخصات هم وقت زیادی صرف گزینش و آموزش نیروهایی شده که بتوانند به بهترین نحو این امر را عملی نمایند تا مخاطب بتواند با اتکا بر کیفیت محصول و اطمینان به خدمات پس از فروش آن با آسودگی خاطر اقدام به خرید نماید. تیم خدمات مشتریان و خدمات پس از فروش مکسن در تمامی مراحل همراه شما هستند و از طریق شماره پشتیبانی 021 &ndash; 58736 برای کسب اطلاع از محصولات مکسن و یا رفع مشکلات و ارایه خدمات شما را همراهی می&zwnj;کنند و از مهمترین ویژگی&zwnj;های خدمات پس از فروش مکسن می&zwnj;توان به موارد زیر اشاره کرد:</p>\r\n\r\n<p style=\"text-align:justify\">&bull; 24 ماه دوره ضمانت رایگان</p>\r\n\r\n<p style=\"text-align:justify\">&bull; ارائه خدمات تعمیر رایگان</p>\r\n\r\n<p style=\"text-align:justify\">&bull; تعویض محصولات معیوب زیر 3 ماه (ذاتی اساسی)</p>\r\n\r\n<p style=\"text-align:justify\">&bull; تعویض محصولات با ایرادات تکراری</p>\r\n\r\n<p style=\"text-align:justify\">&bull; 10 سال پشتیبانی بی قید و شرط</p>\r\n\r\n<p style=\"text-align:justify\">&bull; نصب رایگان محصولات (ترجیحی، الزامی و ...)</p>\r\n\r\n<p style=\"text-align:justify\">&bull; نصب و تعمیر در دوره گارانتی</p>\r\n\r\n<p style=\"text-align:justify\">&bull; تعمیر در دوره تعهد</p>\r\n\r\n<p style=\"text-align:justify\"><strong>شماره پشتیبانی 58736 &ndash; 021</strong></p>', '2022-11-26 16:13:23', '2024-10-02 11:13:04'),
(3, 'آدرس سایت اصلی', '2023_8_20_13_41_5_452652_AH.jpg', 'آدرس_سایت_اصلی', 0, 2, NULL, '2022-12-26 18:06:58', '2024-07-24 13:10:56'),
(4, 'نمایندگی ها', '2023_8_20_13_52_11_430767_AH.jpg', 'نمایندگی_ها', 0, 4, NULL, '2022-12-26 18:07:54', '2024-07-24 13:11:53'),
(5, 'سوالات متداول', '2023_5_27_10_13_5_3471_1600500_-_PS.jpg', 'سوالات_متداول', 0, 6, NULL, '2022-12-26 18:08:26', '2024-07-24 13:12:22'),
(6, 'تماس با ما', '2023_8_21_15_1_20_258809_AH.jpg', 'تماس_با_ما', 0, 5, NULL, '2023-08-21 11:30:22', '2024-07-24 13:12:35'),
(7, 'درباره ما', '', 'درباره_ما', 1, 1, '<p style=\"text-align:justify\">از آغاز تاریخ بشر تا به امروز، حس کنجکاوی و جستجوگری است که انسان را به جلو پیش برده! تلاشی که هرگز متوقف نشده و هزاران سال است ادامه دارد و بسیاری از پیشرفت&zwnj;ها و اختراعات بشر نیز حاصل همین خلق و خوی است، تلاش&zwnj;هایی که نه فقط زندگی فردی که زندگی اجتماعی انسان&zwnj;ها را همواره تحت تاثیر قرار داده و کیفیت آنرا ارتقاع بخشیده است!تلویزیون در عین سادگی یکی از مهمترین اختراعات بشر به حساب میآید، چراکه در سبک زندگی امروزی بهانه&zwnj;ای است برای دور هم جمع شدن و وقت گذراندن با دوستان و نزدیکان، که تاثیر مستقیمی بر کیفیت زندگی اجتماعی انسان&zwnj;ها دارد. مکسن هم بر اساس همین الگوها شکل گرفته و نمایشی است از تلاش انسان&zwnj;ها در جستجوی پیشرفت و ترقی برای بهتر شدن سبک زندگی اجتماعی همگان!</p>\r\n\r\n<p style=\"text-align:justify\">مکسن از سال 1399 به عنوان مهم&zwnj;ترین زیرمجموعه شرکت صنعتی ویتانا فعالیت خود را با تولید طیف گسترده و متنوعی از تلویزیون&zwnj;ها با بالاترین کیفیت و استانداردهای جهانی آغاز کرده و ضمن استفاده از پیشرفته&zwnj;ترین تکنولوژی&zwnj;های روز دنیا، با شناخت کافی به نیازهای خانواده&zwnj;های ایرانی محصولاتی را عرضه میکند که در کنار قیمت مناسب، بالاترین و پیشرفته ترین امکانات را در رده خود دارا باشند، مکسن تلاش میکند روز به روز سهم خود را در بازار ایران افزایش دهد و با ارایه محصولات با کیفیت و خدمات پس از فروش، اعتماد به برند خود را گسترش دهد و در آینده نزدیک با محصولات متنوع دیگر حضور خود را در خانه ایرانیان بیشتر کند و تجربه زندگی بهتری را برای اجتماع بوجود آورد</p>', '2024-07-24 13:12:52', '2024-10-02 11:11:13'),
(8, 'بلاگ', '', 'بلاگ', 1, 1, '<p dir=\"RTL\" style=\"text-align:right\"><span style=\"font-size:11pt\"><span style=\"font-family:Calibri,sans-serif\"><strong><span style=\"font-size:18.0pt\"><span style=\"background-color:white\"><span style=\"font-family:&quot;Pelak&quot;,sans-serif\"><span style=\"color:#222222\">هیجان را بزرگتر تجربه کنید</span></span></span></span></strong></span></span></p>\r\n\r\n<p dir=\"RTL\" style=\"text-align:right\"><br />\r\n<span style=\"font-size:11pt\"><span style=\"font-family:Calibri,sans-serif\"><span dir=\"LTR\" style=\"font-size:14.0pt\"><span style=\"font-family:&quot;Arial&quot;,sans-serif\"><span style=\"color:#222222\"><span style=\"background-color:white\">&quot;</span></span></span></span><span style=\"font-size:14.0pt\"><span style=\"background-color:white\"><span style=\"font-family:&quot;Pelak&quot;,sans-serif\"><span style=\"color:#222222\">این فیلم رو باید تو سینما دید!&quot; اولین جمله&zwnj;ای که می&zwnj;شنویم یا بهش فکر می&zwnj;کنیم وقتی که تیزر یه فیلم جدید و هیجان انگیز رو می&zwnj;بینیم! اما خیلی وقتا به دلایل مختلفی مثل مشغله، ترافیک، شلوغی سینما و دلایل دیگه از این تصمیم&nbsp; منصرف می&zwnj;شیم و لذت تجربه فیلم مورد علاقمون روی پرده سینما رو از دست میدیم! تا پیش از این بایستی به دیدن اون فیلم&zwnj;ها در خانه با تلویزیون&zwnj;های نهایتا 40</span></span></span></span><span style=\"font-size:14.0pt\"><span style=\"background-color:white\"><span style=\"font-family:&quot;Pelak&quot;,sans-serif\"><span style=\"color:#222222\">،</span></span></span></span><span style=\"font-size:14.0pt\"><span style=\"background-color:white\"><span style=\"font-family:&quot;Pelak&quot;,sans-serif\"><span style=\"color:#222222\"> 50 اینچی اکتفا می&zwnj;کردیم ، اما حالا مکسن راهکار دیگری هم داره و بهترین&zwnj;های خانه و سینما رو برای شما به ارمغان میاره</span></span></span></span><span dir=\"LTR\" style=\"font-size:14.0pt\"><span style=\"background-color:white\"><span style=\"font-family:&quot;Arial&quot;,sans-serif\"><span style=\"color:#222222\">!</span></span></span></span><br />\r\n<span style=\"font-size:14.0pt\"><span style=\"background-color:white\"><span style=\"font-family:&quot;Pelak&quot;,sans-serif\"><span style=\"color:#222222\">تلویزیون&zwnj;های بزرگ مکسن در ابعاد 75، 86 و 98 اینچی با استانداردها وتکنولوژی&zwnj;های پیشرفته در تصویر و صدا&nbsp; که در سینماها وجود داره تجربه سینما را به خانه شما میارن و میتونید در آرامش و آسایش خانه هر وقت که خواستید پخش فیلم رو متوقف کنید، تلفنتون رو جواب بدید روی کاناپه لم بدید و بدون نگرانی از دست دادن قسمت مهمی از فیلم، هر میزان از نوشیدنی مورد علاقتون&nbsp; رو بنوشید و هر وقت که خواستید با فشردن یک دکمه دوباره در دنیایی از هیجان و زیبایی غرق بشید</span></span></span></span><span dir=\"LTR\" style=\"font-size:14.0pt\"><span style=\"background-color:white\"><span style=\"font-family:&quot;Arial&quot;,sans-serif\"><span style=\"color:#222222\">!</span></span></span></span></span></span></p>\r\n\r\n<p dir=\"RTL\" style=\"text-align:right\">&nbsp;</p>\r\n\r\n<p dir=\"RTL\" style=\"text-align:right\"><span style=\"font-size:11pt\"><span style=\"font-family:Calibri,sans-serif\"><span style=\"font-size:14.0pt\"><span style=\"background-color:white\"><span style=\"font-family:&quot;Pelak&quot;,sans-serif\"><span style=\"color:#222222\">البته که این تلویزیون&zwnj;ها فقط مختص تماشای فیلم نبوده و هیجان بازی&zwnj;های ویدیویی رو چند برابر می&zwnj;کنن یا برای افرادی که برای ورزش در خانه از ویدیوها و اپ&zwnj;های ورزشی استفاده می&zwnj;کنن تجربه&zwnj;ای متفاوت رو رقم میزنن و بسیاری کاربردها متفاوت دیگه که کیفیت فعالیت&zwnj;های عادی ما رو به شکل چشمگیری افزایش میدن بطوری که بعد از استفاده از تلویزیون&zwnj;های بزرگ مکسن دیگه نمی&zwnj;تونید سراغ تلویزیون&zwnj;های معمولی برید</span></span></span></span><span dir=\"LTR\" style=\"font-size:14.0pt\"><span style=\"background-color:white\"><span style=\"font-family:&quot;Arial&quot;,sans-serif\"><span style=\"color:#222222\">.</span></span></span></span></span></span></p>\r\n\r\n<p dir=\"RTL\" style=\"text-align:right\"><br />\r\n<span style=\"font-size:11pt\"><span style=\"font-family:Calibri,sans-serif\"><span style=\"font-size:14.0pt\"><span style=\"background-color:white\"><span style=\"font-family:&quot;Pelak&quot;,sans-serif\"><span style=\"color:#222222\">مکسن فعالیت خود را با تولید طیف گسترده و متنوعی از تلویزیون&zwnj;ها با کیفیت &nbsp;بالا و استانداردهای جهانی آغاز کرده و تلاش می&zwnj;کند ضمن استفاده از پیشرفته&zwnj;ترین تکنولوژی&zwnj;های روز دنیا، با شناخت کافی به نیازهای خانواده&zwnj;های ایرانی&nbsp; محصولاتی را عرضه میکند که در کنار قیمت مناسب، بالاترین و پیشرفته&zwnj;ترین امکانات را در رده خود دارا باشند، مکسن تلاش می&zwnj;کند روز به روز سهم خود را در بازار ایران افزایش دهد و با ارایه محصولات با کیفیت و خدمات مشتریان پس از فروش، اعتماد به برند خود را گسترش دهد و در آینده نزدیک با محصولات متنوع دیگر حضور خود را در خانه ایرانیان بیشتر کند و تجربه زندگی بهتری را برای اجتماع بوجود آورد</span></span></span></span><span dir=\"LTR\" style=\"font-size:14.0pt\"><span style=\"background-color:white\"><span style=\"font-family:&quot;Arial&quot;,sans-serif\"><span style=\"color:#222222\">.</span></span></span></span></span></span></p>\r\n\r\n<p dir=\"RTL\" style=\"text-align:right\"><span style=\"font-size:11pt\"><span style=\"font-family:Calibri,sans-serif\"><span style=\"font-size:14.0pt\"><span style=\"background-color:white\"><span style=\"font-family:&quot;Pelak&quot;,sans-serif\"><span style=\"color:#222222\">با ما همراه باشید.</span></span></span></span></span></span></p>\r\n\r\n<p dir=\"RTL\" style=\"text-align:right\"><span style=\"font-size:11pt\"><span style=\"font-family:Calibri,sans-serif\"><span style=\"font-size:14.0pt\"><span style=\"background-color:white\"><span style=\"font-family:&quot;Pelak&quot;,sans-serif\"><span style=\"color:#222222\">شماره پشتیبانی:&nbsp; </span></span></span></span><span dir=\"LTR\" style=\"font-size:14.0pt\"><span style=\"background-color:white\"><span style=\"font-family:&quot;Arial&quot;,sans-serif\"><span style=\"color:#222222\">021-58736</span></span></span></span></span></span></p>', '2024-07-24 13:13:10', '2024-10-02 05:40:16'),
(9, 'سوالات رایج', '', 'سوالات_رایج', 1, 1, '<ul>\r\n	<li>​​​​​​<span style=\"font-size:16px\"><strong>مدت زمان ضمانت رایگان مکسن چقدر است؟</strong></span></li>\r\n</ul>\r\n\r\n<p>&nbsp;</p>\r\n\r\n<p>24 ماه</p>\r\n\r\n<p>&nbsp;</p>\r\n\r\n<ul>\r\n	<li><strong>ب<span style=\"font-size:14px\">رای نصب رایگان تلویزیون&zwnj;های مکسن از چه طریقی اقدام کنیم؟</span></strong></li>\r\n</ul>\r\n\r\n<p>&nbsp;</p>\r\n\r\n<p>برای نصب و راه اندازی تلویزیون های مکسن با شماره پشتیبانی خدمات پس از فروش مکسن تماس بگیرید:&nbsp;<strong>شماره پشتیبانی&nbsp;58736 &ndash; 021&nbsp;</strong></p>\r\n\r\n<p>&nbsp;</p>\r\n\r\n<ul>\r\n	<li><strong><span style=\"font-size:14px\">مدت زمان پشتیبانی مکسن چقدر است؟</span></strong></li>\r\n</ul>\r\n\r\n<p>&nbsp;</p>\r\n\r\n<p>10 سال پشتیبانی بی قید و شرط</p>\r\n\r\n<p>&nbsp;</p>\r\n\r\n<ul>\r\n	<li><span style=\"font-size:14px\"><strong>اگر محصول معیوب باشد چه اتفاقی خواهد افتاد؟</strong></span></li>\r\n</ul>\r\n\r\n<p>&nbsp;</p>\r\n\r\n<p>تمامی تلویزیون&zwnj;های مکسن در مرحله QC بررسی خواهند شد اما اگر محصولی مشکل ذاتی و اساسی داشته باشد به شرط زیر 3 ماه، تعویض محصول انجام خواهد شد.</p>\r\n\r\n<p>&nbsp;</p>\r\n\r\n<ul>\r\n	<li><span style=\"font-size:14px\"><strong>تنوع تلویزیون&zwnj;های مکسن از لحاظ اندازه چگونه است؟</strong></span></li>\r\n</ul>\r\n\r\n<p>&nbsp;</p>\r\n\r\n<p>تلویزیون های مکسن با ابعاد : 43 / 50 / 55 / 58 / 65 / 70 / 75 / 86 / 98 اینچ</p>\r\n\r\n<p>&nbsp;</p>\r\n\r\n<ul>\r\n	<li><span style=\"font-size:14px\"><strong>آیا مکسن تلویزیون&zwnj;هایی با تکنولوژی QLED دارد؟</strong></span></li>\r\n</ul>\r\n\r\n<p>&nbsp;</p>\r\n\r\n<p>بله برند مکسن تلویزیون&zwnj;هایی با تکنولوژی QLED دارد که تلویزیون&zwnj;های 55 و 65 اینچ مکسن با پنل LG نیز ارائه می&zwnj;شوند.</p>\r\n\r\n<p>&nbsp;</p>\r\n\r\n<ul>\r\n	<li><span style=\"font-size:14px\"><strong>برای گرفتن نمایندگی فروش از مکسن از چه طریق می&zwnj;توان اقدام کرد؟</strong></span></li>\r\n</ul>\r\n\r\n<p>&nbsp;</p>\r\n\r\n<p>شما می&zwnj;توانید با شماره :&nbsp; <strong>58247168&nbsp; -021</strong> دپارتمان فروش مکسن تماس بگیرید.</p>\r\n\r\n<p>&nbsp;</p>\r\n\r\n<p>&nbsp;</p>', '2024-07-24 13:13:26', '2024-10-12 09:43:43'),
(10, 'دانلود کاتالوگ', '', 'دانلود_کاتالوگ', 1, 1, NULL, '2024-07-24 13:14:11', '2024-10-02 11:47:04'),
(11, 'خبرنامه', NULL, 'خبرنامه', 1, 1, NULL, '2024-07-24 13:14:28', '2024-07-24 13:14:28'),
(12, 'مسئولیت اجتماعی', '', 'social_responsibility', 1, 1, '<p style=\"text-align:justify\">مکسن با استفاده از تجربیات گروه صنعتی ویتانا و توسط گروهی جوان شکل گرفته، جوانانی که در دوران زندگی خود تغییرات اقلیمی و گرمایش زمین را از نزدیک تجربه کرده&zwnj;اند و تاثیرات مخربی که انسانها و صنایع در بوجود آمدن این مشکل دارند را متوجه شده&zwnj;اند و نیاز به صنایع سبز و توجه به محیط زیست را یک ضرورت میدانند، ضرورتی که از ارکان شکل گیری مکسن است، از همین بابت است که مکسن در تلاش برای تولید محصولاتیست که کمترین میزان مصرف انرژی را داشته باشند، بعلاوه در تولید محصولاتش به تجزیه پذیری و قابلیت بازیافت اهمیت میدهد و در بسته بندی و ارایه محصولاتش نیز تجدیدپذیری را همواره در اولویت دارد و در بخشهای مختلف تولید و ارایه هم با مجموعه هایی همکاری میکند که به این امر بها داده و از این استانداردها برخوردار باشند، چراکه بدون اجماع و تعامل همگانی در مقابله با گرمایش زمین موفقیتی حاصل نخواهد شد و در این دوران حساس با انجام وظیفه فردی و گروهی، شاید بتوان الهام بخش دیگران نیز بود. ماموریت دیگری که مکسن در این راستا خود را به آن متعهد نموده گسترش فضای سبز و جنگلهای کشور است که بطور فعال این امر را دنبال میکند، همچنین کاشت نهال و گسترش درختکاری را در مناسبتهای مختلف و در قالب راهکاری جایگزین بعنوان بخشی از فرهنگ سازمانی خود برگزیده است تا به این ترتیب بتواند سهمی حتی کوچک در ادای دین به زمین داشته باشد و با قدم&zwnj;های اینچنینی به مسئولیت اجتماعی خود نسبت به تغییرات اقلیمی جامه عمل بپوشاند.</p>', '2024-10-02 09:01:44', '2024-10-02 11:17:52'),
(13, 'طرح نسیبا', '2025_5_12_10_6_49_809083_طرح_نسیبا.jpg', 'nasiba', 1, 1, '<p>متن تستی</p>', '2025-05-12 06:36:49', '2025-05-12 08:32:09'),
(14, 'کالانو', '2025_5_12_15_46_51_16970_طرح_کالانو.jpg', 'kalano', 1, 1, NULL, '2025-05-12 12:16:51', '2025-05-12 12:16:51'),
(15, 'آموزش', '', 'edu', 1, 1, '<p><a href=\"http://&lt;style&gt;.h_iframe-aparat_embed_frame{position:relative;}.h_iframe-aparat_embed_frame .ratio{display:block;width:100%;height:auto;}.h_iframe-aparat_embed_frame iframe{position:absolute;top:0;left:0;width:100%;height:100%;}&lt;/style&gt;&lt;div class=&quot;h_iframe-aparat_embed_frame&quot;&gt;&lt;span style=&quot;display: block;padding-top: 57%&quot;&gt;&lt;/span&gt;&lt;iframe src=&quot;https://www.aparat.com/video/video/embed/videohash/tsowyo7/vt/frame&quot;  allowFullScreen=&quot;true&quot; webkitallowfullscreen=&quot;true&quot; mozallowfullscreen=&quot;true&quot;&gt;&lt;/iframe&gt;&lt;/div&gt;\">http://&lt;style&gt;.h_iframe-aparat_embed_frame{position:relative;}.h_iframe-aparat_embed_frame .ratio{display:block;width:100%;height:auto;}.h_iframe-aparat_embed_frame iframe{position:absolute;top:0;left:0;width:100%;height:100%;}&lt;/style&gt;&lt;div class=&quot;h_iframe-aparat_embed_frame&quot;&gt;&lt;span style=&quot;display: block;padding-top: 57%&quot;&gt;&lt;/span&gt;&lt;iframe src=&quot;https://www.aparat.com/video/video/embed/videohash/tsowyo7/vt/frame&quot; allowFullScreen=&quot;true&quot; webkitallowfullscreen=&quot;true&quot; mozallowfullscreen=&quot;true&quot;&gt;&lt;/iframe&gt;&lt;/div&gt;</a></p>', '2025-05-19 06:20:07', '2025-05-19 06:26:34'),
(16, 'اطلاعات نمایندگان فروش اعتباری شرکت نیکسان', '2025_6_1_16_54_30_366564_map.png', 'credit-sales-niksun-co-rep-info', 1, 1, '<p>&nbsp;</p>\r\n\r\n<table border=\"1\" cellpadding=\"1\" cellspacing=\"1\" style=\"margin:0 auto\">\r\n	<tbody>\r\n		<tr>\r\n			<td>نام نماینده</td>\r\n			<td>استان</td>\r\n			<td>شهرستان</td>\r\n			<td>شماره ثابت</td>\r\n			<td>آدرس</td>\r\n		</tr>\r\n		<tr>\r\n			<td>لوازم خانگی راوی( محمد راوی کلوانق)</td>\r\n			<td>آذربایجان شرقی</td>\r\n			<td>هریس</td>\r\n			<td>04143445073</td>\r\n			<td>کلوانق -خیابان امام جنب مسجد جامع پلاک 52</td>\r\n		</tr>\r\n		<tr>\r\n			<td>بهراد همتی</td>\r\n			<td>آذربایجان شرقی</td>\r\n			<td>مرند</td>\r\n			<td>04142270727</td>\r\n			<td>&nbsp;چهار راه هفت تیر خیابان شریعتی پاساژ موذن طبقه همکف پلاک ۲۰</td>\r\n		</tr>\r\n		<tr>\r\n			<td>یوسف اسماعیلی</td>\r\n			<td>آذربایجان شرقی</td>\r\n			<td>هشترود</td>\r\n			<td>04152622664</td>\r\n			<td>خیابان امام-جنب بانک ملی-لوازم خانگی اسماعیلی</td>\r\n		</tr>\r\n		<tr>\r\n			<td>ابراهیم گلستانه</td>\r\n			<td>آذربایجان شرقی</td>\r\n			<td>ملکان</td>\r\n			<td>&nbsp;</td>\r\n			<td>ملکان ولیعصر 24متری فرهنگیان لوازم خانگی درسا</td>\r\n		</tr>\r\n		<tr>\r\n			<td>ناصر صمدزاده</td>\r\n			<td>آذربایجان شرقی</td>\r\n			<td>تبریز</td>\r\n			<td>&nbsp;</td>\r\n			<td>خیابان تربیت غربی -روبروی کوچه پست خانه قدیم - لوازم خانگی صمدزاده</td>\r\n		</tr>\r\n		<tr>\r\n			<td>رضا ناعمی</td>\r\n			<td>آذربایجان شرقی</td>\r\n			<td>مرند</td>\r\n			<td>&nbsp;</td>\r\n			<td>&nbsp;اول خ شریعتی - لوازم خانگی ناعمی پ 344</td>\r\n		</tr>\r\n		<tr>\r\n			<td>طه قربانی آذر</td>\r\n			<td>آذربایجان غربی</td>\r\n			<td>مهاباد</td>\r\n			<td>&nbsp;</td>\r\n			<td>خیابان جمهوری اسلامی بالاتر از چهاراه آزادی نرسیده به چهاراه مولوی</td>\r\n		</tr>\r\n		<tr>\r\n			<td>پیام نوراللهی</td>\r\n			<td>اردبیل</td>\r\n			<td>مشکین شهر</td>\r\n			<td>04532542480</td>\r\n			<td>&nbsp;پایین تر از میدان سبلان انتهای خیابان بهشتی فروشگاه پیمان</td>\r\n		</tr>\r\n		<tr>\r\n			<td>سید حامد رضا زاده</td>\r\n			<td>اردبیل</td>\r\n			<td>خلخال</td>\r\n			<td>&nbsp;</td>\r\n			<td>بازار کوچه منتظری خیابان الشریفی پلاک 0</td>\r\n		</tr>\r\n		<tr>\r\n			<td>احسان شهبازیان</td>\r\n			<td>اصفهان</td>\r\n			<td>کاشان</td>\r\n			<td>03155442001</td>\r\n			<td>کاشان خیابان مدرس نبش سیاست 12 مجتمع زاگرس بازرگانی شهبازیان</td>\r\n		</tr>\r\n		<tr>\r\n			<td>حسام جمالی</td>\r\n			<td>اصفهان</td>\r\n			<td>شهررضا</td>\r\n			<td>&nbsp;</td>\r\n			<td>خیابان ولیعصر شرقی ، بین فرعی 15 و 17 لوازم خانگی ایلیا</td>\r\n		</tr>\r\n		<tr>\r\n			<td>مطهره نادری صفا</td>\r\n			<td>اصفهان</td>\r\n			<td>آران و بیدگل</td>\r\n			<td>&nbsp;</td>\r\n			<td>&nbsp;بلوار عاملی نبش خیابان پاسداران فروشگاه نادری</td>\r\n		</tr>\r\n		<tr>\r\n			<td>محمد حسین فانی</td>\r\n			<td>اصفهان</td>\r\n			<td>قهدریجان</td>\r\n			<td>&nbsp;</td>\r\n			<td>خیابان امام رو به روی بانک ملت</td>\r\n		</tr>\r\n		<tr>\r\n			<td>محمد مولائی</td>\r\n			<td>البرز</td>\r\n			<td>نظرآباد</td>\r\n			<td>02645365301</td>\r\n			<td>میدان سپاه ، کوچه بشارت 2، مجتمع پارسا ، طبقه اول ، واحد 1</td>\r\n		</tr>\r\n		<tr>\r\n			<td>قدرت رادمنش</td>\r\n			<td>ایلام</td>\r\n			<td>دهلران</td>\r\n			<td>&nbsp;</td>\r\n			<td>میدان بسیج- خیابان جمهوری لوازم خانگی رادمنش</td>\r\n		</tr>\r\n		<tr>\r\n			<td>غلامرضا اسدی برازجان</td>\r\n			<td>بوشهر</td>\r\n			<td>برازجان</td>\r\n			<td>07734236082</td>\r\n			<td>خیابان شهید رجایی نبش کوچه23 لوازم خانگی اسدی</td>\r\n		</tr>\r\n		<tr>\r\n			<td>علیرضا مرادی</td>\r\n			<td>بوشهر</td>\r\n			<td>دیر</td>\r\n			<td>09999943798</td>\r\n			<td>بلوار شهید بهشتی جنب چاپخانه پاسارگاد</td>\r\n		</tr>\r\n		<tr>\r\n			<td>روح الله حیدری</td>\r\n			<td>بوشهر</td>\r\n			<td>اهرم</td>\r\n			<td>&nbsp;</td>\r\n			<td>خیابان انقلاب روبه روی تامین اجتماعی</td>\r\n		</tr>\r\n		<tr>\r\n			<td>امیر گستر تاو (زینت قاسمی پور)</td>\r\n			<td>تهران</td>\r\n			<td>تهران</td>\r\n			<td>02166839490</td>\r\n			<td>تهران- میدان حر- خیابان کمالی-- خیابان کاشان - پلاک 23</td>\r\n		</tr>\r\n		<tr>\r\n			<td>علی افراسیاب</td>\r\n			<td>تهران</td>\r\n			<td>تهران</td>\r\n			<td>02166627354</td>\r\n			<td>خیابان سی متری جی- خیابان شهید محمد بیدوا-خیابان شهید حسین زمانی- پلاک 10- طبقه همکف</td>\r\n		</tr>\r\n		<tr>\r\n			<td>عباس ادیبی</td>\r\n			<td>تهران</td>\r\n			<td>تهران</td>\r\n			<td>02133123500</td>\r\n			<td>سه راه امین حضور- کوچه شهید علیرضا جاویدی- خیابان امیرکبیر- پلاک 128- مجتمع میرزا محمود وزیر- طبقه -1 - واحد 12</td>\r\n		</tr>\r\n		<tr>\r\n			<td>(تیراژه تجارت ری) ابوالقاسم تویسرکان</td>\r\n			<td>تهران</td>\r\n			<td>تهران</td>\r\n			<td>02133390328</td>\r\n			<td>ری- دولت آباد- کوچه مسجد- خیابان علی اکبر دهخدا- پلاک 3</td>\r\n		</tr>\r\n		<tr>\r\n			<td>الزامات شیر استیر (قادر محمدی)</td>\r\n			<td>تهران</td>\r\n			<td>شهرگلستان</td>\r\n			<td>02156380980</td>\r\n			<td>&nbsp;بلوار غدیر- بین کوچه پیروزی و خیابان مدرسه سلطان آباد-پلاک492</td>\r\n		</tr>\r\n		<tr>\r\n			<td>ناصر غفاری</td>\r\n			<td>تهران</td>\r\n			<td>تهران</td>\r\n			<td>02177608329</td>\r\n			<td>میدان امام حسین &nbsp;خیابان مازندران &nbsp;پ 140</td>\r\n		</tr>\r\n		<tr>\r\n			<td>رضا پارسا</td>\r\n			<td>تهران</td>\r\n			<td>تهران</td>\r\n			<td>&nbsp;</td>\r\n			<td>امین حضور خیابان ری مجتمع تجاری مروارید طبقه منفی یک فروشگاه حمید رضا</td>\r\n		</tr>\r\n		<tr>\r\n			<td>پردازش بازار پویا (حامد امجدی ینگجه)</td>\r\n			<td>تهران</td>\r\n			<td>تهران</td>\r\n			<td>&nbsp;</td>\r\n			<td>&nbsp;پاسداران خیابان دولت بعد از چهارراه اختیاریه روبه روی خیابان محسنیان پلاک 119 واحد 5</td>\r\n		</tr>\r\n		<tr>\r\n			<td>فرهاد شاکریان قهفرخی</td>\r\n			<td>چهارمحال و بختیاری</td>\r\n			<td>فرخ شهر</td>\r\n			<td>03832423185</td>\r\n			<td>میدان انقلاب خیابان شهدا روبرو سینما فرهنگ نبش کوچه مطبوع</td>\r\n		</tr>\r\n		<tr>\r\n			<td>پرویز سلطانی&nbsp;</td>\r\n			<td>خراسان رضوی</td>\r\n			<td>نیشابور</td>\r\n			<td>05143343523</td>\r\n			<td>نیشابور خیابان ۱۵ خرداد نبش ک ۴۰</td>\r\n		</tr>\r\n		<tr>\r\n			<td>هيراد پخش توس (حامد عسگری نوغانی مقدم)</td>\r\n			<td>خراسان رضوی</td>\r\n			<td>مشهد</td>\r\n			<td>05137286100</td>\r\n			<td>آبکوه 23- پلاک 585- ساختمان کيانا</td>\r\n		</tr>\r\n		<tr>\r\n			<td>روح الله ابراهیمی</td>\r\n			<td>خراسان رضوی</td>\r\n			<td>خلیل آباد</td>\r\n			<td>05157724820</td>\r\n			<td>&nbsp;بلوار معلم نبش ۱۶ متری حافط</td>\r\n		</tr>\r\n		<tr>\r\n			<td>مهدی دهقانپور خادری</td>\r\n			<td>خراسان رضوی</td>\r\n			<td>مشهد</td>\r\n			<td>05137131335</td>\r\n			<td>میدان شهدا نبش دانشگاه یک هایپر خانگی ساریکا</td>\r\n		</tr>\r\n		<tr>\r\n			<td>اقتصاد بیدار الماس کاران مشهد (سعید جلالیان ملائی)</td>\r\n			<td>خراسان رضوی</td>\r\n			<td>مشهد</td>\r\n			<td>&nbsp;</td>\r\n			<td>بلوار کوشش کوشش 36 بازار امیر فاز 3 پلاک 56</td>\r\n		</tr>\r\n		<tr>\r\n			<td>زهرا کمالی</td>\r\n			<td>خراسان رضوی</td>\r\n			<td>نیشابور</td>\r\n			<td>&nbsp;</td>\r\n			<td>خیابان خاتم النبیین بین خاتم ۱۲ و ۱۴</td>\r\n		</tr>\r\n		<tr>\r\n			<td>محمدرضا معتمد اصل</td>\r\n			<td>خراسان رضوی</td>\r\n			<td>جغتای</td>\r\n			<td>&nbsp;</td>\r\n			<td>بلوار آر آزادگان ، نبش آزادگان 7</td>\r\n		</tr>\r\n		<tr>\r\n			<td>مسعود میرزایی</td>\r\n			<td>خراسان شمالی</td>\r\n			<td>بجنورد</td>\r\n			<td>05132229733</td>\r\n			<td>خ شهید بهشتی خ شهید قربانی پلاک ۷۷</td>\r\n		</tr>\r\n		<tr>\r\n			<td>ایوب گریباوی</td>\r\n			<td>خوزستان</td>\r\n			<td>اهواز</td>\r\n			<td>06133799114</td>\r\n			<td>کوی انقلاب- خیابان بنی هاشم- حد فاصل خیابان شهید هاتف و خیابان غزنوی</td>\r\n		</tr>\r\n		<tr>\r\n			<td>امینیان شاپ (سعید امینیان)</td>\r\n			<td>سمنان</td>\r\n			<td>دامغان</td>\r\n			<td>02335238765</td>\r\n			<td>باغ جنت نرسیده به میدانم فرهنگ پلاک 57</td>\r\n		</tr>\r\n		<tr>\r\n			<td>علیرضا اقیان</td>\r\n			<td>سمنان</td>\r\n			<td>مهدیشهر</td>\r\n			<td>02333642395</td>\r\n			<td>میدان ورزش بلوار کارگر جنب سایپا بازرگانی اقیان</td>\r\n		</tr>\r\n		<tr>\r\n			<td>مسیح علی نقیان</td>\r\n			<td>سمنان</td>\r\n			<td>شاهرود</td>\r\n			<td>02332244358</td>\r\n			<td>17 شهریور ، خیابان تخت جمشید ، خیابان 17 شهریور ، پلاک 94 ، طبقه همکف</td>\r\n		</tr>\r\n		<tr>\r\n			<td>بهزاد ایراجیان</td>\r\n			<td>سمنان</td>\r\n			<td>شاهرود</td>\r\n			<td>02332240639</td>\r\n			<td>&nbsp;خیابان تهران، خیابان 29 اسفند پلاک 66 جنب لوله و اتصالات شریفی فروشگاه لوازم خانگی بهسا</td>\r\n		</tr>\r\n		<tr>\r\n			<td>لوازم خانگی عدالت (محمد سعید رضائی اردکانی)</td>\r\n			<td>فارس</td>\r\n			<td>اردکان</td>\r\n			<td>07136721573</td>\r\n			<td>سپیدان -بلوار جهاد مجتمع تجاری مسکونی طبیعت طبقه همکف</td>\r\n		</tr>\r\n		<tr>\r\n			<td>علیرضا خالوئی</td>\r\n			<td>فارس</td>\r\n			<td>شیراز</td>\r\n			<td>0718326336</td>\r\n			<td>بزرگراه امام خمینی ابتدای گلشن روبروی پمپ بنزین جلالی</td>\r\n		</tr>\r\n		<tr>\r\n			<td>پیمان دمیری</td>\r\n			<td>فارس</td>\r\n			<td>نی ریز</td>\r\n			<td>07153840057</td>\r\n			<td>شهرستان نی&zwnj;ریز &nbsp;خیابان طالقانی روبروی بانک تجارت مجموعه لوازم خانگی دمیری</td>\r\n		</tr>\r\n		<tr>\r\n			<td>روح اله رمضانی فرد</td>\r\n			<td>فارس</td>\r\n			<td>داراب</td>\r\n			<td>07153523315</td>\r\n			<td>خیابان طالقانی از سمت ورودی آموزش پرورش جنب حسینیه هیأت الزهرا</td>\r\n		</tr>\r\n		<tr>\r\n			<td>عباس دیندارلو اینالو</td>\r\n			<td>فارس</td>\r\n			<td>داراب</td>\r\n			<td>&nbsp;</td>\r\n			<td>خیابان پیروزی زیر سه راه حاجی زاقی بعد از داروخانه منصوری لوازم خانگی مستر قسط دیندارلو</td>\r\n		</tr>\r\n		<tr>\r\n			<td>فروشگاه پایروند(رضا پایروند)</td>\r\n			<td>قزوین</td>\r\n			<td>قزوین</td>\r\n			<td>02833228509</td>\r\n			<td>قزوین خیابان پیغمبریه جنب مبلمان اداری پهلوانی فروشگاه پایروند</td>\r\n		</tr>\r\n		<tr>\r\n			<td>علی بیگدلی</td>\r\n			<td>قزوین</td>\r\n			<td>تاکستان</td>\r\n			<td>&nbsp;</td>\r\n			<td>خیابان موسی صدر جنب بازار امام رضا روبروی دیلی مارکت</td>\r\n		</tr>\r\n		<tr>\r\n			<td>ناژو فن آوا هیواد (ملیحه زرهون)</td>\r\n			<td>کرمانشاه</td>\r\n			<td>کرمانشاه</td>\r\n			<td>0833190</td>\r\n			<td>بلوار شهید کشوری روبروی ترمینال کاویانی جنب لرد ارا ساختمان پرشیلا</td>\r\n		</tr>\r\n		<tr>\r\n			<td>گیل تجارت نوین پاسارگاد</td>\r\n			<td>گیلان</td>\r\n			<td>رشت</td>\r\n			<td>01332342070</td>\r\n			<td>خیابان انقلاب ، روبروی بانک سپه، ساختمان 102، طبقه 2 ، واحد 5</td>\r\n		</tr>\r\n	</tbody>\r\n</table>\r\n\r\n<p>&nbsp;</p>', '2025-06-01 11:26:49', '2025-06-30 05:14:49');

-- --------------------------------------------------------

--
